000
CXUS55 KTWC 010855
CF6OLS
PRELIMINARY LOCAL CLIMATOLOGICAL DATA (WS FORM: F-6)
STATION: NOGALES AZ AIRPORT
MONTH: APRIL
YEAR: 2022
LATITUDE: 31 25 N
LONGITUDE: 110 51 W
TEMPERATURE IN F: :PCPN: SNOW: WIND :SUNSHINE: SKY :PK WND
================================================================================
1 2 3 4 5 6A 6B 7 8 9 10 11 12 13 14 15 16 17 18
12Z AVG MX 2MIN
DY MAX MIN AVG DEP HDD CDD WTR SNW DPTH SPD SPD DIR MIN PSBL S-S WX SPD DR
================================================================================
1 81 41 61 1 4 0 0.00 M M 4.6 17 200 M M 0 24 190
2 84 45 65 5 0 0 0.00 M M 7.5 21 220 M M 0 32 230
3 81 46 64 4 1 0 0.00 M M 7.5 21 220 M M 0 30 220
4 78 43 61 1 4 0 0.00 M M 5.2 17 260 M M 0 31 290
5 86 45 66 6 0 1 0.00 M M 5.4 16 290 M M 0 24 280
6 86 49 68 8 0 3 0.00 M M 6.4 18 320 M M 0 28 330
7 89 50 70 10 0 5 0.00 M M 8.4 18 20 M M 0 28 20
8 90 54 72 11 0 7 0.00 M M 5.9 23 120 M M 0 30 120
9 87 50 69 8 0 4 0.00 M M 10.4 25 220 M M 0 35 210
10 83 56 70 9 0 5 0.00 M M 14.4 26 230 M M 1 38 230
11 81 55 68 7 0 3 0.00 M M 16.4 29 200 M M 0 41 220
12 75 50 63 2 2 0 0.00 M M 15.0 25 220 M M 0 39 210
13 72 32 52 -9 13 0 0.00 M M 4.2 15 310 M M 0 25 290
14 83 36 60 -2 5 0 0.00 M M 4.6 16 280 M M 0 26 260
15 85 41 63 1 2 0 0.00 M M 5.2 17 210 M M 0 29 260
16 87 51 69 7 0 4 0.00 M M 6.9 21 220 M M 0 32 210
17 89 45 67 5 0 2 0.00 M M 3.4 13 270 M M 0 20 310
18 95 45 70 8 0 5 0.00 M M 4.3 16 260 M M M 25 320
19 91 55 73 11 0 8 0.00 M M 5.4 20 260 M M M 30 260
20 89 59 74 12 0 9 0.00 M M 10.0 23 220 M M M 39 220
21 89 50 70 7 0 5 0.00 M M 9.0 26 230 M M M 35 240
22 82 52 67 4 0 2 0.00 M M 13.0 32 190 M M M 46 220
23 78 42 60 -3 5 0 0.00 M M 4.4 15 220 M M M 24 280
24 80 42 61 -2 4 0 0.00 M M 5.2 16 290 M M M 23 300
25 89 43 66 2 0 1 0.00 M M 3.7 16 170 M M 0 22 160
26 92 51 72 8 0 7 0.00 M M 6.5 22 220 M M 0 30 190
27 87 50 69 5 0 4 0.00 M M 9.8 25 210 M M 0 38 210
28 85 47 66 2 0 1 0.00 M M 10.2 25 210 M M 0 36 200
29 83 42 63 -1 2 0 0.00 M M 4.6 14 280 M M 0 26 280
30 89 44 67 2 0 2 0.00 M M 4.6 15 210 M M 0 22 240
================================================================================
SM 2546 1411 42 78 0.00 M 222.1 M 1
================================================================================
AV 84.9 47.0 7.4 FASTST M M 0 MAX(MPH)
MISC ----> 32 190 46 220
================================================================================
NOTES:
# LAST OF SEVERAL OCCURRENCES
COLUMN 17 PEAK WIND IN M.P.H.
PRELIMINARY LOCAL CLIMATOLOGICAL DATA (WS FORM: F-6) , PAGE 2
STATION: NOGALES AZ AIRPORT
MONTH: APRIL
YEAR: 2022
LATITUDE: 31 25 N
LONGITUDE: 110 51 W
[TEMPERATURE DATA] [PRECIPITATION DATA] SYMBOLS USED IN COLUMN 16
AVERAGE MONTHLY: 66.0 TOTAL FOR MONTH: 0.00 1 = FOG OR MIST
DPTR FM NORMAL: 4.0 DPTR FM NORMAL: -0.28 2 = FOG REDUCING VISIBILITY
HIGHEST: 95 ON 18 GRTST 24HR 0.00 ON 1- 1 TO 1/4 MILE OR LESS
LOWEST: 32 ON 13 3 = THUNDER
SNOW, ICE PELLETS, HAIL 4 = ICE PELLETS
TOTAL MONTH: M 5 = HAIL
GRTST 24HR M ON M 6 = FREEZING RAIN OR DRIZZLE
GRTST DEPTH: M ON M 7 = DUSTSTORM OR SANDSTORM:
VSBY 1/2 MILE OR LESS
8 = SMOKE OR HAZE
[NO. OF DAYS WITH] [WEATHER - DAYS WITH] 9 = BLOWING SNOW
X = TORNADO
MAX 32 OR BELOW: 0 0.01 INCH OR MORE: 0
MAX 90 OR ABOVE: 4 0.10 INCH OR MORE: 0
MIN 32 OR BELOW: 1 0.50 INCH OR MORE: 0
MIN 0 OR BELOW: 0 1.00 INCH OR MORE: 0
[HDD (BASE 65) ]
TOTAL THIS MO. 42 CLEAR (SCALE 0-3) 23
DPTR FM NORMAL -78 PTCLDY (SCALE 4-7) 0
TOTAL FM JUL 1 1791 CLOUDY (SCALE 8-10) 7
DPTR FM NORMAL -225
[CDD (BASE 65) ]
TOTAL THIS MO. 78
DPTR FM NORMAL 51 [PRESSURE DATA]
TOTAL FM JAN 1 80 HIGHEST SLP M ON M
DPTR FM NORMAL 47 LOWEST SLP 29.65 ON 10
[REMARKS]
#FINAL-04-22#