000
CXUS55 KTWC 010855
CF6OLS
PRELIMINARY LOCAL CLIMATOLOGICAL DATA (WS FORM: F-6)
STATION: NOGALES AZ AIRPORT
MONTH: MARCH
YEAR: 2022
LATITUDE: 31 25 N
LONGITUDE: 110 51 W
TEMPERATURE IN F: :PCPN: SNOW: WIND :SUNSHINE: SKY :PK WND
================================================================================
1 2 3 4 5 6A 6B 7 8 9 10 11 12 13 14 15 16 17 18
12Z AVG MX 2MIN
DY MAX MIN AVG DEP HDD CDD WTR SNW DPTH SPD SPD DIR MIN PSBL S-S WX SPD DR
================================================================================
1 80 38 59 5 6 0 0.00 M M 3.7 15 250 M M 0 22 250
2 84 38 61 7 4 0 0.00 M M 2.7 13 290 M M 0 18 300
3 80 50 65 11 0 0 0.00 M M 8.9 20 170 M M 3 29 190
4 70 41 56 2 9 0 0.00 M M 15.1 37 210 M M 0 51 200
5 69 33 51 -4 14 0 0.00 M M 10.5 26 220 M M 0 36 220
6 60 34 47 -8 18 0 0.00 M M 4.8 16 220 M M 1 23 260
7 64 25 45 -10 20 0 0.00 M M 4.5 18 350 M M 0 27 330
8 63 26 45 -10 20 0 0.00 M M 4.7 15 50 M M 0 23 70
9 67 27 47 -8 18 0 0.00 M M 4.0 17 280 M M 0 28 270
10 69 32 51 -5 14 0 0.00 M M 10.3 28 220 M M 1 38 210
11 64 28 46 -10 19 0 T M M 6.7 18 340 M M 1 27 340
12 75 30 53 -3 12 0 0.00 M M 3.9 13 90 M M 0 24 60
13 75 32 54 -2 11 0 0.00 M M 5.3 20 250 M M 0 27 250
14 76 38 57 1 8 0 0.00 M M 5.0 16 260 M M 0 22 300
15 84 38 61 4 4 0 0.00 M M 3.5 13 290 M M 0 18 290
16 82 40 61 4 4 0 0.00 M M 6.7 26 240 M M 0 36 270
17 73 43 58 1 7 0 0.00 M M 7.8 18 300 M M 0 29 330
18 77 34 56 -1 9 0 0.00 M M 4.6 15 310 M M 0 25 320
19 81 34 58 0 7 0 0.00 M M 5.6 21 210 M M 0 24 220
20 72 44 58 0 7 0 0.20 M M 12.1 32 220 M M 3 1 43 220
21 64 41 53 -5 12 0 0.12 M M 6.1 18 320 M M 3 1 30 320
22 70 33 52 -6 13 0 0.00 M M 5.7 22 320 M M 0 32 320
23 72 41 57 -1 8 0 0.00 M M 10.9 24 60 M M 0 36 70
24 84 33 59 1 6 0 0.00 M M 5.1 16 310 M M 0 25 70
25 90 40 65 6 0 0 0.00 M M 4.1 12 230 M M 0 18 30
26 90 44 67 8 0 2 0.00 M M 5.2 18 210 M M 0 26 220
27 87 43 65 6 0 0 0.00 M M 7.2 21 220 M M 0 29 220
28 74 53 64 5 1 0 T M M 9.8 36 210 M M 4 52 220
29 63 41 52 -7 13 0 0.29 M M 10.1 31 200 M M 8 13 41 200
30 69 36 53 -6 12 0 0.00 M M 5.5 17 300 M M 1 26 300
31 77 40 59 -1 6 0 0.00 M M 4.6 16 250 M M 0 29 180
================================================================================
SM 2305 1150 282 2 0.61 M 204.7 M 25
================================================================================
AV 74.4 37.1 6.6 FASTST M M 1 MAX(MPH)
MISC ----> 37 210 52 220
================================================================================
NOTES:
# LAST OF SEVERAL OCCURRENCES
COLUMN 17 PEAK WIND IN M.P.H.
PRELIMINARY LOCAL CLIMATOLOGICAL DATA (WS FORM: F-6) , PAGE 2
STATION: NOGALES AZ AIRPORT
MONTH: MARCH
YEAR: 2022
LATITUDE: 31 25 N
LONGITUDE: 110 51 W
[TEMPERATURE DATA] [PRECIPITATION DATA] SYMBOLS USED IN COLUMN 16
AVERAGE MONTHLY: 55.7 TOTAL FOR MONTH: 0.61 1 = FOG OR MIST
DPTR FM NORMAL: -1.1 DPTR FM NORMAL: -0.02 2 = FOG REDUCING VISIBILITY
HIGHEST: 90 ON 26,25 GRTST 24HR 0.32 ON 20-21 TO 1/4 MILE OR LESS
LOWEST: 25 ON 7 3 = THUNDER
SNOW, ICE PELLETS, HAIL 4 = ICE PELLETS
TOTAL MONTH: M 5 = HAIL
GRTST 24HR M ON M 6 = FREEZING RAIN OR DRIZZLE
GRTST DEPTH: M ON M 7 = DUSTSTORM OR SANDSTORM:
VSBY 1/2 MILE OR LESS
8 = SMOKE OR HAZE
[NO. OF DAYS WITH] [WEATHER - DAYS WITH] 9 = BLOWING SNOW
X = TORNADO
MAX 32 OR BELOW: 0 0.01 INCH OR MORE: 3
MAX 90 OR ABOVE: 2 0.10 INCH OR MORE: 3
MIN 32 OR BELOW: 7 0.50 INCH OR MORE: 0
MIN 0 OR BELOW: 0 1.00 INCH OR MORE: 0
[HDD (BASE 65) ]
TOTAL THIS MO. 282 CLEAR (SCALE 0-3) 29
DPTR FM NORMAL 22 PTCLDY (SCALE 4-7) 2
TOTAL FM JUL 1 1749 CLOUDY (SCALE 8-10) 0
DPTR FM NORMAL -145
[CDD (BASE 65) ]
TOTAL THIS MO. 2
DPTR FM NORMAL -3 [PRESSURE DATA]
TOTAL FM JAN 1 2 HIGHEST SLP M ON M
DPTR FM NORMAL -4 LOWEST SLP 29.68 ON 31
[REMARKS]
#FINAL-03-22#