000
CXUS55 KTWC 050527
CF6OLS
PRELIMINARY LOCAL CLIMATOLOGICAL DATA (WS FORM: F-6)
STATION: NOGALES AZ AIRPORT
MONTH: DECEMBER
YEAR: 2023
LATITUDE: 31 25 N
LONGITUDE: 110 51 W
TEMPERATURE IN F: :PCPN: SNOW: WIND :SUNSHINE: SKY :PK WND
================================================================================
1 2 3 4 5 6A 6B 7 8 9 10 11 12 13 14 15 16 17 18
12Z AVG MX 2MIN
DY MAX MIN AVG DEP HDD CDD WTR SNW DPTH SPD SPD DIR MIN PSBL S-S WX SPD DR
================================================================================
1 55 38 47 -5 18 0 0.34 M M 2.6 16 300 M M 8 18 26 310
2 59 32 46 -5 19 0 0.00 M M 2.4 10 310 M M 0 15 310
3 67 28 48 -3 17 0 0.00 M M 2.9 12 330 M M 0 17 320
4 73 33 53 2 12 0 0.00 M M 2.9 8 300 M M M 13 270
5 79 39 59 8 6 0 0.00 M M 4.3 15 170 M M M 21 170
6 79 45 62 12 3 0 0.00 M M 4.8 13 240 M M M 18 230
7 76 37 57 7 8 0 0.00 M M 3.1 15 240 M M 0 23 270
8 71 35 53 3 12 0 0.00 M M 4.2 10 320 M M 0 17 260
9 67 31 49 -1 16 0 0.00 M M 4.0 15 30 M M M 26 20
10 70 34 52 2 13 0 0.00 M M 5.5 16 30 M M M 24 10
11 78 32 55 5 10 0 0.00 M M 3.3 9 40 M M 0 11 40
12 74 44 59 10 6 0 0.00 M M 7.1 20 180 M M 0 27 180
13 68 35 52 3 13 0 0.00 M M 6.3 22 230 M M 0 29 250
14 65 29 47 -2 18 0 0.00 M M 3.5 12 40 M M 0 20 280
15 73 32 53 4 12 0 0.00 M M 7.9 16 40 M M 0 26 40
16 76 44 60 11 5 0 0.00 M M 6.9 15 30 M M 0 23 30
17 80 34 57 8 8 0 0.00 M M 2.5 9 90 M M 0 14 50
18 77 44 61 12 4 0 0.00 M M 3.2 16 190 M M 0 24 180
19 77 51 64 15 1 0 0.00 M M 3.4 16 220 M M 3 22 220
20 71 49 60 11 5 0 0.00 M M 6.3 21 230 M M 4 28 240
21 72 41 57 8 8 0 0.00 M M 5.2 17 210 M M 0 25 220
22 53 44 49 0 16 0 1.11 M M 4.4 20 330 M M 7 13 30 290
23 53 39 46 -3 19 0 0.04 M M 7.7 15 260 M M 7 1 23 260
24 57 35 46 -3 19 0 0.00 M M 3.0 10 340 M M 1 16 300
25 59 29 44 -5 21 0 0.00 M M 2.7 8 90 M M 1 12 14 260
26 59 29 44 -5 21 0 0.00 M M 3.2 14 330 M M 0 21 320
27 64 28 46 -3 19 0 0.00 M M 3.0 10 290 M M 0 16 290
28 65 31 48 -1 17 0 0.00 M M 3.0 9 330 M M 0 15 280
29 68 33 51 2 14 0 0.00 M M 3.1 9 40 M M 0 12 80
30 70 36 53 4 12 0 0.00 M M 4.1 16 200 M M 0 21 200
31 64 32 48 -1 17 0 0.00 M M 4.2 13 300 M M 0 20 300
================================================================================
SM 2119 1123 389 0 1.49 M 130.7 M 31
================================================================================
AV 68.4 36.2 4.2 FASTST M M 1 MAX(MPH)
MISC ----> 22 230 30 290
================================================================================
NOTES:
# LAST OF SEVERAL OCCURRENCES
COLUMN 17 PEAK WIND IN M.P.H.
PRELIMINARY LOCAL CLIMATOLOGICAL DATA (WS FORM: F-6) , PAGE 2
STATION: NOGALES AZ AIRPORT
MONTH: DECEMBER
YEAR: 2023
LATITUDE: 31 25 N
LONGITUDE: 110 51 W
[TEMPERATURE DATA] [PRECIPITATION DATA] SYMBOLS USED IN COLUMN 16
AVERAGE MONTHLY: 52.3 TOTAL FOR MONTH: 1.49 1 = FOG OR MIST
DPTR FM NORMAL: 2.9 DPTR FM NORMAL: 0.48 2 = FOG REDUCING VISIBILITY
HIGHEST: 80 ON 17 GRTST 24HR 1.15 ON 22-23 TO 1/4 MILE OR LESS
LOWEST: 28 ON 27, 3 3 = THUNDER
SNOW, ICE PELLETS, HAIL 4 = ICE PELLETS
TOTAL MONTH: M 5 = HAIL
GRTST 24HR M ON M 6 = FREEZING RAIN OR DRIZZLE
GRTST DEPTH: M ON M 7 = DUSTSTORM OR SANDSTORM:
VSBY 1/2 MILE OR LESS
8 = SMOKE OR HAZE
[NO. OF DAYS WITH] [WEATHER - DAYS WITH] 9 = BLOWING SNOW
X = TORNADO
MAX 32 OR BELOW: 0 0.01 INCH OR MORE: 3
MAX 90 OR ABOVE: 0 0.10 INCH OR MORE: 2
MIN 32 OR BELOW: 11 0.50 INCH OR MORE: 1
MIN 0 OR BELOW: 0 1.00 INCH OR MORE: 1
[HDD (BASE 65) ]
TOTAL THIS MO. 389 CLEAR (SCALE 0-3) 22
DPTR FM NORMAL -95 PTCLDY (SCALE 4-7) 4
TOTAL FM JUL 1 589 CLOUDY (SCALE 8-10) 5
DPTR FM NORMAL -204
[CDD (BASE 65) ]
TOTAL THIS MO. 0
DPTR FM NORMAL 0 [PRESSURE DATA]
TOTAL FM JAN 1 2363 HIGHEST SLP 30.26 ON 10
DPTR FM NORMAL 387 LOWEST SLP 29.78 ON 19
[REMARKS]
#FINAL-12-23#