000
CXUS55 KTWC 010855
CF6OLS
PRELIMINARY LOCAL CLIMATOLOGICAL DATA (WS FORM: F-6)
STATION: NOGALES AZ AIRPORT
MONTH: MARCH
YEAR: 2020
LATITUDE: 31 25 N
LONGITUDE: 110 51 W
TEMPERATURE IN F: :PCPN: SNOW: WIND :SUNSHINE: SKY :PK WND
================================================================================
1 2 3 4 5 6A 6B 7 8 9 10 11 12 13 14 15 16 17 18
12Z AVG MX 2MIN
DY MAX MIN AVG DEP HDD CDD WTR SNW DPTH SPD SPD DIR MIN PSBL S-S WX SPD DR
================================================================================
1 64 50 57 4 8 0 0.00 M M 9.4 20 160 M M 0 24 150
2 64 40 52 -1 13 0 0.03 M M 12.8 33 200 M M 2 43 210
3 52 39 46 -7 19 0 0.26 M M 4.4 12 160 M M 9 1 15 170
4 69 35 52 -1 13 0 0.00 M M 3.5 10 60 M M 1 14 250
5 75 38 57 3 8 0 0.00 M M 8.9 25 140 M M 0 32 150
6 78 49 64 10 1 0 0.00 M M 6.3 15 200 M M 0 20 170
7 77 47 62 8 3 0 0.00 M M 9.6 25 220 M M 0 31 220
8 59 44 52 -2 13 0 0.31 M M 7.5 21 160 M M 6 1 27 180
9 72 39 56 2 9 0 0.00 M M 5.6 18 210 M M M 24 200
10 72 52 62 8 3 0 0.17 0.0 0 5.4 18 180 M M M 1 24 180
11 73 55 64 10 1 0 0.03 0.0 0 6.3 16 210 M M M 1 21 180
12 64 54 59 5 6 0 0.46 0.0 0 6.7 20 160 M M M 1 25 160
13 66 49 58 3 7 0 T M M 10.9 22 220 M M 6 28 220
14 71 38 55 0 10 0 0.00 M M 5.1 18 210 M M 0 23 220
15 73 40 57 2 8 0 0.00 M M 7.2 17 220 M M 0 24 170
16 76 36 56 1 9 0 0.00 M M 6.7 21 200 M M 0 27 190
17 73 49 61 6 4 0 0.00 M M 9.2 22 220 M M 0 28 170
18 55 42 49 -7 16 0 0.68 M M 14.3 30 160 M M 6 1 39 240
19 61 40 51 -5 14 0 0.01 M M 8.8 20 240 M M 4 25 250
20 69 33 51 -5 14 0 0.00 M M 5.2 15 210 M M 0 20 220
21 72 39 56 0 9 0 0.00 M M 6.9 18 210 M M 0 25 230
22 74 38 56 0 9 0 0.00 M M 4.3 16 240 M M 0 20 240
23 71 47 59 3 6 0 0.00 M M 6.9 18 220 M M 0 26 230
24 77 38 58 1 7 0 0.00 M M 4.0 15 230 M M 0 25 250
25 83 39 61 4 4 0 0.00 M M 7.8 20 230 M M 1 25 230
26 73 52 63 6 2 0 T M M 12.7 30 180 M M 6 40 180
27 57 34 46 -11 19 0 0.00 M M 7.7 21 250 M M 4 27 250
28 67 30 49 -8 16 0 0.00 M M 5.7 15 10 M M 0 22 360
29 72 37 55 -3 10 0 0.00 M M 5.1 20 240 M M 0 24 260
30 71 36 54 -4 11 0 0.00 M M 4.9 13 310 M M 0 20 270
31 80 36 58 0 7 0 0.00 M M 3.4 12 240 M M 0 16 270
================================================================================
SM 2160 1295 279 0 1.95 0.0 223.2 M 45
================================================================================
AV 69.7 41.8 7.2 FASTST M M 2 MAX(MPH)
MISC ----> 33 200 43 210
================================================================================
NOTES:
# LAST OF SEVERAL OCCURRENCES
COLUMN 17 PEAK WIND IN M.P.H.
PRELIMINARY LOCAL CLIMATOLOGICAL DATA (WS FORM: F-6) , PAGE 2
STATION: NOGALES AZ AIRPORT
MONTH: MARCH
YEAR: 2020
LATITUDE: 31 25 N
LONGITUDE: 110 51 W
[TEMPERATURE DATA] [PRECIPITATION DATA] SYMBOLS USED IN COLUMN 16
AVERAGE MONTHLY: 55.7 TOTAL FOR MONTH: 1.95 1 = FOG OR MIST
DPTR FM NORMAL: 0.4 DPTR FM NORMAL: 1.05 2 = FOG REDUCING VISIBILITY
HIGHEST: 83 ON 25 GRTST 24HR 0.69 ON 18-19 TO 1/4 MILE OR LESS
LOWEST: 30 ON 28 3 = THUNDER
SNOW, ICE PELLETS, HAIL 4 = ICE PELLETS
TOTAL MONTH: 0.0 INCH 5 = HAIL
GRTST 24HR 0.0 6 = FREEZING RAIN OR DRIZZLE
GRTST DEPTH: 0 7 = DUSTSTORM OR SANDSTORM:
VSBY 1/2 MILE OR LESS
8 = SMOKE OR HAZE
[NO. OF DAYS WITH] [WEATHER - DAYS WITH] 9 = BLOWING SNOW
X = TORNADO
MAX 32 OR BELOW: 0 0.01 INCH OR MORE: 8
MAX 90 OR ABOVE: 0 0.10 INCH OR MORE: 5
MIN 32 OR BELOW: 1 0.50 INCH OR MORE: 1
MIN 0 OR BELOW: 0 1.00 INCH OR MORE: 0
[HDD (BASE 65) ]
TOTAL THIS MO. 279 CLEAR (SCALE 0-3) 20
DPTR FM NORMAL -27 PTCLDY (SCALE 4-7) 6
TOTAL FM JUL 1 1804 CLOUDY (SCALE 8-10) 5
DPTR FM NORMAL -195
[CDD (BASE 65) ]
TOTAL THIS MO. 0
DPTR FM NORMAL -4 [PRESSURE DATA]
TOTAL FM JAN 1 0 HIGHEST SLP M ON M
DPTR FM NORMAL -5 LOWEST SLP 29.62 ON 2
[REMARKS]
#FINAL-03-20#