000
CXUS55 KTWC 010855
CF6OLS
PRELIMINARY LOCAL CLIMATOLOGICAL DATA (WS FORM: F-6)
STATION: NOGALES AZ AIRPORT
MONTH: OCTOBER
YEAR: 2023
LATITUDE: 31 25 N
LONGITUDE: 110 51 W
TEMPERATURE IN F: :PCPN: SNOW: WIND :SUNSHINE: SKY :PK WND
================================================================================
1 2 3 4 5 6A 6B 7 8 9 10 11 12 13 14 15 16 17 18
12Z AVG MX 2MIN
DY MAX MIN AVG DEP HDD CDD WTR SNW DPTH SPD SPD DIR MIN PSBL S-S WX SPD DR
================================================================================
1 88 61 75 4 0 10 0.00 M M 14.6 29 180 M M 1 46 210
2 85 56 71 0 0 6 0.00 M M 9.9 28 230 M M M 39 230
3 87 48 68 -2 0 3 0.00 M M 4.6 17 220 M M M 27 230
4 89 46 68 -2 0 3 0.00 M M 2.9 13 250 M M M 19 260
5 94 49 72 2 0 7 0.00 M M 2.9 14 210 M M M 19 190
6 96 59 78 9 0 13 0.00 M M 4.7 16 190 M M M 22 210
7 92 66 79 10 0 14 0.00 M M 7.2 18 90 M M 0 28 130
8 93 60 77 8 0 12 T M M 5.2 10 60 M M M 15 70
9 90 55 73 5 0 8 0.01 M M 4.4 24 10 M M 2 3 35 10
10 88 53 71 3 0 6 0.00 M M 3.7 13 260 M M 0 19 240
11 88 54 71 3 0 6 0.00 M M 8.9 25 210 M M 0 38 230
12 83 57 70 3 0 5 0.00 M M 7.3 21 220 M M 3 29 230
13 86 53 70 3 0 5 0.00 M M 5.2 17 210 M M 0 29 230
14 87 53 70 3 0 5 0.00 M M 2.9 10 280 M M 0 18 230
15 94 54 74 8 0 9 0.00 M M 2.7 13 210 M M 0 20 230
16 96 59 78 12 0 13 0.00 M M 4.1 20 230 M M 0 26 230
17 91 60 76 10 0 11 T M M 4.3 15 220 M M 2 3 25 240
18 93 56 75 9 0 10 0.00 M M 4.5 14 300 M M 0 23 330
19 96 54 75 10 0 10 0.00 M M 3.1 13 190 M M 0 18 240
20 97 56 77 12 0 12 0.00 M M 3.4 10 270 M M 0 18 330
21 92 58 75 10 0 10 0.00 M M 3.8 16 200 M M 0 23 180
22 90 56 73 9 0 8 0.00 M M 2.4 14 250 M M 0 19 250
23 83 57 70 6 0 5 0.00 M M 7.6 22 210 M M 1 32 230
24 76 52 64 0 1 0 0.15 M M 6.9 24 170 M M 4 13 35 160
25 73 47 60 -4 5 0 0.00 M M 3.0 10 290 M M 2 16 300
26 78 45 62 -1 3 0 0.00 M M 3.2 12 280 M M 0 19 310
27 82 45 64 1 1 0 0.00 M M 3.5 13 180 M M 0 19 230
28 82 46 64 1 1 0 0.00 M M 5.4 20 200 M M 0 27 200
29 75 46 61 -1 4 0 0.00 M M 3.8 14 30 M M 0 22 20
30 73 40 57 -5 8 0 0.00 M M 5.8 20 30 M M 0 32 20
31 75 42 59 -3 6 0 0.00 M M 7.2 21 110 M M 0 31 110
================================================================================
SM 2692 1643 29 191 0.16 M 159.1 M 15
================================================================================
AV 86.8 53.0 5.1 FASTST M M 1 MAX(MPH)
MISC ----> 29 180 46 210
================================================================================
NOTES:
# LAST OF SEVERAL OCCURRENCES
COLUMN 17 PEAK WIND IN M.P.H.
PRELIMINARY LOCAL CLIMATOLOGICAL DATA (WS FORM: F-6) , PAGE 2
STATION: NOGALES AZ AIRPORT
MONTH: OCTOBER
YEAR: 2023
LATITUDE: 31 25 N
LONGITUDE: 110 51 W
[TEMPERATURE DATA] [PRECIPITATION DATA] SYMBOLS USED IN COLUMN 16
AVERAGE MONTHLY: 69.9 TOTAL FOR MONTH: 0.16 1 = FOG OR MIST
DPTR FM NORMAL: 3.6 DPTR FM NORMAL: -0.49 2 = FOG REDUCING VISIBILITY
HIGHEST: 97 ON 20 GRTST 24HR 0.15 ON 24-24 TO 1/4 MILE OR LESS
LOWEST: 40 ON 30 3 = THUNDER
SNOW, ICE PELLETS, HAIL 4 = ICE PELLETS
TOTAL MONTH: M 5 = HAIL
GRTST 24HR M ON M 6 = FREEZING RAIN OR DRIZZLE
GRTST DEPTH: M ON M 7 = DUSTSTORM OR SANDSTORM:
VSBY 1/2 MILE OR LESS
8 = SMOKE OR HAZE
[NO. OF DAYS WITH] [WEATHER - DAYS WITH] 9 = BLOWING SNOW
X = TORNADO
MAX 32 OR BELOW: 0 0.01 INCH OR MORE: 2
MAX 90 OR ABOVE: 13 0.10 INCH OR MORE: 1
MIN 32 OR BELOW: 0 0.50 INCH OR MORE: 0
MIN 0 OR BELOW: 0 1.00 INCH OR MORE: 0
[HDD (BASE 65) ]
TOTAL THIS MO. 29 CLEAR (SCALE 0-3) 24
DPTR FM NORMAL -26 PTCLDY (SCALE 4-7) 1
TOTAL FM JUL 1 29 CLOUDY (SCALE 8-10) 6
DPTR FM NORMAL -27
[CDD (BASE 65) ]
TOTAL THIS MO. 191
DPTR FM NORMAL 96 [PRESSURE DATA]
TOTAL FM JAN 1 2344 HIGHEST SLP M ON M
DPTR FM NORMAL 376 LOWEST SLP 29.48 ON 11
[REMARKS]
#FINAL-10-23#