000
CXUS53 KARX 010930
CF6OLZ
PRELIMINARY LOCAL CLIMATOLOGICAL DATA (WS FORM: F-6)
STATION: OELWEIN IA
MONTH: JULY
YEAR: 2020
LATITUDE: 42 40 N
LONGITUDE: 91 58 W
TEMPERATURE IN F: :PCPN: SNOW: WIND :SUNSHINE: SKY :PK WND
================================================================================
1 2 3 4 5 6A 6B 7 8 9 10 11 12 13 14 15 16 17 18
12Z AVG MX 2MIN
DY MAX MIN AVG DEP HDD CDD WTR SNW DPTH SPD SPD DIR MIN PSBL S-S WX SPD DR
================================================================================
1 79 68 74 M 0 9 0.08 0.0 0 6.4 16 110 M M 5 1 14 50
2 86 68 77 M 0 12 0.00 0.0 0 5.3 9 120 M M 3 12 180
3 86 68 77 M 0 12 0.00 0.0 0 3.5 12 90 M M 2 M M
4 88 66 77 M 0 12 0.00 0.0 0 4.0 17 60 M M 1 1 M M
5 88 68 78 M 0 13 0.00 0.0 0 1.9 6 140 M M 1 1 M M
6 88 70 79 M 0 14 0.00 0.0 0 4.4 9 220 M M 1 8 15 220
7 90 70 80 M 0 15 0.00 0.0 0 6.0 17 290 M M 1 18 240
8 90 68 79 M 0 14 0.00 0.0 0 7.8 13 180 M M 1 1 16 180
9 86 66 76 M 0 11 1.24 0.0 0 8.2 15 20 M M 4 1 21 30
10 82 64 73 M 0 8 0.00 0.0 0 7.9 15 290 M M 1 1 21 290
11 84 63 74 M 0 9 0.34 0.0 0 4.1 21 260 M M 2 1 28 260
12 81 63 72 M 0 7 0.00 0.0 0 5.5 8 310 M M 1 14 310
13 82 61 72 M 0 7 0.00 0.0 0 7.9 14 190 M M 2 17 170
14 84 66 75 M 0 10 0.04 0.0 0 10.8 15 180 M M 3 1 21 190
15 73 63 68 M 0 3 0.00 0.0 0 7.9 14 360 M M 7 12 30
16 81 61 71 M 0 6 0.00 0.0 0 4.5 8 190 M M 3 M M
17 84 63 74 M 0 9 0.00 0.0 0 8.3 12 160 M M 3 20 180
18 88 70 79 M 0 14 0.00 0.0 0 12.1 20 170 M M 3 27 360
19 82 68 75 M 0 10 0.00 0.0 0 9.4 15 330 M M 3 21 320
20 77 63 70 M 0 5 0.00 0.0 0 2.3 7 120 M M 3 M M
21 79 63 71 M 0 6 0.41 0.0 0 7.8 14 140 M M 7 18 M M
22 77 59 68 M 0 3 0.00 0.0 0 6.9 12 310 M M 1 8 17 300
23 79 54 67 M 0 2 0.00 0.0 0 3.0 6 140 M M 0 M M
24 84 63 74 M 0 9 0.00 0.0 0 7.9 14 150 M M 1 15 140
25 88 72 80 M 0 15 0.00 0.0 0 8.8 14 190 M M 1 1 20 190
26 86 72 79 M 0 14 0.00 0.0 0 9.6 16 290 M M 3 22 220
27 82 64 73 M 0 8 0.00 0.0 0 7.8 18 320 M M 2 22 290
28 86 59 73 M 0 8 0.00 0.0 0 8.5 21 210 M M 2 31 210
29 86 66 76 M 0 11 0.00 0.0 0 3.5 8 320 M M 4 M M
30 81 64 73 M 0 8 0.00 0.0 0 8.4 14 40 M M 2 18 40
31 81 59 70 M 0 5 0.00 0.0 0 2.9 6 360 M M 2 12 0
================================================================================
SM 2588 2012 0 289 2.11 0.0 203.3 M 75
================================================================================
AV 83.5 64.9 6.6 FASTST M M 2 MAX(MPH)
MISC ----> # 21 260 # 31 210
================================================================================
NOTES:
# LAST OF SEVERAL OCCURRENCES
COLUMN 17 PEAK WIND IN M.P.H.
PRELIMINARY LOCAL CLIMATOLOGICAL DATA (WS FORM: F-6) , PAGE 2
STATION: OELWEIN IA
MONTH: JULY
YEAR: 2020
LATITUDE: 42 40 N
LONGITUDE: 91 58 W
[TEMPERATURE DATA] [PRECIPITATION DATA] SYMBOLS USED IN COLUMN 16
AVERAGE MONTHLY: 74.2 TOTAL FOR MONTH: 2.11 1 = FOG OR MIST
DPTR FM NORMAL: M DPTR FM NORMAL: M 2 = FOG REDUCING VISIBILITY
HIGHEST: 90 ON 8, 7 GRTST 24HR 1.24 ON 9- 9 TO 1/4 MILE OR LESS
LOWEST: 54 ON 23 3 = THUNDER
SNOW, ICE PELLETS, HAIL 4 = ICE PELLETS
TOTAL MONTH: 0.0 INCH 5 = HAIL
GRTST 24HR 0.0 6 = FREEZING RAIN OR DRIZZLE
GRTST DEPTH: 0 7 = DUSTSTORM OR SANDSTORM:
VSBY 1/2 MILE OR LESS
8 = SMOKE OR HAZE
[NO. OF DAYS WITH] [WEATHER - DAYS WITH] 9 = BLOWING SNOW
X = TORNADO
MAX 32 OR BELOW: 0 0.01 INCH OR MORE: 5
MAX 90 OR ABOVE: 2 0.10 INCH OR MORE: 3
MIN 32 OR BELOW: 0 0.50 INCH OR MORE: 1
MIN 0 OR BELOW: 0 1.00 INCH OR MORE: 1
[HDD (BASE 65) ]
TOTAL THIS MO. 0 CLEAR (SCALE 0-3) 24
DPTR FM NORMAL M PTCLDY (SCALE 4-7) 7
TOTAL FM JUL 1 0 CLOUDY (SCALE 8-10) 0
DPTR FM NORMAL M
[CDD (BASE 65) ]
TOTAL THIS MO. 289
DPTR FM NORMAL M [PRESSURE DATA]
TOTAL FM JAN 1 534 HIGHEST SLP M ON M
DPTR FM NORMAL M LOWEST SLP M ON M
[REMARKS]
#FINAL-07-20#