000
CXUS53 KOAX 011344
CLMOMA
CLIMATE REPORT
NATIONAL WEATHER SERVICE OMAHA/VALLEY NE
844 AM CDT SUN OCT 01 2023
...................................
...THE OMAHA NE CLIMATE SUMMARY FOR THE MONTH OF SEPTEMBER 2023...
CLIMATE NORMAL PERIOD 1991 TO 2020
CLIMATE RECORD PERIOD 1871 TO 2023
WEATHER OBSERVED NORMAL DEPART
VALUE DATE(S) VALUE FROM
NORMAL
................................................
TEMPERATURE (F)
HIGHEST 97 09/03
LOWEST 46 09/17
AVG. MAXIMUM 84.0 79.1 4.9
AVG. MINIMUM 57.7 56.1 1.6
MEAN 70.8 67.6 3.3
DAYS MAX >= 90 7
DAYS MAX <= 32 0
DAYS MIN <= 32 0
DAYS MIN <= 0 0
PRECIPITATION (INCHES)
RECORD
MAXIMUM 13.75 1965
MINIMUM 0.24 1888
TOTALS 1.35 2.96 -1.61
DAYS >= .01 9
DAYS >= .10 5
DAYS >= .50 0
DAYS >= 1.00 0
GREATEST
24 HR. TOTAL 0.53 09/19 TO 09/20
SNOWFALL (INCHES)
RECORDS
TOTAL 0.3 1985
TOTALS 0.0 0.0 0.0
SINCE 7/1 T
DAYS >= 1.0 0
GREATEST
SNOW DEPTH 0
24 HR TOTAL MM
DEGREE DAYS
HEATING TOTAL 7 70 -63
SINCE 7/1 8 74 -66
COOLING TOTAL 190 148 42
SINCE 1/1 1372 1272 100
................................................
WIND (MPH)
AVERAGE WIND SPEED 9.1
HIGHEST WIND SPEED/DIRECTION 31/110 DATE 09/19
HIGHEST GUST SPEED/DIRECTION 39/100 DATE 09/19
SKY COVER
AVERAGE SKY COVER 0.39
WEATHER CONDITIONS. NUMBER OF DAYS WITH
THUNDERSTORM 7 MIXED PRECIP 0
HEAVY RAIN 1 RAIN 1
LIGHT RAIN 11 FREEZING RAIN 0
LT FREEZING RAIN 0 HAIL 0
HEAVY SNOW 0 SNOW 0
LIGHT SNOW 0 SLEET 0
FOG 13 FOG W/VIS <= 1/4 MILE 2
HAZE 4
- INDICATES NEGATIVE NUMBERS.
R INDICATES RECORD WAS SET OR TIED.
MM INDICATES DATA IS MISSING.
T INDICATES TRACE AMOUNT.
&&
SEPTEMBER IN OMAHA WAS MUCH WARMER AND DRIER THAN NORMAL. THE MONTH
ENDED UP 3.3 DEGREES ABOVE NORMAL FOR AVERAGE TEMPERATURE AND 1.61
INCHES BELOW NORMAL FOR PRECIPITATION. IT WAS THE 15TH WARMEST
SEPTEMBER ON RECORD.
NEW DAILY RECORDS FOR SEPTEMBER 2023
DATE RECORD VALUE PREVIOUS RECORD
SEP 29 MAX MINIMUM TEMPERATURE 68 67 IN 1995
SEP 29 MAXIMUM TEMPERATURE 95 92 IN 1971
SEP 30 MAX MINIMUM TEMPERATURE 74 72 IN 2019
SEP 30 MAXIMUM TEMPERATURE 94 93 IN 1994
$$
DEWALD