000
CXUS56 KOTX 011010
CF6OMK
PRELIMINARY LOCAL CLIMATOLOGICAL DATA (WS FORM: F-6)
STATION: OMAK WA AIRPORT
MONTH: DECEMBER
YEAR: 2021
LATITUDE: 48 27 N
LONGITUDE: 119 31 W
TEMPERATURE IN F: :PCPN: SNOW: WIND :SUNSHINE: SKY :PK WND
================================================================================
1 2 3 4 5 6A 6B 7 8 9 10 11 12 13 14 15 16 17 18
12Z AVG MX 2MIN
DY MAX MIN AVG DEP HDD CDD WTR SNW DPTH SPD SPD DIR MIN PSBL S-S WX SPD DR
================================================================================
1 74 49 62 31 3 0 0.00 M M 13.1 22 160 M M 0 8 29 180
2 58 36 47 17 18 0 0.00 M M 6.8 15 320 M M 0 19 320
3 40 33 37 7 28 0 0.00 M M 10.5 16 330 M M 2 21 340
4 38 29 34 4 31 0 0.12 M M 4.1 13 350 M M 9 12 14 300
5 37 23 30 0 35 0 0.00 M M 7.6 18 10 M M 1 22 20
6 31 27 29 0 36 0 0.03 M M 4.7 14 10 M M 10 1 17 10
7 32 28 30 1 35 0 0.00 M M 4.1 10 180 M M 10 1 13 190
8 40 24 32 3 33 0 T M M 5.7 15 210 M M 7 1 18 220
9 38 23 31 2 34 0 0.01 M M 4.3 13 360 M M 7 1 16 350
10 38 26 32 4 33 0 0.00 M M 4.6 17 180 M M 9 23 170
11 52 37 45 17 20 0 0.00 M M 16.1 26 150 M M 5 37 170
12 44 31 38 10 27 0 0.00 M M 9.9 20 160 M M 3 24 160
13 37 33 35 7 30 0 0.61 M M 4.6 13 360 M M 10 12 16 320
14 38 28 33 5 32 0 0.01 M M 3.7 10 210 M M 9 12 13 220
15 31 22 27 -1 38 0 0.00 M M 1.6 7 240 M M 10 1 8 230
16 32 22 27 0 38 0 T M M 8.3 20 360 M M 8 1 23 20
17 24 16 20 -7 45 0 T M M 6.5 17 330 M M 4 1 20 330
18 26 20 23 -4 42 0 0.15 M M 4.5 13 190 M M 10 1 15 190
19 31 16 24 -3 41 0 0.00 M M 9.5 20 360 M M 3 25 360
20 24 14 19 -8 46 0 0.00 M M 13.9 22 360 M M 2 28 360
21 18 1 10 -17 55 0 T M M 3.1 16 340 M M 6 1 19 340
22 28 18 23 -4 42 0 0.05 M M 6.1 14 190 M M 10 1 17 190
23 35 25 30 3 35 0 T M M 6.8 16 110 M M 7 8 18 180
24 31 17 24 -3 41 0 T M M 7.6 18 360 M M 8 1 24 10
25 27 13 20 -7 45 0 0.04 M M 20.1 31 360 M M 10 1 36 10
26 13 2 8 -19 57 0 0.04 M M 26.6 37 10 M M 7 1289 44 10
27 2 -2 0 -27 65 0 0.01 M M 21.0 37 360 M M 5 89 46 360
28 10 2 6 -21 59 0 0.00 M M 14.5 23 350 M M 6 8 28 350
29 11 6 9 -18 56 0 0.02 M M 13.4 30 10 M M 4 18 36 10
30 15 8 12 -15 53 0 0.01 M M 13.6 22 10 M M 9 18 27 340
31 16 2 9 -18 56 0 T M M 14.1 30 10 M M 1 8 37 10
================================================================================
SM 971 629 1209 0 1.10 M 291.0 M 192
================================================================================
AV 31.3 20.3 9.4 FASTST M M 6 MAX(MPH)
MISC ----> # 37 10 46 360
================================================================================
NOTES:
# LAST OF SEVERAL OCCURRENCES
COLUMN 17 PEAK WIND IN M.P.H.
PRELIMINARY LOCAL CLIMATOLOGICAL DATA (WS FORM: F-6) , PAGE 2
STATION: OMAK WA AIRPORT
MONTH: DECEMBER
YEAR: 2021
LATITUDE: 48 27 N
LONGITUDE: 119 31 W
[TEMPERATURE DATA] [PRECIPITATION DATA] SYMBOLS USED IN COLUMN 16
AVERAGE MONTHLY: 25.8 TOTAL FOR MONTH: 1.10 1 = FOG OR MIST
DPTR FM NORMAL: -2.1 DPTR FM NORMAL: -0.85 2 = FOG REDUCING VISIBILITY
HIGHEST: 74 ON 1 GRTST 24HR 0.62 ON 13-14 TO 1/4 MILE OR LESS
LOWEST: -2 ON 27 3 = THUNDER
SNOW, ICE PELLETS, HAIL 4 = ICE PELLETS
TOTAL MONTH: M 5 = HAIL
GRTST 24HR M ON M 6 = FREEZING RAIN OR DRIZZLE
GRTST DEPTH: M ON M 7 = DUSTSTORM OR SANDSTORM:
VSBY 1/2 MILE OR LESS
8 = SMOKE OR HAZE
[NO. OF DAYS WITH] [WEATHER - DAYS WITH] 9 = BLOWING SNOW
X = TORNADO
MAX 32 OR BELOW: 18 0.01 INCH OR MORE: 12
MAX 90 OR ABOVE: 0 0.10 INCH OR MORE: 3
MIN 32 OR BELOW: 26 0.50 INCH OR MORE: 1
MIN 0 OR BELOW: 1 1.00 INCH OR MORE: 0
[HDD (BASE 65) ]
TOTAL THIS MO. 1209 CLEAR (SCALE 0-3) 7
DPTR FM NORMAL 59 PTCLDY (SCALE 4-7) 12
TOTAL FM JUL 1 2533 CLOUDY (SCALE 8-10) 12
DPTR FM NORMAL -120
[CDD (BASE 65) ]
TOTAL THIS MO. 0
DPTR FM NORMAL 0 [PRESSURE DATA]
TOTAL FM JAN 1 1173 HIGHEST SLP M ON M
DPTR FM NORMAL 469 LOWEST SLP 29.27 ON 23
[REMARKS]
#FINAL-12-21#