000
CXUS53 KARX 010900
CF6ONA
PRELIMINARY LOCAL CLIMATOLOGICAL DATA (WS FORM: F-6)
STATION: WINONA_MUNI_(AWOS) MN
MONTH: APRIL
YEAR: 2023
LATITUDE: 44 4 N
LONGITUDE: 91 42 W
TEMPERATURE IN F: :PCPN: SNOW: WIND :SUNSHINE: SKY :PK WND
================================================================================
1 2 3 4 5 6A 6B 7 8 9 10 11 12 13 14 15 16 17 18
12Z AVG MX 2MIN
DY MAX MIN AVG DEP HDD CDD WTR SNW DPTH SPD SPD DIR MIN PSBL S-S WX SPD DR
================================================================================
1 43 30 37 M 28 0 M M M 7.7 18 350 M M 4 28 350
2 63 28 46 M 19 0 M M M 7.5 13 300 M M 3 25 220
3 52 34 43 M 22 0 M M M 4.1 10 330 M M 4 M M
4 43 36 40 M 25 0 0.17 0.0 0 9.1 17 100 M M 9 1 27 100
5 43 30 37 M 28 0 M M M 9.9 17 280 M M 10 28 270
6 43 27 35 M 30 0 0.00 0.0 M 8.3 16 300 M M 1 27 300
7 55 28 42 M 23 0 0.00 0.0 0 6.3 14 120 M M 6 17 120
8 68 37 53 M 12 0 0.00 0.0 0 7.5 10 130 M M 4 17 100
9 70 41 56 M 9 0 0.00 0.0 0 6.5 13 240 M M 0 22 240
10 75 50 63 M 2 0 0.00 M M 5.4 12 200 M M 3 18 200
11 81 48 65 M 0 0 0.00 M M 6.2 10 220 M M 0 22 220
12 90 63 77 M 0 12 0.00 M M 9.4 18 240 M M 0 27 230
13 86 63 75 M 0 10 0.00 M M 8.1 15 230 M M 0 28 230
14 82 52 67 M 0 2 0.00 M M 5.4 15 200 M M 0 21 200
15 63 41 52 M 13 0 0.25 M M 5.2 13 300 M M 6 18 310
16 41 30 36 M 29 0 M M M 13.3 22 320 M M 10 1 28 320
17 43 30 37 M 28 0 M M M 14.3 24 330 M M 7 35 330
18 50 28 39 M 26 0 M M M 2.5 10 120 M M 0 M M
19 46 36 41 M 24 0 0.89 0.0 M 14.0 25 130 M M 9 3 39 130
20 46 37 42 M 23 0 1.07 M M 8.0 17 120 M M 9 1 27 250
21 45 34 40 M 25 0 M M M 7.7 17 230 M M 6 8 30 230
22 41 32 37 M 28 0 M M M 9.8 20 330 M M 10 25 340
23 43 32 38 M 27 0 0.00 M M 6.6 13 330 M M 6 18 300
24 48 30 39 M 26 0 M M M 3.3 9 50 M M 6 M M
25 50 32 41 M 24 0 M M M 2.7 6 90 M M 2 M M
26 57 32 45 M 20 0 M M M 3.7 9 200 M M 2 16 200
27 68 46 57 M 8 0 0.02 0.0 0 7.1 12 230 M M 4 23 210
28 68 45 57 M 8 0 0.14 M M 6.5 16 320 M M 6 28 50
29 M M M M M M M 0.0 0 10.0 10 320 M M 10 16 320
30 M M M M M M M M 0 M M M M M M M M
================================================================================
SM 1603 1052 507 24 2.54 0.0 216.1 M 137
================================================================================
AV 57.3 37.6 7.5 FASTST M M 5 MAX(MPH)
MISC ----> 25 130 39 130
================================================================================
NOTES:
# LAST OF SEVERAL OCCURRENCES
COLUMN 17 PEAK WIND IN M.P.H.
PRELIMINARY LOCAL CLIMATOLOGICAL DATA (WS FORM: F-6) , PAGE 2
STATION: WINONA_MUNI_(AWOS) MN
MONTH: APRIL
YEAR: 2023
LATITUDE: 44 4 N
LONGITUDE: 91 42 W
[TEMPERATURE DATA] [PRECIPITATION DATA] SYMBOLS USED IN COLUMN 16
AVERAGE MONTHLY: 47.4 TOTAL FOR MONTH: 2.54 1 = FOG OR MIST
DPTR FM NORMAL: 0.0 DPTR FM NORMAL: M 2 = FOG REDUCING VISIBILITY
HIGHEST: 90 ON 12 GRTST 24HR 1.07 ON 20-20 TO 1/4 MILE OR LESS
LOWEST: 27 ON 6 3 = THUNDER
SNOW, ICE PELLETS, HAIL 4 = ICE PELLETS
TOTAL MONTH: 0.0 INCH 5 = HAIL
GRTST 24HR 0.0 6 = FREEZING RAIN OR DRIZZLE
GRTST DEPTH: 0 7 = DUSTSTORM OR SANDSTORM:
VSBY 1/2 MILE OR LESS
8 = SMOKE OR HAZE
[NO. OF DAYS WITH] [WEATHER - DAYS WITH] 9 = BLOWING SNOW
X = TORNADO
MAX 32 OR BELOW: 0 0.01 INCH OR MORE: 6
MAX 90 OR ABOVE: 1 0.10 INCH OR MORE: 5
MIN 32 OR BELOW: 13 0.50 INCH OR MORE: 2
MIN 0 OR BELOW: 0 1.00 INCH OR MORE: 1
[HDD (BASE 65) ]
TOTAL THIS MO. 507 CLEAR (SCALE 0-3) 10
DPTR FM NORMAL M PTCLDY (SCALE 4-7) 12
TOTAL FM JUL 1 6685 CLOUDY (SCALE 8-10) 8
DPTR FM NORMAL M
[CDD (BASE 65) ]
TOTAL THIS MO. 24
DPTR FM NORMAL M [PRESSURE DATA]
TOTAL FM JAN 1 24 HIGHEST SLP M ON M
DPTR FM NORMAL M LOWEST SLP M ON M
[REMARKS]
#FINAL-04-23#