000
CXUS56 KBOI 011002
CF6ONO
PRELIMINARY LOCAL CLIMATOLOGICAL DATA (WS FORM: F-6)
STATION: ONTARIO OR
MONTH: JANUARY
YEAR: 2022
LATITUDE: 44 1 N
LONGITUDE: 117 1 W
TEMPERATURE IN F: :PCPN: SNOW: WIND :SUNSHINE: SKY :PK WND
================================================================================
1 2 3 4 5 6A 6B 7 8 9 10 11 12 13 14 15 16 17 18
12Z AVG MX 2MIN
DY MAX MIN AVG DEP HDD CDD WTR SNW DPTH SPD SPD DIR MIN PSBL S-S WX SPD DR
================================================================================
1 18 -3 8 -22 57 0 0.00 M M 3.8 20 330 M M 1 25 340
2 20 3 12 -18 53 0 0.00 M M 4.3 10 260 M M 1 12 260
3 39 -1 19 -11 46 0 0.17 M M 5.4 20 220 M M 5 1 31 230
4 38 32 35 5 30 0 0.12 M M 4.1 12 150 M M 10 1 16 160
5 41 34 38 8 27 0 0.15 M M 1.8 10 340 M M 10 18 12 160
6 36 32 34 4 31 0 0.03 M M 1.3 8 250 M M 8 12 9 240
7 49 32 41 11 24 0 0.05 M M 4.1 16 230 M M 6 1268 26 240
8 44 21 33 3 32 0 0.00 M M 3.1 10 310 M M 3 8 12 320
9 36 16 26 -4 39 0 0.00 M M 3.8 9 270 M M 0 12 10
10 33 15 24 -6 41 0 0.00 M M 3.0 9 260 M M 2 11 260
11 34 25 30 -1 35 0 0.00 M M 1.9 7 260 M M 7 18 9 270
12 35 21 28 -3 37 0 0.00 M M 3.4 9 270 M M 1 18 12 260
13 37 21 29 -2 36 0 0.00 M M 5.1 12 260 M M 2 18 14 260
14 44 20 32 1 33 0 0.00 M M 1.9 8 130 M M 0 18 11 130
15 34 21 28 -3 37 0 0.00 M M 2.4 7 10 M M 8 18 10 20
16 36 32 34 3 31 0 0.00 M M 1.4 7 10 M M 10 18 10 360
17 36 32 34 3 31 0 0.00 M M 1.3 7 360 M M 10 18 9 360
18 36 33 35 4 30 0 0.00 M M 0.8 6 10 M M 10 8 7 360
19 36 32 34 3 31 0 0.00 M M 1.0 6 350 M M 10 18 7 280
20 35 33 34 2 31 0 0.25 M M 2.2 8 360 M M 10 1268 11 350
21 43 24 34 2 31 0 0.00 M M 3.5 9 270 M M 3 128 13 260
22 36 18 27 -5 38 0 0.00 M M 2.9 7 10 M M 6 18 10 20
23 35 32 34 2 31 0 0.00 M M 1.1 6 70 M M 10 18 9 60
24 33 21 27 -5 38 0 0.00 M M 4.8 9 10 M M 9 13 20
25 37 17 27 -5 38 0 0.00 M M 2.0 9 10 M M 4 18 12 20
26 33 31 32 0 33 0 0.00 M M 2.0 12 110 M M 10 8 14 120
27 33 27 30 -3 35 0 0.00 M M 5.1 12 10 M M 10 16 30
28 31 16 24 -9 41 0 0.00 M M 5.2 10 360 M M 5 14 360
29 29 12 21 -12 44 0 0.00 M M 2.5 7 350 M M 0 18 10 360
30 27 11 19 -14 46 0 0.00 M M 2.7 7 330 M M 5 18 9 350
31 38 17 28 -5 37 0 0.00 M M 4.0 9 360 M M 2 18 12 360
================================================================================
SM 1092 677 1124 0 0.77 M 91.9 M 178
================================================================================
AV 35.2 21.8 3.0 FASTST M M 6 MAX(MPH)
MISC ----> # 20 330 31 230
================================================================================
NOTES:
# LAST OF SEVERAL OCCURRENCES
COLUMN 17 PEAK WIND IN M.P.H.
PRELIMINARY LOCAL CLIMATOLOGICAL DATA (WS FORM: F-6) , PAGE 2
STATION: ONTARIO OR
MONTH: JANUARY
YEAR: 2022
LATITUDE: 44 1 N
LONGITUDE: 117 1 W
[TEMPERATURE DATA] [PRECIPITATION DATA] SYMBOLS USED IN COLUMN 16
AVERAGE MONTHLY: 28.5 TOTAL FOR MONTH: 0.77 1 = FOG OR MIST
DPTR FM NORMAL: -2.8 DPTR FM NORMAL: -0.61 2 = FOG REDUCING VISIBILITY
HIGHEST: 49 ON 7 GRTST 24HR 0.34 ON 4- 5 TO 1/4 MILE OR LESS
LOWEST: -3 ON 1 3 = THUNDER
SNOW, ICE PELLETS, HAIL 4 = ICE PELLETS
TOTAL MONTH: M 5 = HAIL
GRTST 24HR M ON M 6 = FREEZING RAIN OR DRIZZLE
GRTST DEPTH: M ON M 7 = DUSTSTORM OR SANDSTORM:
VSBY 1/2 MILE OR LESS
8 = SMOKE OR HAZE
[NO. OF DAYS WITH] [WEATHER - DAYS WITH] 9 = BLOWING SNOW
X = TORNADO
MAX 32 OR BELOW: 5 0.01 INCH OR MORE: 6
MAX 90 OR ABOVE: 0 0.10 INCH OR MORE: 4
MIN 32 OR BELOW: 28 0.50 INCH OR MORE: 0
MIN 0 OR BELOW: 2 1.00 INCH OR MORE: 0
[HDD (BASE 65) ]
TOTAL THIS MO. 1124 CLEAR (SCALE 0-3) 11
DPTR FM NORMAL 80 PTCLDY (SCALE 4-7) 9
TOTAL FM JUL 1 3124 CLOUDY (SCALE 8-10) 11
DPTR FM NORMAL -174
[CDD (BASE 65) ]
TOTAL THIS MO. 0
DPTR FM NORMAL 0 [PRESSURE DATA]
TOTAL FM JAN 1 0 HIGHEST SLP M ON M
DPTR FM NORMAL 0 LOWEST SLP 29.58 ON 7
[REMARKS]
#FINAL-01-22#