000
CXUS56 KSGX 011045
CF6ONT
PRELIMINARY LOCAL CLIMATOLOGICAL DATA (WS FORM: F-6)
STATION: ONTARIO INTL AIRPORT CA
MONTH: APRIL
YEAR: 2022
LATITUDE: 34 2 N
LONGITUDE: 117 37 W
TEMPERATURE IN F: :PCPN: SNOW: WIND :SUNSHINE: SKY :PK WND
================================================================================
1 2 3 4 5 6A 6B 7 8 9 10 11 12 13 14 15 16 17 18
12Z AVG MX 2MIN
DY MAX MIN AVG DEP HDD CDD WTR SNW DPTH SPD SPD DIR MIN PSBL S-S WX SPD DR
================================================================================
1 72 55 64 2 1 0 0.00 M M 7.1 15 230 M M 5 8 19 230
2 68 51 60 -2 5 0 0.00 M M 5.0 13 260 M M 6 18 17 250
3 64 55 60 -2 5 0 0.00 M M 7.4 13 240 M M 10 16 240
4 75 52 64 2 1 0 0.00 M M 4.5 15 260 M M 6 18 18 270
5 82 53 68 6 0 3 0.00 M M 5.0 13 230 M M 1 8 18 270
6 97 57 77 15 0 12 0.00 M M 2.3 16 280 M M 0 19 300
7 96 61 79 17 0 14 0.00 M M 12.0 26 50 M M 0 39 40
8 98 68 83 21 0 18 0.00 M M 8.9 20 260 M M 1 27 30
9 89 59 74 12 0 9 0.00 M M 6.7 20 220 M M 3 24 270
10 72 58 65 3 0 0 0.00 M M 8.6 17 230 M M 8 8 23 230
11 66 52 59 -4 6 0 0.03 M M 10.4 17 270 M M 9 18 22 260
12 70 47 59 -4 6 0 0.00 M M 4.4 20 240 M M 3 26 240
13 71 43 57 -6 8 0 0.00 M M 5.6 17 230 M M 0 22 230
14 73 47 60 -3 5 0 0.00 M M 5.9 18 270 M M 0 24 220
15 74 49 62 -1 3 0 0.00 M M 5.4 16 250 M M 1 21 260
16 70 51 61 -2 4 0 0.00 M M 6.8 17 260 M M 6 22 260
17 80 54 67 3 0 2 T M M 5.3 14 260 M M 4 18 18 270
18 82 53 68 4 0 3 0.00 M M 5.2 15 260 M M 5 19 220
19 75 56 66 2 0 1 0.00 M M 7.7 21 220 M M 4 25 230
20 70 52 61 -3 4 0 0.00 M M 7.4 17 230 M M 5 22 240
21 72 49 61 -3 4 0 0.01 M M 7.7 20 260 M M 3 26 260
22 62 51 57 -7 8 0 0.22 M M 10.3 23 250 M M 7 1 35 240
23 79 47 63 -1 2 0 0.00 M M 4.0 18 280 M M 1 23 280
24 86 50 68 3 0 3 0.00 M M 9.2 25 30 M M 0 34 40
25 89 53 71 6 0 6 0.00 M M 5.1 17 270 M M 3 24 240
26 84 58 71 6 0 6 0.00 M M 6.9 18 270 M M 7 23 220
27 77 53 65 0 0 0 0.00 M M 7.1 17 240 M M 4 18 24 210
28 67 52 60 -5 5 0 T M M 6.5 16 220 M M 8 18 22 230
29 79 50 65 0 0 0 0.00 M M 6.9 17 270 M M 2 18 22 270
30 85 53 69 3 0 4 0.00 M M 5.8 18 250 M M 2 24 250
================================================================================
SM 2324 1589 67 81 0.26 M 201.1 M 114
================================================================================
AV 77.5 53.0 6.7 FASTST M M 4 MAX(MPH)
MISC ----> 26 50 39 40
================================================================================
NOTES:
# LAST OF SEVERAL OCCURRENCES
COLUMN 17 PEAK WIND IN M.P.H.
PRELIMINARY LOCAL CLIMATOLOGICAL DATA (WS FORM: F-6) , PAGE 2
STATION: ONTARIO INTL AIRPORT CA
MONTH: APRIL
YEAR: 2022
LATITUDE: 34 2 N
LONGITUDE: 117 37 W
[TEMPERATURE DATA] [PRECIPITATION DATA] SYMBOLS USED IN COLUMN 16
AVERAGE MONTHLY: 65.2 TOTAL FOR MONTH: 0.26 1 = FOG OR MIST
DPTR FM NORMAL: 1.8 DPTR FM NORMAL: -0.50 2 = FOG REDUCING VISIBILITY
HIGHEST: 98 ON 8 GRTST 24HR 0.23 ON 21-22 TO 1/4 MILE OR LESS
LOWEST: 43 ON 13 3 = THUNDER
SNOW, ICE PELLETS, HAIL 4 = ICE PELLETS
TOTAL MONTH: M 5 = HAIL
GRTST 24HR M ON M 6 = FREEZING RAIN OR DRIZZLE
GRTST DEPTH: M ON M 7 = DUSTSTORM OR SANDSTORM:
VSBY 1/2 MILE OR LESS
8 = SMOKE OR HAZE
[NO. OF DAYS WITH] [WEATHER - DAYS WITH] 9 = BLOWING SNOW
X = TORNADO
MAX 32 OR BELOW: 0 0.01 INCH OR MORE: 3
MAX 90 OR ABOVE: 3 0.10 INCH OR MORE: 1
MIN 32 OR BELOW: 0 0.50 INCH OR MORE: 0
MIN 0 OR BELOW: 0 1.00 INCH OR MORE: 0
[HDD (BASE 65) ]
TOTAL THIS MO. 67 CLEAR (SCALE 0-3) 12
DPTR FM NORMAL -38 PTCLDY (SCALE 4-7) 15
TOTAL FM JUL 1 1125 CLOUDY (SCALE 8-10) 3
DPTR FM NORMAL -125
[CDD (BASE 65) ]
TOTAL THIS MO. 81
DPTR FM NORMAL 24 [PRESSURE DATA]
TOTAL FM JAN 1 151 HIGHEST SLP 30.16 ON 17
DPTR FM NORMAL 58 LOWEST SLP 29.70 ON 9
[REMARKS]
#FINAL-04-22#