000
CXUS52 KMFL 011030
CF6OPF
PRELIMINARY LOCAL CLIMATOLOGICAL DATA (WS FORM: F-6)
STATION: OPA-LOCKA ARPT
MONTH: MAY
YEAR: 2023
LATITUDE: 25 53 N
LONGITUDE: 80 17 W
TEMPERATURE IN F: :PCPN: SNOW: WIND :SUNSHINE: SKY :PK WND
================================================================================
1 2 3 4 5 6A 6B 7 8 9 10 11 12 13 14 15 16 17 18
12Z AVG MX 2MIN
DY MAX MIN AVG DEP HDD CDD WTR SNW DPTH SPD SPD DIR MIN PSBL S-S WX SPD DR
================================================================================
1 86 68 77 -1 0 12 0.00 0.0 0 10.4 18 170 M M 1 21 160
2 89 68 79 1 0 14 0.00 0.0 0 8.5 18 260 M M 0 21 260
3 89 70 80 2 0 15 0.00 M M 9.2 18 250 M M 1 22 250
4 87 68 78 0 0 13 0.00 M M 5.3 14 10 M M 0 17 10
5 86 69 78 0 0 13 0.00 M M 6.4 16 100 M M 0 29 80
6 87 71 79 1 0 14 0.38 M M 9.3 20 90 M M 4 18 27 40
7 83 74 79 0 0 14 0.04 M M 14.3 23 70 M M 5 28 80
8 84 68 76 -3 0 11 0.00 0.0 0 7.8 16 70 M M 2 23 90
9 87 70 79 0 0 14 0.00 0.0 0 5.2 14 100 M M 2 17 140
10 90 72 81 2 0 16 0.00 M M 5.0 16 110 M M 0 24 50
11 86 73 80 1 0 15 0.00 M M 9.3 17 70 M M 1 26 100
12 86 76 81 2 0 16 T 0.0 0 12.6 21 80 M M 2 26 80
13 85 74 80 1 0 15 T M M 10.9 18 70 M M 1 26 110
14 87 74 81 2 0 16 0.01 0.0 0 8.7 20 80 M M 3 3 25 90
15 88 73 81 1 0 16 0.06 0.0 0 8.5 18 80 M M 5 13 24 90
16 91 72 82 2 0 17 T 0.0 0 6.7 14 130 M M 1 18 140
17 91 74 83 3 0 18 0.79 0.0 0 8.3 23 170 M M 3 3 30 180
18 90 71 81 1 0 16 T 0.0 0 5.0 24 190 M M 1 3 33 200
19 88 76 82 2 0 17 0.15 0.0 0 4.2 16 120 M M 2 3 20 90
20 89 74 82 2 0 17 0.00 M M 6.3 17 90 M M 2 3 21 80
21 88 75 82 2 0 17 0.81 M M 5.1 17 120 M M 3 1 22 320
22 88 74 81 1 0 16 0.24 0.0 0 6.5 18 50 M M 4 18 23 50
23 86 71 79 -1 0 14 1.91 0.0 0 5.8 17 350 M M 5 13 23 350
24 89 72 81 0 0 16 0.05 0.0 0 5.2 24 200 M M 3 3 31 200
25 87 71 79 -2 0 14 0.07 0.0 0 3.6 30 100 M M 1 3 37 100
26 82 72 77 -4 0 12 1.02 M M 6.2 16 310 M M 3 138 18 310
27 86 70 78 -3 0 13 0.00 M M 7.0 21 130 M M 4 3 24 130
28 92 73 83 2 0 18 0.00 M M 5.5 15 290 M M 1 18 290
29 89 71 80 -1 0 15 0.01 M M 7.8 16 190 M M 1 3 19 190
30 88 73 81 0 0 16 0.76 0.0 0 8.4 17 90 M M 5 138 21 100
31 87 74 81 0 0 16 0.03 0.0 0 5.5 21 270 M M 2 13 24 270
================================================================================
SM 2711 2231 0 466 6.33 0.0 228.5 M 68
================================================================================
AV 87.5 72.0 7.4 FASTST M M 2 MAX(MPH)
MISC ----> 30 100 37 100
================================================================================
NOTES:
# LAST OF SEVERAL OCCURRENCES
COLUMN 17 PEAK WIND IN M.P.H.
PRELIMINARY LOCAL CLIMATOLOGICAL DATA (WS FORM: F-6) , PAGE 2
STATION: OPA-LOCKA ARPT
MONTH: MAY
YEAR: 2023
LATITUDE: 25 53 N
LONGITUDE: 80 17 W
[TEMPERATURE DATA] [PRECIPITATION DATA] SYMBOLS USED IN COLUMN 16
AVERAGE MONTHLY: 79.7 TOTAL FOR MONTH: 6.33 1 = FOG OR MIST
DPTR FM NORMAL: 0.0 DPTR FM NORMAL: 0.28 2 = FOG REDUCING VISIBILITY
HIGHEST: 92 ON 28 GRTST 24HR 1.94 ON 23-24 TO 1/4 MILE OR LESS
LOWEST: 68 ON 8, 4 3 = THUNDER
SNOW, ICE PELLETS, HAIL 4 = ICE PELLETS
TOTAL MONTH: 0.0 INCH 5 = HAIL
GRTST 24HR 0.0 6 = FREEZING RAIN OR DRIZZLE
GRTST DEPTH: 0 7 = DUSTSTORM OR SANDSTORM:
VSBY 1/2 MILE OR LESS
8 = SMOKE OR HAZE
[NO. OF DAYS WITH] [WEATHER - DAYS WITH] 9 = BLOWING SNOW
X = TORNADO
MAX 32 OR BELOW: 0 0.01 INCH OR MORE: 15
MAX 90 OR ABOVE: 5 0.10 INCH OR MORE: 8
MIN 32 OR BELOW: 0 0.50 INCH OR MORE: 5
MIN 0 OR BELOW: 0 1.00 INCH OR MORE: 2
[HDD (BASE 65) ]
TOTAL THIS MO. 0 CLEAR (SCALE 0-3) 23
DPTR FM NORMAL 0 PTCLDY (SCALE 4-7) 8
TOTAL FM JUL 1 78 CLOUDY (SCALE 8-10) 0
DPTR FM NORMAL -43
[CDD (BASE 65) ]
TOTAL THIS MO. 466
DPTR FM NORMAL 12 [PRESSURE DATA]
TOTAL FM JAN 1 1674 HIGHEST SLP 30.15 ON 7
DPTR FM NORMAL 336 LOWEST SLP 29.73 ON 25
[REMARKS]
#FINAL-05-23#