000
CXUS52 KMFL 011130
CF6OPF
PRELIMINARY LOCAL CLIMATOLOGICAL DATA (WS FORM: F-6)
STATION: OPA-LOCKA ARPT
MONTH: NOVEMBER
YEAR: 2022
LATITUDE: 25 53 N
LONGITUDE: 80 17 W
TEMPERATURE IN F: :PCPN: SNOW: WIND :SUNSHINE: SKY :PK WND
================================================================================
1 2 3 4 5 6A 6B 7 8 9 10 11 12 13 14 15 16 17 18
12Z AVG MX 2MIN
DY MAX MIN AVG DEP HDD CDD WTR SNW DPTH SPD SPD DIR MIN PSBL S-S WX SPD DR
================================================================================
1 89 75 82 5 0 17 T M M 6.4 14 90 M M 2 19 110
2 89 76 83 7 0 18 T 0.0 M 8.2 17 80 M M 2 20 60
3 88 74 81 5 0 16 0.04 0.0 0 7.6 15 70 M M 2 19 80
4 86 71 79 3 0 14 0.01 0.0 0 9.5 22 40 M M 2 31 40
5 86 70 78 2 0 13 0.04 0.0 0 6.5 18 120 M M 2 22 120
6 86 72 79 3 0 14 0.31 0.0 0 8.0 25 90 M M 4 33 90
7 85 71 78 3 0 13 0.37 0.0 0 11.8 23 60 M M 3 1 30 40
8 85 70 78 3 0 13 0.63 0.0 0 11.2 25 30 M M 5 1 35 40
9 78 71 75 0 0 10 1.11 0.0 0 16.4 28 300 M M 10 18 37 310
10 85 71 78 3 0 13 0.01 0.0 0 13.8 25 220 M M 5 1 43 230
11 87 71 79 4 0 14 T 0.0 0 6.5 18 230 M M 2 25 200
12 86 69 78 4 0 13 0.23 0.0 0 3.5 23 150 M M 4 123 27 150
13 87 70 79 5 0 14 0.00 0.0 0 3.4 12 100 M M 1 1 15 70
14 84 71 78 4 0 13 0.00 0.0 0 6.1 14 70 M M 3 21 70
15 86 69 78 4 0 13 0.00 0.0 0 4.8 14 130 M M 1 17 120
16 88 68 78 4 0 13 T 0.0 0 2.3 13 130 M M 4 1 14 130
17 80 68 74 0 0 9 0.00 0.0 0 9.6 15 50 M M 6 19 330
18 81 63 72 -2 0 7 0.00 0.0 0 9.6 17 60 M M 6 21 40
19 80 67 74 1 0 9 T 0.0 0 9.6 18 40 M M 6 24 40
20 77 69 73 0 0 8 4.70 0.0 0 10.7 22 340 M M 10 1 27 340
21 78 72 75 2 0 10 0.62 M M 11.1 21 110 M M 9 1 26 110
22 85 73 79 6 0 14 0.11 0.0 0 4.7 10 130 M M 4 1 15 140
23 85 71 78 5 0 13 0.00 M M 4.4 10 360 M M 5 12 13 360
24 86 71 79 6 0 14 0.00 M M 5.8 14 100 M M 2 17 100
25 88 74 81 8 0 16 0.00 0.0 0 4.4 10 170 M M 2 15 290
26 87 73 80 7 0 15 0.00 0.0 0 6.7 14 130 M M 1 18 110
27 87 72 80 8 0 15 0.00 0.0 0 6.0 15 250 M M 1 19 270
28 86 70 78 6 0 13 T 0.0 0 3.9 15 40 M M 2 1 20 10
29 83 70 77 5 0 12 0.00 0.0 0 8.8 17 80 M M 2 22 80
30 86 73 80 8 0 15 0.44 0.0 0 6.3 15 20 M M 3 18 21 120
================================================================================
SM 2544 2125 0 391 8.62 0.0 227.6 M 111
================================================================================
AV 84.8 70.8 7.6 FASTST M M 4 MAX(MPH)
MISC ----> 28 300 43 230
================================================================================
NOTES:
# LAST OF SEVERAL OCCURRENCES
COLUMN 17 PEAK WIND IN M.P.H.
PRELIMINARY LOCAL CLIMATOLOGICAL DATA (WS FORM: F-6) , PAGE 2
STATION: OPA-LOCKA ARPT
MONTH: NOVEMBER
YEAR: 2022
LATITUDE: 25 53 N
LONGITUDE: 80 17 W
[TEMPERATURE DATA] [PRECIPITATION DATA] SYMBOLS USED IN COLUMN 16
AVERAGE MONTHLY: 77.8 TOTAL FOR MONTH: 8.62 1 = FOG OR MIST
DPTR FM NORMAL: 3.8 DPTR FM NORMAL: 5.73 2 = FOG REDUCING VISIBILITY
HIGHEST: 89 ON 2, 1 GRTST 24HR 4.70 ON 20-20 TO 1/4 MILE OR LESS
LOWEST: 63 ON 18 3 = THUNDER
SNOW, ICE PELLETS, HAIL 4 = ICE PELLETS
TOTAL MONTH: 0.0 INCH 5 = HAIL
GRTST 24HR 0.0 6 = FREEZING RAIN OR DRIZZLE
GRTST DEPTH: 0 7 = DUSTSTORM OR SANDSTORM:
VSBY 1/2 MILE OR LESS
8 = SMOKE OR HAZE
[NO. OF DAYS WITH] [WEATHER - DAYS WITH] 9 = BLOWING SNOW
X = TORNADO
MAX 32 OR BELOW: 0 0.01 INCH OR MORE: 13
MAX 90 OR ABOVE: 0 0.10 INCH OR MORE: 9
MIN 32 OR BELOW: 0 0.50 INCH OR MORE: 4
MIN 0 OR BELOW: 0 1.00 INCH OR MORE: 2
[HDD (BASE 65) ]
TOTAL THIS MO. 0 CLEAR (SCALE 0-3) 15
DPTR FM NORMAL -4 PTCLDY (SCALE 4-7) 12
TOTAL FM JUL 1 0 CLOUDY (SCALE 8-10) 3
DPTR FM NORMAL 0
[CDD (BASE 65) ]
TOTAL THIS MO. 391
DPTR FM NORMAL 115 [PRESSURE DATA]
TOTAL FM JAN 1 4789 HIGHEST SLP 30.18 ON 19
DPTR FM NORMAL 494 LOWEST SLP 29.55 ON 10
[REMARKS]
#FINAL-11-22#