918
CXUS52 KMFL 011000
CF6OPF
PRELIMINARY LOCAL CLIMATOLOGICAL DATA (WS FORM: F-6)
STATION: OPA-LOCKA ARPT
MONTH: JULY
YEAR: 2020
LATITUDE: 25 53 N
LONGITUDE: 80 17 W
TEMPERATURE IN F: :PCPN: SNOW: WIND :SUNSHINE: SKY :PK WND
================================================================================
1 2 3 4 5 6A 6B 7 8 9 10 11 12 13 14 15 16 17 18
12Z AVG MX 2MIN
DY MAX MIN AVG DEP HDD CDD WTR SNW DPTH SPD SPD DIR MIN PSBL S-S WX SPD DR
================================================================================
1 94 74 84 1 0 19 1.09 0.0 0 5.7 24 350 M M 1 138 35 360
2 93 76 85 2 0 20 0.03 0.0 0 3.7 22 270 M M 2 38 28 270
3 93 77 85 2 0 20 T 0.0 0 6.4 21 190 M M 2 3 27 190
4 93 79 86 3 0 21 T 0.0 0 5.9 16 170 M M 2 3 21 190
5 93 72 83 0 0 18 2.08 0.0 0 4.7 29 50 M M 2 13 42 60
6 87 74 81 -2 0 16 0.02 0.0 0 2.5 20 210 M M 3 3 24 220
7 91 77 84 1 0 19 0.81 0.0 0 3.5 24 250 M M 2 38 27 250
8 95 77 86 3 0 21 0.26 0.0 0 3.9 21 240 M M 2 13 24 110
9 95 78 87 4 0 22 0.00 0.0 0 6.9 17 160 M M 1 20 150
10 94 76 85 2 0 20 0.25 0.0 0 6.5 39 310 M M 1 3 46 310
11 87 77 82 -1 0 17 0.30 0.0 0 6.0 23 310 M M 1 138 27 320
12 89 77 83 0 0 18 0.04 0.0 0 8.8 25 240 M M 0 32 240
13 91 77 84 1 0 19 T 0.0 0 6.8 24 300 M M 1 3 29 290
14 94 78 86 3 0 21 0.04 0.0 0 4.0 25 250 M M 1 38 37 250
15 93 78 86 3 0 21 T 0.0 0 4.3 16 330 M M 2 3 21 340
16 91 77 84 1 0 19 0.03 0.0 0 9.6 25 100 M M 2 3 33 110
17 90 72 81 -3 0 16 0.09 0.0 0 7.8 23 100 M M 2 138 27 120
18 85 72 79 -5 0 14 0.10 0.0 0 7.5 22 80 M M 5 13 27 70
19 90 76 83 -1 0 18 0.01 0.0 0 9.5 20 80 M M 2 1 24 90
20 90 77 84 0 0 19 T 0.0 0 9.4 25 100 M M 2 3 35 120
21 88 72 80 -4 0 15 T 0.0 0 9.4 31 160 M M 4 13 43 150
22 86 74 80 -4 0 15 M 0.0 0 5.5 20 80 M M 2 13 24 90
23 84 75 80 -4 0 15 M 0.0 0 6.9 20 200 M M 3 138 28 50
24 89 74 82 -2 0 17 M 0.0 0 10.3 21 90 M M 3 27 90
25 89 76 83 -1 0 18 0.01 0.0 0 9.2 28 90 M M 2 13 35 100
26 91 73 82 -2 0 17 0.19 0.0 0 5.8 23 180 M M 2 13 31 190
27 91 78 85 1 0 20 0.00 0.0 0 6.6 15 110 M M 1 20 130
28 91 77 84 0 0 19 0.00 0.0 0 6.8 16 130 M M 1 21 120
29 91 79 85 1 0 20 T 0.0 0 7.9 16 140 M M 1 21 140
30 91 79 85 1 0 20 0.00 0.0 0 8.5 16 90 M M 2 22 110
31 92 81 87 3 0 22 0.00 0.0 0 11.5 23 90 M M 3 27 70
================================================================================
SM 2811 2359 0 576 5.35 0.0 211.8 M 60
================================================================================
AV 90.7 76.1 6.8 FASTST M M 2 MAX(MPH)
MISC ----> # 39 310 # 46 310
================================================================================
NOTES:
# LAST OF SEVERAL OCCURRENCES
COLUMN 17 PEAK WIND IN M.P.H.
PRELIMINARY LOCAL CLIMATOLOGICAL DATA (WS FORM: F-6) , PAGE 2
STATION: OPA-LOCKA ARPT
MONTH: JULY
YEAR: 2020
LATITUDE: 25 53 N
LONGITUDE: 80 17 W
[TEMPERATURE DATA] [PRECIPITATION DATA] SYMBOLS USED IN COLUMN 16
AVERAGE MONTHLY: 83.4 TOTAL FOR MONTH: 5.35 1 = FOG OR MIST
DPTR FM NORMAL: -0.0 DPTR FM NORMAL: -1.68 2 = FOG REDUCING VISIBILITY
HIGHEST: 95 ON 9, 8 GRTST 24HR 2.08 ON 5- 5 TO 1/4 MILE OR LESS
LOWEST: 72 ON 21,18 3 = THUNDER
SNOW, ICE PELLETS, HAIL 4 = ICE PELLETS
TOTAL MONTH: 0.0 INCH 5 = HAIL
GRTST 24HR 0.0 6 = FREEZING RAIN OR DRIZZLE
GRTST DEPTH: 0 7 = DUSTSTORM OR SANDSTORM:
VSBY 1/2 MILE OR LESS
8 = SMOKE OR HAZE
[NO. OF DAYS WITH] [WEATHER - DAYS WITH] 9 = BLOWING SNOW
X = TORNADO
MAX 32 OR BELOW: 0 0.01 INCH OR MORE: 16
MAX 90 OR ABOVE: 22 0.10 INCH OR MORE: 8
MIN 32 OR BELOW: 0 0.50 INCH OR MORE: 3
MIN 0 OR BELOW: 0 1.00 INCH OR MORE: 2
[HDD (BASE 65) ]
TOTAL THIS MO. 0 CLEAR (SCALE 0-3) 28
DPTR FM NORMAL 0 PTCLDY (SCALE 4-7) 3
TOTAL FM JUL 1 0 CLOUDY (SCALE 8-10) 0
DPTR FM NORMAL 0
[CDD (BASE 65) ]
TOTAL THIS MO. 576
DPTR FM NORMAL 4 [PRESSURE DATA]
TOTAL FM JAN 1 2804 HIGHEST SLP 30.15 ON 26
DPTR FM NORMAL 479 LOWEST SLP 29.90 ON 4
[REMARKS]
#FINAL-07-20#