000
CXUS51 KBOX 011218
CF6ORH
PRELIMINARY LOCAL CLIMATOLOGICAL DATA (WS FORM: F-6)
STATION: WORCESTER MA
MONTH: OCTOBER
YEAR: 2022
LATITUDE: 42 16 N
LONGITUDE: 71 52 W
TEMPERATURE IN F: :PCPN: SNOW: WIND :SUNSHINE: SKY :PK WND
================================================================================
1 2 3 4 5 6A 6B 7 8 9 10 11 12 13 14 15 16 17 18
12Z AVG MX 2MIN
DY MAX MIN AVG DEP HDD CDD WTR SNW DPTH SPD SPD DIR MIN PSBL S-S WX SPD DR
================================================================================
1 54 48 51 -5 14 0 0.02 0.0 M 6.6 13 40 M M 7 20 40
2 53 43 48 -8 17 0 0.00 0.0 M 12.2 21 40 M M 5 34 40
3 51 43 47 -8 18 0 0.00 0.0 M 11.8 18 50 M M 4 26 50
4 53 45 49 -6 16 0 0.16 0.0 M 11.5 17 40 M M 10 1 26 40
5 57 50 54 0 11 0 1.06 0.0 M 10.2 16 20 M M 10 1 24 20
6 73 52 63 9 2 0 0.02 0.0 M 6.1 13 360 M M 2 1 18 10
7 73 49 61 7 4 0 T 0.0 M 11.0 23 310 M M 2 31 320
8 55 40 48 -5 17 0 0.00 0.0 M 8.7 17 270 M M 2 22 260
9 58 34 46 -7 19 0 0.00 0.0 M 9.7 21 250 M M 2 28 250
10 62 44 53 0 12 0 0.02 0.0 M 4.7 16 240 M M 7 20 240
11 63 43 53 1 12 0 0.00 0.0 M 8.1 14 250 M M 1 18 260
12 69 51 60 8 5 0 0.00 0.0 M 10.9 20 220 M M 0 26 230
13 63 52 58 6 7 0 0.75 0.0 M 12.5 24 170 M M 9 12 34 180
14 65 51 58 7 7 0 0.52 0.0 M 9.4 22 320 M M 8 1 29 310
15 67 47 57 6 8 0 0.00 0.0 M 9.1 14 240 M M 0 18 170
16 65 47 56 6 9 0 0.00 0.0 M 6.4 13 240 M M 2 17 220
17 54 47 51 1 14 0 0.60 0.0 M 3.6 12 280 M M 7 12 14 290
18 57 41 49 -1 16 0 0.23 0.0 M 7.9 18 240 M M 6 12 22 240
19 51 37 44 -5 21 0 0.00 0.0 M 11.2 23 240 M M 1 29 220
20 54 35 45 -4 20 0 0.00 0.0 M 12.4 26 220 M M 0 34 230
21 60 38 49 0 16 0 0.00 0.0 M 7.9 15 200 M M 0 19 200
22 66 41 54 6 11 0 0.00 0.0 M 8.2 15 230 M M 0 20 230
23 58 46 52 4 13 0 0.05 0.0 M 5.8 14 30 M M 4 21 20
24 56 49 53 5 12 0 0.09 0.0 M 8.2 16 20 M M 10 123 24 30
25 63 56 60 13 5 0 0.17 0.0 M 4.7 12 10 M M 10 12 14 10
26 66 60 63 16 2 0 0.75 0.0 M 4.6 17 230 M M 10 12 20 230
27 62 41 52 5 13 0 0.00 0.0 M 12.7 22 330 M M 1 32 310
28 51 38 45 -1 20 0 0.00 0.0 M 5.2 12 70 M M 0 17 30
29 58 38 48 2 17 0 0.00 0.0 M 4.0 8 250 M M 0 11 110
30 67 43 55 9 10 0 0.00 0.0 M 6.9 10 240 M M 0 13 310
31 63 39 51 6 14 0 0.00 0.0 M 12.3 22 250 M M 4 1 26 200
================================================================================
SM 1867 1388 382 0 4.44 0.0 264.5 M 124
================================================================================
AV 60.2 44.8 8.5 FASTST M M 4 MAX(MPH)
MISC ----> 26 220 # 34 40
================================================================================
NOTES:
# LAST OF SEVERAL OCCURRENCES
COLUMN 17 PEAK WIND IN M.P.H.
PRELIMINARY LOCAL CLIMATOLOGICAL DATA (WS FORM: F-6) , PAGE 2
STATION: WORCESTER MA
MONTH: OCTOBER
YEAR: 2022
LATITUDE: 42 16 N
LONGITUDE: 71 52 W
[TEMPERATURE DATA] [PRECIPITATION DATA] SYMBOLS USED IN COLUMN 16
AVERAGE MONTHLY: 52.5 TOTAL FOR MONTH: 4.44 1 = FOG OR MIST
DPTR FM NORMAL: 1.9 DPTR FM NORMAL: -0.40 2 = FOG REDUCING VISIBILITY
HIGHEST: 73 ON 7, 6 GRTST 24HR 1.20 ON 13-14 TO 1/4 MILE OR LESS
LOWEST: 34 ON 9 3 = THUNDER
SNOW, ICE PELLETS, HAIL 4 = ICE PELLETS
TOTAL MONTH: 0.0 INCH 5 = HAIL
GRTST 24HR 0.0 6 = FREEZING RAIN OR DRIZZLE
GRTST DEPTH: M ON M 7 = DUSTSTORM OR SANDSTORM:
VSBY 1/2 MILE OR LESS
8 = SMOKE OR HAZE
[NO. OF DAYS WITH] [WEATHER - DAYS WITH] 9 = BLOWING SNOW
X = TORNADO
MAX 32 OR BELOW: 0 0.01 INCH OR MORE: 13
MAX 90 OR ABOVE: 0 0.10 INCH OR MORE: 8
MIN 32 OR BELOW: 0 0.50 INCH OR MORE: 5
MIN 0 OR BELOW: 0 1.00 INCH OR MORE: 1
[HDD (BASE 65) ]
TOTAL THIS MO. 382 CLEAR (SCALE 0-3) 16
DPTR FM NORMAL -69 PTCLDY (SCALE 4-7) 9
TOTAL FM JUL 1 503 CLOUDY (SCALE 8-10) 6
DPTR FM NORMAL -121
[CDD (BASE 65) ]
TOTAL THIS MO. 0
DPTR FM NORMAL -3 [PRESSURE DATA]
TOTAL FM JAN 1 710 HIGHEST SLP 30.57 ON 28
DPTR FM NORMAL 209 LOWEST SLP 29.55 ON 18
[REMARKS]
#FINAL-10-22#