000
CXUS53 KDMX 050259
CF6OTM
PRELIMINARY LOCAL CLIMATOLOGICAL DATA (WS FORM: F-6)
STATION: OTTUMWA IA
MONTH: JUNE
YEAR: 2022
LATITUDE: 41 6 N
LONGITUDE: 92 27 W
TEMPERATURE IN F: :PCPN: SNOW: WIND :SUNSHINE: SKY :PK WND
================================================================================
1 2 3 4 5 6A 6B 7 8 9 10 11 12 13 14 15 16 17 18
12Z AVG MX 2MIN
DY MAX MIN AVG DEP HDD CDD WTR SNW DPTH SPD SPD DIR MIN PSBL S-S WX SPD DR
================================================================================
1 74 54 64 -4 1 0 0.02 0.0 0 7.7 14 20 M M 2 20 350
2 76 47 62 -6 3 0 0.00 0.0 0 8.9 20 10 M M 0 8 26 320
3 82 55 69 1 0 4 0.00 0.0 0 7.7 17 300 M M 1 23 290
4 81 60 71 2 0 6 0.00 0.0 0 6.6 17 200 M M 0 26 170
5 83 56 70 1 0 5 0.39 0.0 0 9.4 21 330 M M 0 13 32 310
6 80 62 71 2 0 6 0.16 0.0 0 6.3 17 100 M M 0 123 21 100
7 80 62 71 1 0 6 0.07 0.0 0 5.9 13 10 M M 0 13 17 10
8 76 57 67 -3 0 2 0.51 0.0 0 9.3 39 140 M M 0 13 52 140
9 79 54 67 -3 0 2 T 0.0 0 4.4 14 280 M M 0 20 280
10 73 61 67 -3 0 2 0.52 0.0 0 4.8 9 140 M M 0 1 13 130
11 82 61 72 1 0 7 0.02 0.0 0 5.6 13 200 M M 0 1 16 190
12 86 68 77 6 0 12 0.00 0.0 0 7.5 15 100 M M 0 1 18 130
13 90 76 83 12 0 18 T 0.0 0 13.0 22 180 M M 0 1 38 180
14 94 78 86 14 0 21 0.00 0.0 0 15.3 29 180 M M 0 38 170
15 92 69 81 9 0 16 0.22 0.0 0 9.4 24 180 M M 3 13 37 160
16 91 63 77 5 0 12 0.00 0.0 0 6.8 14 240 M M 1 128 19 250
17 89 68 79 7 0 14 0.00 0.0 0 6.6 17 230 M M 0 22 230
18 83 63 73 1 0 8 0.00 0.0 0 10.7 18 120 M M 1 25 130
19 86 59 73 0 0 8 0.00 0.0 0 11.2 18 180 M M 0 8 25 170
20 90 64 77 4 0 12 0.00 0.0 0 11.7 18 170 M M 0 25 180
21 95 70 83 10 0 18 0.26 0.0 0 11.5 37 300 M M 1 13 55 310
22 86 64 75 2 0 10 0.00 0.0 0 6.7 14 290 M M 1 20 290
23 88 61 75 2 0 10 0.00 0.0 0 5.7 16 180 M M 0 21 220
24 81 68 75 1 0 10 0.02 0.0 0 9.4 18 150 M M 6 29 130
25 87 69 78 4 0 13 0.19 0.0 0 10.6 20 320 M M 6 13 31 160
26 78 56 67 -7 0 2 0.00 0.0 0 11.0 24 340 M M 1 32 340
27 82 52 67 -7 0 2 0.00 0.0 0 6.3 14 350 M M 0 18 360
28 84 55 70 -4 0 5 0.00 0.0 0 9.8 21 200 M M 1 27 190
29 91 61 76 2 0 11 0.00 0.0 0 8.6 21 200 M M 0 27 190
30 89 66 78 4 0 13 0.00 0.0 0 12.0 24 210 M M 0 34 210
================================================================================
SM 2528 1859 4 255 2.38 0.0 260.4 M 24
================================================================================
AV 84.3 62.0 8.7 FASTST M M 1 MAX(MPH)
MISC ----> 39 140 55 310
================================================================================
NOTES:
# LAST OF SEVERAL OCCURRENCES
COLUMN 17 PEAK WIND IN M.P.H.
PRELIMINARY LOCAL CLIMATOLOGICAL DATA (WS FORM: F-6) , PAGE 2
STATION: OTTUMWA IA
MONTH: JUNE
YEAR: 2022
LATITUDE: 41 6 N
LONGITUDE: 92 27 W
[TEMPERATURE DATA] [PRECIPITATION DATA] SYMBOLS USED IN COLUMN 16
AVERAGE MONTHLY: 73.1 TOTAL FOR MONTH: 2.38 1 = FOG OR MIST
DPTR FM NORMAL: 1.5 DPTR FM NORMAL: -3.00 2 = FOG REDUCING VISIBILITY
HIGHEST: 95 ON 21 GRTST 24HR 0.58 ON 7- 8 TO 1/4 MILE OR LESS
LOWEST: 47 ON 2 3 = THUNDER
SNOW, ICE PELLETS, HAIL 4 = ICE PELLETS
TOTAL MONTH: 0.0 INCH 5 = HAIL
GRTST 24HR 0.0 6 = FREEZING RAIN OR DRIZZLE
GRTST DEPTH: 0 7 = DUSTSTORM OR SANDSTORM:
VSBY 1/2 MILE OR LESS
8 = SMOKE OR HAZE
[NO. OF DAYS WITH] [WEATHER - DAYS WITH] 9 = BLOWING SNOW
X = TORNADO
MAX 32 OR BELOW: 0 0.01 INCH OR MORE: 11
MAX 90 OR ABOVE: 7 0.10 INCH OR MORE: 7
MIN 32 OR BELOW: 0 0.50 INCH OR MORE: 2
MIN 0 OR BELOW: 0 1.00 INCH OR MORE: 0
[HDD (BASE 65) ]
TOTAL THIS MO. 4 CLEAR (SCALE 0-3) 27
DPTR FM NORMAL -13 PTCLDY (SCALE 4-7) 3
TOTAL FM JUL 1 5952 CLOUDY (SCALE 8-10) 0
DPTR FM NORMAL -191
[CDD (BASE 65) ]
TOTAL THIS MO. 255
DPTR FM NORMAL 40 [PRESSURE DATA]
TOTAL FM JAN 1 380 HIGHEST SLP 30.32 ON 27
DPTR FM NORMAL 87 LOWEST SLP 29.61 ON 6
[REMARKS]
#FINAL-06-22#