000
CXUS53 KPAH 010730
CF6OWB
PRELIMINARY LOCAL CLIMATOLOGICAL DATA (WS FORM: F-6)
STATION: OWENSBORO KY
MONTH: MAY
YEAR: 2023
LATITUDE: 37 45 N
LONGITUDE: 87 10 W
TEMPERATURE IN F: :PCPN: SNOW: WIND :SUNSHINE: SKY :PK WND
================================================================================
1 2 3 4 5 6A 6B 7 8 9 10 11 12 13 14 15 16 17 18
12Z AVG MX 2MIN
DY MAX MIN AVG DEP HDD CDD WTR SNW DPTH SPD SPD DIR MIN PSBL S-S WX SPD DR
================================================================================
1 64 48 56 -8 9 0 0.00 M M 16.5 30 280 M M 7 39 290
2 62 44 53 -12 12 0 0.00 M M 13.6 26 290 M M 4 33 300
3 65 43 54 -11 11 0 0.00 M M 7.1 16 320 M M 0 8 21 310
4 72 40 56 -9 9 0 0.00 M M 2.2 9 220 M M 0 15 280
5 75 49 62 -4 3 0 0.00 M M 6.5 20 220 M M 2 22 220
6 81 59 70 4 0 5 0.00 M M 10.5 18 180 M M 7 24 180
7 74 60 67 1 0 2 0.61 M M 11.1 25 70 M M 7 13 30 70
8 79 59 69 3 0 4 0.95 M M 7.3 20 150 M M 5 13 25 150
9 74 62 68 2 0 3 0.03 M M 6.0 16 260 M M 5 138 20 10
10 81 57 69 2 0 4 0.00 M M 7.1 15 140 M M 0 8 20 100
11 78 61 70 3 0 5 T M M 7.3 18 170 M M 4 21 160
12 74 66 70 3 0 5 0.13 M M 7.7 15 140 M M 9 1 18 140
13 82 66 74 7 0 9 0.00 M M 5.2 13 210 M M 6 1 15 210
14 85 67 76 8 0 11 0.38 M M 4.0 18 250 M M 6 13 21 250
15 80 65 73 5 0 8 0.00 M M 5.4 10 50 M M 3 1 14 50
16 73 59 66 -2 0 1 0.01 M M 6.4 20 330 M M 7 13 24 330
17 80 55 68 0 0 3 0.00 M M 4.1 12 100 M M 1 12 14 80
18 79 57 68 -1 0 3 0.00 M M 5.6 12 70 M M 0 8 15 20
19 81 60 71 2 0 6 T M M 7.3 18 190 M M 6 30 340
20 73 59 66 -3 0 1 0.14 M M 8.3 17 330 M M 4 18 22 330
21 77 53 65 -4 0 0 0.00 M M 6.2 15 60 M M 0 20 90
22 80 56 68 -2 0 3 0.00 M M 8.0 18 110 M M 0 22 90
23 85 58 72 2 0 7 0.00 M M 2.9 13 50 M M 2 14 140
24 85 62 74 4 0 9 0.00 M M 3.3 15 80 M M 2 1 18 40
25 76 60 68 -2 0 3 0.00 M M 9.3 16 70 M M 0 20 60
26 77 54 66 -5 0 1 0.00 M M 8.4 16 70 M M 0 23 60
27 81 59 70 -1 0 5 0.00 M M 9.3 18 70 M M 1 8 22 60
28 70 58 64 -7 1 0 0.00 M M 5.7 16 120 M M 5 18 120
29 83 55 69 -3 0 4 0.00 M M 2.3 12 20 M M 4 15 320
30 87 62 75 3 0 10 0.00 M M 3.9 13 160 M M 2 17 170
31 88 65 77 5 0 12 0.01 M M 3.3 24 140 M M 3 3 30 150
================================================================================
SM 2401 1778 45 124 2.26 M 211.8 M 102
================================================================================
AV 77.5 57.4 6.8 FASTST M M 3 MAX(MPH)
MISC ----> 30 280 39 290
================================================================================
NOTES:
# LAST OF SEVERAL OCCURRENCES
COLUMN 17 PEAK WIND IN M.P.H.
PRELIMINARY LOCAL CLIMATOLOGICAL DATA (WS FORM: F-6) , PAGE 2
STATION: OWENSBORO KY
MONTH: MAY
YEAR: 2023
LATITUDE: 37 45 N
LONGITUDE: 87 10 W
[TEMPERATURE DATA] [PRECIPITATION DATA] SYMBOLS USED IN COLUMN 16
AVERAGE MONTHLY: 67.4 TOTAL FOR MONTH: 2.26 1 = FOG OR MIST
DPTR FM NORMAL: -0.8 DPTR FM NORMAL: -3.58 2 = FOG REDUCING VISIBILITY
HIGHEST: 88 ON 31 GRTST 24HR 1.54 ON 7- 8 TO 1/4 MILE OR LESS
LOWEST: 40 ON 4 3 = THUNDER
SNOW, ICE PELLETS, HAIL 4 = ICE PELLETS
TOTAL MONTH: M 5 = HAIL
GRTST 24HR M ON M 6 = FREEZING RAIN OR DRIZZLE
GRTST DEPTH: M ON M 7 = DUSTSTORM OR SANDSTORM:
VSBY 1/2 MILE OR LESS
8 = SMOKE OR HAZE
[NO. OF DAYS WITH] [WEATHER - DAYS WITH] 9 = BLOWING SNOW
X = TORNADO
MAX 32 OR BELOW: 0 0.01 INCH OR MORE: 8
MAX 90 OR ABOVE: 0 0.10 INCH OR MORE: 5
MIN 32 OR BELOW: 0 0.50 INCH OR MORE: 2
MIN 0 OR BELOW: 0 1.00 INCH OR MORE: 0
[HDD (BASE 65) ]
TOTAL THIS MO. 45 CLEAR (SCALE 0-3) 15
DPTR FM NORMAL -6 PTCLDY (SCALE 4-7) 15
TOTAL FM JUL 1 3722 CLOUDY (SCALE 8-10) 1
DPTR FM NORMAL -148
[CDD (BASE 65) ]
TOTAL THIS MO. 124
DPTR FM NORMAL -26 [PRESSURE DATA]
TOTAL FM JAN 1 151 HIGHEST SLP 30.21 ON 26
DPTR FM NORMAL -50 LOWEST SLP 29.83 ON 16
[REMARKS]
#FINAL-05-23#