000
CXUS53 KDDC 011656
CF6P28
PRELIMINARY LOCAL CLIMATOLOGICAL DATA (WS FORM: F-6)
STATION: MEDICINE LODGE KS
MONTH: MARCH
YEAR: 2021
LATITUDE: 37 17 N
LONGITUDE: 98 35 W
TEMPERATURE IN F: :PCPN: SNOW: WIND :SUNSHINE: SKY :PK WND
================================================================================
1 2 3 4 5 6A 6B 7 8 9 10 11 12 13 14 15 16 17 18
12Z AVG MX 2MIN
DY MAX MIN AVG DEP HDD CDD WTR SNW DPTH SPD SPD DIR MIN PSBL S-S WX SPD DR
================================================================================
1 59 17 38 -4 27 0 0.00 0.0 0 4.5 14 350 M M 0 20 320
2 68 20 44 2 21 0 0.00 0.0 0 6.4 22 220 M M 0 29 200
3 71 27 49 6 16 0 0.00 0.0 0 4.7 15 180 M M 0 21 190
4 68 31 50 7 15 0 0.00 0.0 0 9.2 17 70 M M 0 30 160
5 64 38 51 8 14 0 0.36 0.0 0 7.4 15 50 M M 0 22 60
6 64 29 47 3 18 0 0.00 0.0 0 7.8 18 180 M M 0 26 190
7 67 39 53 9 12 0 0.00 0.0 0 14.7 29 200 M M 0 42 190
8 69 38 54 10 11 0 0.00 0.0 0 13.7 30 190 M M 0 41 170
9 72 47 60 15 5 0 0.00 0.0 0 16.0 32 190 M M 0 45 170
10 79 48 64 19 1 0 0.00 0.0 0 16.6 31 230 M M 0 43 250
11 63 35 49 4 16 0 0.00 0.0 0 11.3 22 10 M M 0 32 50
12 51 44 48 2 17 0 0.46 0.0 0 10.1 17 70 M M 0 24 70
13 62 46 54 8 11 0 0.14 0.0 0 11.5 20 140 M M 0 33 140
14 67 52 60 14 5 0 0.23 0.0 0 13.9 25 210 M M 0 47 160
15 60 38 49 3 16 0 0.00 0.0 0 9.6 29 300 M M 0 37 310
16 71 38 55 8 10 0 0.20 0.0 0 11.1 37 20 M M 0 48 30
17 46 36 41 -6 24 0 0.65 0.0 0 23.2 40 40 M M 0 54 360
18 51 32 42 -5 23 0 0.00 0.0 0 16.0 32 360 M M 0 46 350
19 59 29 44 -4 21 0 0.00 0.0 0 5.4 10 130 M M 0 15 120
20 65 35 50 2 15 0 0.00 0.0 0 11.8 23 170 M M 0 36 170
21 68 44 56 8 9 0 0.00 0.0 0 12.8 29 180 M M 0 40 180
22 54 49 52 3 13 0 1.46 0.0 0 8.4 16 160 M M 0 25 160
23 51 41 46 -3 19 0 0.05 0.0 0 17.3 28 320 M M 0 43 330
24 51 42 47 -2 18 0 0.01 0.0 0 10.8 28 350 M M 0 39 340
25 55 38 47 -2 18 0 0.00 0.0 0 6.6 13 290 M M 0 18 280
26 74 41 58 8 7 0 0.00 0.0 0 11.1 25 190 M M 0 38 180
27 M M M M M M 0.00 0.0 0 M M M M M 0 M M
28 M M M M M M 0.00 0.0 0 M M M M M M M M
29 M M M M M M 0.00 0.0 0 M M M M M M M M
30 M M M M M M 0.00 0.0 0 M M M M M M M M
31 M M M M M M 0.00 0.0 0 M M M M M M M M
================================================================================
SM 1629 974 382 0 3.56 0.0 291.9 M 0
================================================================================
AV 62.7 37.5 11.2 FASTST M M 0 MAX(MPH)
MISC ----> 40 40 54 360
================================================================================
NOTES:
# LAST OF SEVERAL OCCURRENCES
COLUMN 17 PEAK WIND IN M.P.H.
PRELIMINARY LOCAL CLIMATOLOGICAL DATA (WS FORM: F-6) , PAGE 2
STATION: MEDICINE LODGE KS
MONTH: MARCH
YEAR: 2021
LATITUDE: 37 17 N
LONGITUDE: 98 35 W
[TEMPERATURE DATA] [PRECIPITATION DATA] SYMBOLS USED IN COLUMN 16
AVERAGE MONTHLY: 50.1 TOTAL FOR MONTH: 3.56 1 = FOG OR MIST
DPTR FM NORMAL: 3.4 DPTR FM NORMAL: 1.30 2 = FOG REDUCING VISIBILITY
HIGHEST: 79 ON 10 GRTST 24HR 1.51 ON 22-23 TO 1/4 MILE OR LESS
LOWEST: 17 ON 1 3 = THUNDER
SNOW, ICE PELLETS, HAIL 4 = ICE PELLETS
TOTAL MONTH: 0.0 INCH 5 = HAIL
GRTST 24HR 0.0 6 = FREEZING RAIN OR DRIZZLE
GRTST DEPTH: 0 7 = DUSTSTORM OR SANDSTORM:
VSBY 1/2 MILE OR LESS
8 = SMOKE OR HAZE
[NO. OF DAYS WITH] [WEATHER - DAYS WITH] 9 = BLOWING SNOW
X = TORNADO
MAX 32 OR BELOW: 0 0.01 INCH OR MORE: 9
MAX 90 OR ABOVE: 0 0.10 INCH OR MORE: 7
MIN 32 OR BELOW: 7 0.50 INCH OR MORE: 2
MIN 0 OR BELOW: 0 1.00 INCH OR MORE: 1
[HDD (BASE 65) ]
TOTAL THIS MO. 382
DPTR FM NORMAL -186
TOTAL FM JUL 1 4016
DPTR FM NORMAL -82
[CDD (BASE 65) ]
TOTAL THIS MO. 0
DPTR FM NORMAL -2 [PRESSURE DATA]
TOTAL FM JAN 1 0 HIGHEST SLP M ON M
DPTR FM NORMAL -2 LOWEST SLP 29.32 ON 23
[REMARKS]
#FINAL-03-21#