995
CXUS53 KPAH 011847
CF6PAH
PRELIMINARY LOCAL CLIMATOLOGICAL DATA (WS FORM: F-6)
STATION: PADUCAH KY
MONTH: SEPTEMBER
YEAR: 2020
LATITUDE: 37 4 N
LONGITUDE: 88 46 W
TEMPERATURE IN F: :PCPN: SNOW: WIND :SUNSHINE: SKY :PK WND
================================================================================
1 2 3 4 5 6A 6B 7 8 9 10 11 12 13 14 15 16 17 18
12Z AVG MX 2MIN
DY MAX MIN AVG DEP HDD CDD WTR SNW DPTH SPD SPD DIR MIN PSBL S-S WX SPD DR
================================================================================
1 80 68 74 -1 0 9 0.73 0.0 0 4.0 14 170 M M 8 123 20 180
2 85 73 79 4 0 14 0.73 0.0 0 3.3 13 250 M M 9 18 16 250
3 86 74 80 5 0 15 0.35 0.0 0 6.4 16 240 M M 6 18 21 230
4 82 60 71 -3 0 6 0.00 0.0 0 4.7 12 20 M M 1 17 10
5 86 58 72 -2 0 7 0.00 0.0 0 1.4 6 340 M M 0 11 160
6 87 59 73 -1 0 8 0.00 0.0 0 2.9 10 170 M M 0 1 14 160
7 89 69 79 6 0 14 0.00 0.0 0 6.9 16 240 M M 0 23 240
8 90 68 79 6 0 14 0.00 0.0 0 4.6 12 230 M M 0 17 230
9 90 64 77 4 0 12 0.00 0.0 0 2.0 8 120 M M 0 1 11 120
10 92 64 78 6 0 13 0.00 0.0 0 1.4 8 70 M M 1 12 12 120
11 90 68 79 7 0 14 0.00 0.0 0 4.2 10 50 M M 1 128 14 40
12 89 71 80 8 0 15 1.79 0.0 0 2.3 18 210 M M 5 1238 35 210
13 84 67 76 5 0 11 0.00 0.0 0 4.7 13 350 M M 5 1 17 10
14 84 63 74 3 0 9 0.00 0.0 0 6.7 15 40 M M 0 20 30
15 84 62 73 3 0 8 0.00 0.0 0 6.8 14 50 M M 0 19 50
16 87 62 75 5 0 10 0.00 0.0 0 2.2 9 120 M M 3 12 120
17 86 63 75 5 0 10 0.00 0.0 0 6.7 15 20 M M 2 21 20
18 77 55 66 -3 0 1 0.00 0.0 0 8.4 18 30 M M 0 29 360
19 75 50 63 -6 2 0 0.00 0.0 0 5.9 15 60 M M 0 21 30
20 79 50 65 -3 0 0 0.00 0.0 0 4.3 14 90 M M 0 20 110
21 79 52 66 -2 0 1 0.00 0.0 0 2.3 12 90 M M 3 1 17 90
22 70 51 61 -6 4 0 T 0.0 0 1.8 10 170 M M 1 1 13 160
23 68 57 63 -4 2 0 0.01 0.0 0 2.0 9 100 M M 9 12 90
24 69 59 64 -2 1 0 0.04 0.0 0 5.0 17 110 M M 10 18 23 120
25 74 61 68 2 0 3 0.00 0.0 0 2.2 6 230 M M 10 9 240
26 78 61 70 4 0 5 0.00 0.0 0 4.5 14 220 M M 8 8 24 250
27 83 62 73 8 0 8 0.00 0.0 0 5.6 16 260 M M 4 1 24 260
28 70 52 61 -4 4 0 1.33 0.0 0 8.1 18 350 M M 5 13 27 350
29 69 47 58 -6 7 0 0.00 0.0 0 5.8 14 320 M M 3 20 320
30 83 52 68 4 0 3 0.00 0.0 0 9.7 22 230 M M 1 8 35 230
================================================================================
SM 2445 1822 20 210 4.98 0.0 136.8 M 95
================================================================================
AV 81.5 60.7 4.6 FASTST M M 3 MAX(MPH)
MISC ----> 22 230 # 35 210
================================================================================
NOTES:
# LAST OF SEVERAL OCCURRENCES
COLUMN 17 PEAK WIND IN M.P.H.
PRELIMINARY LOCAL CLIMATOLOGICAL DATA (WS FORM: F-6) , PAGE 2
STATION: PADUCAH KY
MONTH: SEPTEMBER
YEAR: 2020
LATITUDE: 37 4 N
LONGITUDE: 88 46 W
[TEMPERATURE DATA] [PRECIPITATION DATA] SYMBOLS USED IN COLUMN 16
AVERAGE MONTHLY: 71.1 TOTAL FOR MONTH: 4.98 1 = FOG OR MIST
DPTR FM NORMAL: 1.2 DPTR FM NORMAL: 1.23 2 = FOG REDUCING VISIBILITY
HIGHEST: 92 ON 10 GRTST 24HR 1.79 ON 12-12 TO 1/4 MILE OR LESS
LOWEST: 47 ON 29 3 = THUNDER
SNOW, ICE PELLETS, HAIL 4 = ICE PELLETS
TOTAL MONTH: 0.0 INCH 5 = HAIL
GRTST 24HR 0.0 6 = FREEZING RAIN OR DRIZZLE
GRTST DEPTH: 0 7 = DUSTSTORM OR SANDSTORM:
VSBY 1/2 MILE OR LESS
8 = SMOKE OR HAZE
[NO. OF DAYS WITH] [WEATHER - DAYS WITH] 9 = BLOWING SNOW
X = TORNADO
MAX 32 OR BELOW: 0 0.01 INCH OR MORE: 7
MAX 90 OR ABOVE: 4 0.10 INCH OR MORE: 5
MIN 32 OR BELOW: 0 0.50 INCH OR MORE: 4
MIN 0 OR BELOW: 0 1.00 INCH OR MORE: 2
[HDD (BASE 65) ]
TOTAL THIS MO. 20 CLEAR (SCALE 0-3) 19
DPTR FM NORMAL -18 PTCLDY (SCALE 4-7) 7
TOTAL FM JUL 1 20 CLOUDY (SCALE 8-10) 4
DPTR FM NORMAL -18
[CDD (BASE 65) ]
TOTAL THIS MO. 210
DPTR FM NORMAL 23 [PRESSURE DATA]
TOTAL FM JAN 1 1599 HIGHEST SLP 30.35 ON 21
DPTR FM NORMAL 99 LOWEST SLP 29.70 ON 28
[REMARKS]
#FINAL-09-20#