000
CXUS53 KPAH 021456
CLSPAH
CLIMATE REPORT
NATIONAL WEATHER SERVICE PADUCAH
856 AM CST THU DEC 02 2021
...................................
...THE PADUCAH KY CLIMATE SUMMARY FOR THE SEASON, FROM
9/1/2021 TO 11/30/2021...
CLIMATE NORMAL PERIOD 1991 TO 2020
CLIMATE RECORD PERIOD 1937 TO 2021
WEATHER OBSERVED NORMAL DEPART LAST YEAR`S
VALUE DATE(S) VALUE FROM VALUE
NORMAL
..............................................................
TEMPERATURE (F)
RECORD
HIGH 104 09/05/1954
09/09/1939
LOW -3 11/25/1950
HIGHEST 92 09/13 70 22
LOWEST 23 11/23 48 -25
AVG. MAXIMUM 72.4 71.2 1.2
AVG. MINIMUM 49.3 48.0 1.3
MEAN 60.9 59.6 1.3
DAYS MAX >= 90 2 6.9 -4.9
DAYS MAX <= 32 0 0.1 -0.1
DAYS MIN <= 32 17 12.6 4.4
DAYS MIN <= 0 0 0.0 0.0
PRECIPITATION (INCHES)
RECORD
MAXIMUM 22.54 2006
MINIMUM 3.10 1963
TOTALS 8.36 11.63 -3.27
DAILY AVG. 0.09 0.13 -0.04
DAYS >= .01 29 24.4 4.6
DAYS >= .10 17 16.4 0.6
DAYS >= .50 5 7.6 -2.6
DAYS >= 1.00 1 3.5 -2.5
GREATEST
24 HR. TOTAL 2.46
SNOWFALL (INCHES)
RECORDS
TOTAL 2.8 2014
24 HR TOTAL 2.1 MM
TOTALS 0.0 0.3 -0.3
LIQUID EQUIV 0.00
SINCE 7/1 0.0 0.3 -0.3
LIQUID 7/1 0.00
SNOWDEPTH AVG. 0
DAYS >= TRACE 0
DAYS >= 1.0 0
GREATEST
SNOW DEPTH 0
24 HR TOTAL 0.0
STORM TOTAL 0.0
(MM/DD(HH))
DEGREE DAYS
HEATING TOTAL 709 756 -47
SINCE 7/1 709 756 -47
COOLING TOTAL 359 263 96
SINCE 1/1 1760 1683 77
FREEZE DATES
EARLIEST 11/03
LATEST 04/02
..............................................................
WIND (MPH)
AVERAGE WIND SPEED 4.2
HIGHEST WIND SPEED/DIRECTION 22/180 DATE 10/11
22/330 10/15
22/330 11/17
HIGHEST GUST SPEED/DIRECTION 45/180 DATE 10/11
SKY COVER
POSSIBLE SUNSHINE (PERCENT) MM
AVERAGE SKY COVER 0.28
NUMBER OF DAYS FAIR 58
NUMBER OF DAYS PC 25
NUMBER OF DAYS CLOUDY 8
AVERAGE RH (PERCENT) 66
WEATHER CONDITIONS. NUMBER OF DAYS WITH
THUNDERSTORM 6 MIXED PRECIP 0
HEAVY RAIN 12 RAIN 15
LIGHT RAIN 31 FREEZING RAIN 0
LT FREEZING RAIN 0 HAIL 0
HEAVY SNOW 0 SNOW 0
LIGHT SNOW 0 SLEET 0
FOG 43 FOG W/VIS <= 1/4 MILE 4
HAZE 16
- INDICATES NEGATIVE NUMBERS.
R INDICATES RECORD WAS SET OR TIED.
MM INDICATES DATA IS MISSING.
T INDICATES TRACE AMOUNT.
$$