000
CXUS53 KPAH 012240
CLSPAH
CLIMATE REPORT
NATIONAL WEATHER SERVICE PADUCAH
440 PM CST SUN MAR 01 2020
...................................
...THE PADUCAH KY CLIMATE SUMMARY FOR THE SEASON, FROM
12/1/2019 TO 2/29/2020...
CLIMATE NORMAL PERIOD 1981 TO 2010
CLIMATE RECORD PERIOD 1937 TO 2020
WEATHER OBSERVED NORMAL DEPART LAST YEAR`S
VALUE DATE(S) VALUE FROM VALUE
NORMAL
..............................................................
TEMPERATURE (F)
RECORD
HIGH 78 02/13/1962
LOW -15 01/20/1985
HIGHEST 71 02/03 45 26
LOWEST 13 02/14 27 -14
AVG. MAXIMUM 50.3 46.1 4.2
AVG. MINIMUM 32.1 28.0 4.1
MEAN 41.2 37.0 4.2
DAYS MAX >= 90 0 0.0 0.0
DAYS MAX <= 32 4 10.8 -6.8
DAYS MIN <= 32 46 59.4 -13.4
DAYS MIN <= 0 0 1.1 -1.1
PRECIPITATION (INCHES)
RECORD
MAXIMUM 27.23 1949
MINIMUM 3.98 1962
TOTALS 14.74 12.18 2.56
DAILY AVG. 0.16 NAN NAN
DAYS >= .01 35 28.7 6.3
DAYS >= .10 19 18.6 0.4
DAYS >= .50 8 8.4 -0.4
DAYS >= 1.00 5 3.3 1.7
GREATEST
24 HR. TOTAL 3.15
STORM TOTAL 3.09
(MM/DD(HH))
SNOWFALL (INCHES)
RECORDS
TOTAL 24.7 1978
24 HR TOTAL 14.0 12/22/2004 TO 12/22/2004
TOTALS T 8.4 -8.4
LIQUID EQUIV T
SINCE 7/1 1.2 8.5 -7.3
LIQUID 7/1 0.12
SNOWDEPTH AVG. 0
DAYS >= TRACE 10
DAYS >= 1.0 0
GREATEST
SNOW DEPTH 0
24 HR TOTAL MM
STORM TOTAL 0.0
(MM/DD(HH))
DEGREE DAYS
HEATING TOTAL 2140 2519 -379
SINCE 7/1 3027 3339 -312
COOLING TOTAL 0 1 -1
SINCE 1/1 0 0 0
FREEZE DATES
RECORD
EARLIEST 10/01/1984
LATEST 04/28/1992
EARLIEST 10/31
LATEST 04/15
..............................................................
WIND (MPH)
AVERAGE WIND SPEED 7.1
HIGHEST WIND SPEED/DIRECTION 30/260 DATE 12/01
HIGHEST GUST SPEED/DIRECTION 45/260 DATE 12/01
SKY COVER
POSSIBLE SUNSHINE (PERCENT) MM
AVERAGE SKY COVER 0.56
NUMBER OF DAYS FAIR 30
NUMBER OF DAYS PC 24
NUMBER OF DAYS CLOUDY 37
AVERAGE RH (PERCENT) 71
WEATHER CONDITIONS. NUMBER OF DAYS WITH
THUNDERSTORM 3 MIXED PRECIP 0
HEAVY RAIN 11 RAIN 15
LIGHT RAIN 36 FREEZING RAIN 0
LT FREEZING RAIN 0 HAIL 0
HEAVY SNOW 0 SNOW 0
LIGHT SNOW 7 SLEET 0
FOG 55 FOG W/VIS <= 1/4 MILE 6
HAZE 32
- INDICATES NEGATIVE NUMBERS.
R INDICATES RECORD WAS SET OR TIED.
MM INDICATES DATA IS MISSING.
T INDICATES TRACE AMOUNT.
$$