000
CXUS54 KLZK 011130
CF6PBF
PRELIMINARY LOCAL CLIMATOLOGICAL DATA (WS FORM: F-6)
STATION: PINE BLUFF
MONTH: AUGUST
YEAR: 2021
LATITUDE: 34 10 N
LONGITUDE: 91 56 W
TEMPERATURE IN F: :PCPN: SNOW: WIND :SUNSHINE: SKY :PK WND
================================================================================
1 2 3 4 5 6A 6B 7 8 9 10 11 12 13 14 15 16 17 18
12Z AVG MX 2MIN
DY MAX MIN AVG DEP HDD CDD WTR SNW DPTH SPD SPD DIR MIN PSBL S-S WX SPD DR
================================================================================
1 94 78 86 4 0 21 0.01 0.0 0 5.7 13 20 M M 1 38 18 50
2 87 74 81 -1 0 16 0.03 0.0 0 6.4 12 70 M M 5 16 60
3 88 73 81 -1 0 16 0.00 0.0 0 6.6 14 50 M M 3 18 18 80
4 89 67 78 -4 0 13 0.00 0.0 0 4.7 13 10 M M 2 17 50
5 90 65 78 -4 0 13 0.00 0.0 0 3.1 12 30 M M 0 18 15 50
6 91 68 80 -2 0 15 T 0.0 0 2.5 13 310 M M 0 18 14 310
7 94 69 82 0 0 17 0.00 0.0 0 4.2 12 200 M M 1 1 14 190
8 96 74 85 3 0 20 T 0.0 0 7.1 16 210 M M 3 8 21 200
9 97 79 88 6 0 23 0.00 0.0 0 8.9 16 190 M M 1 22 220
10 99 78 89 7 0 24 0.00 0.0 0 8.1 18 200 M M 1 22 200
11 99 78 89 7 0 24 0.00 0.0 M 7.5 15 200 M M 1 18 190
12 99 77 88 6 0 23 0.00 0.0 0 6.1 21 130 M M 1 3 25 120
13 99 74 87 5 0 22 T 0.0 0 6.0 22 280 M M 1 3 28 280
14 91 73 82 1 0 17 0.65 0.0 0 3.8 26 290 M M 3 13 37 290
15 88 73 81 0 0 16 0.00 0.0 0 5.9 12 30 M M 3 18 16 30
16 90 71 81 0 0 16 0.00 0.0 0 4.8 13 70 M M 2 18 17 80
17 93 73 83 2 0 18 0.08 0.0 0 3.4 13 270 M M 3 138 15 260
18 88 74 81 0 0 16 0.12 0.0 0 3.9 21 160 M M 4 3 26 150
19 90 74 82 1 0 17 0.24 0.0 0 3.4 17 200 M M 4 13 24 250
20 92 73 83 2 0 18 0.00 0.0 0 6.0 13 200 M M 5 16 250
21 94 78 86 5 0 21 T 0.0 0 6.4 16 270 M M 2 3 23 270
22 97 76 87 7 0 22 T 0.0 0 3.9 18 280 M M 2 138 24 290
23 98 75 87 7 0 22 0.00 0.0 0 3.2 10 210 M M 1 18 17 330
24 99 75 87 7 0 22 0.00 0.0 0 2.1 8 210 M M 1 18 12 200
25 98 77 88 8 0 23 0.00 0.0 0 2.8 9 90 M M 0 18 M M
26 97 75 86 6 0 21 0.00 0.0 0 4.8 13 90 M M 1 18 20 100
27 95 73 84 4 0 19 0.00 0.0 0 4.7 12 110 M M 1 18 14 90
28 94 71 83 3 0 18 0.00 0.0 0 5.2 13 110 M M 2 18 110
29 95 75 85 6 0 20 0.04 0.0 0 6.8 23 90 M M 1 38 29 100
30 85 75 80 1 0 15 0.02 0.0 0 13.5 25 50 M M 5 39 60
31 96 72 84 5 0 19 0.00 0.0 0 7.3 15 330 M M 1 21 300
================================================================================
SM 2902 2287 0 587 1.19 0.0 168.8 M 61
================================================================================
AV 93.6 73.8 5.4 FASTST M M 2 MAX(MPH)
MISC ----> 26 290 39 60
================================================================================
NOTES:
# LAST OF SEVERAL OCCURRENCES
COLUMN 17 PEAK WIND IN M.P.H.
PRELIMINARY LOCAL CLIMATOLOGICAL DATA (WS FORM: F-6) , PAGE 2
STATION: PINE BLUFF
MONTH: AUGUST
YEAR: 2021
LATITUDE: 34 10 N
LONGITUDE: 91 56 W
[TEMPERATURE DATA] [PRECIPITATION DATA] SYMBOLS USED IN COLUMN 16
AVERAGE MONTHLY: 83.7 TOTAL FOR MONTH: 1.19 1 = FOG OR MIST
DPTR FM NORMAL: 2.8 DPTR FM NORMAL: -2.19 2 = FOG REDUCING VISIBILITY
HIGHEST: 99 ON 24,13 GRTST 24HR 0.65 ON 14-14 TO 1/4 MILE OR LESS
LOWEST: 65 ON 5 3 = THUNDER
SNOW, ICE PELLETS, HAIL 4 = ICE PELLETS
TOTAL MONTH: 0.0 INCH 5 = HAIL
GRTST 24HR 0.0 6 = FREEZING RAIN OR DRIZZLE
GRTST DEPTH: 0 7 = DUSTSTORM OR SANDSTORM:
VSBY 1/2 MILE OR LESS
8 = SMOKE OR HAZE
[NO. OF DAYS WITH] [WEATHER - DAYS WITH] 9 = BLOWING SNOW
X = TORNADO
MAX 32 OR BELOW: 0 0.01 INCH OR MORE: 8
MAX 90 OR ABOVE: 25 0.10 INCH OR MORE: 3
MIN 32 OR BELOW: 0 0.50 INCH OR MORE: 1
MIN 0 OR BELOW: 0 1.00 INCH OR MORE: 0
[HDD (BASE 65) ]
TOTAL THIS MO. 0 CLEAR (SCALE 0-3) 24
DPTR FM NORMAL 0 PTCLDY (SCALE 4-7) 7
TOTAL FM JUL 1 0 CLOUDY (SCALE 8-10) 0
DPTR FM NORMAL 0
[CDD (BASE 65) ]
TOTAL THIS MO. 587
DPTR FM NORMAL 93 [PRESSURE DATA]
TOTAL FM JAN 1 1903 HIGHEST SLP 30.18 ON 14
DPTR FM NORMAL 146 LOWEST SLP 29.68 ON 31
[REMARKS]
#FINAL-08-21#