000
CXUS54 KLZK 031614
CLMPBF
CLIMATE REPORT
NATIONAL WEATHER SERVICE LITTLE ROCK AR
1014 AM CST SAT FEB 03 2024
...................................
...THE PINE BLUFF CLIMATE SUMMARY FOR THE MONTH OF JANUARY 2024...
CLIMATE NORMAL PERIOD 1991 TO 2020
CLIMATE RECORD PERIOD 1883 TO 2024
WEATHER OBSERVED NORMAL DEPART LAST YEAR`S
VALUE DATE(S) VALUE FROM VALUE DATE(S)
NORMAL
................................................................
TEMPERATURE (F)
RECORD
HIGH 83 01/11/1928
LOW -6 01/13/1918
01/12/1918
HIGHEST 74 01/30 50 24 77 01/11
LOWEST 9 01/16 32 -23 27 01/14
01/17
AVG. MAXIMUM 48.5 51.8 -3.3 59.2
AVG. MINIMUM 30.6 33.8 -3.2 41.8
MEAN 39.6 42.8 -3.2 50.5
DAYS MAX >= 90 0 0.0 0.0 0
DAYS MAX <= 32 4 1.4 2.6 0
DAYS MIN <= 32 18 14.5 3.5 5
DAYS MIN <= 0 0 0.0 0.0 0
PRECIPITATION (INCHES)
RECORD
MAXIMUM 15.50 1937
MINIMUM 0.19 2003
TOTALS 7.33 3.82 3.51 9.05
DAILY AVG. 0.24 0.12 0.12 0.29
DAYS >= .01 13 9.6 3.4 11
DAYS >= .10 11 10
DAYS >= .50 5 5
DAYS >= 1.00 4 0.9 3.1 4
GREATEST
24 HR. TOTAL 2.04 01/23 TO 01/24
STORM TOTAL 1.98
(MM/DD(HH))
SNOWFALL (INCHES)
RECORDS
TOTAL 20.5 1966
24 HR TOTAL 12.0 01/28/1966 TO 01/28/1966
SNOW DEPTH 12 01/28/1966
TOTALS 0.5 MM MM T
LIQUID EQUIV 0.10 0.10 0.00 T
SINCE 7/1 0.5 MM MM MM
LIQUID 7/1 0.05 MM MM MM
SNOWDEPTH AVG. 0
DAYS >= TRACE 3 MM MM 1
DAYS >= 1.0 0 0
GREATEST
SNOW DEPTH 0
24 HR TOTAL MM MM
DEGREE DAYS
HEATING TOTAL 782 690 92 451
SINCE 7/1 1650 1827 -177 MM
COOLING TOTAL 0 2 -2 10
SINCE 1/1 0 2 -2 MM
FREEZE DATES
RECORD
EARLIEST 10/10/2000
LATEST 04/25/1910
EARLIEST 11/01
LATEST 03/20
................................................................
WIND (MPH)
AVERAGE WIND SPEED 7.9
HIGHEST WIND SPEED/DIRECTION 46/230 DATE 01/12
HIGHEST GUST SPEED/DIRECTION 73/210 DATE 01/12
SKY COVER
POSSIBLE SUNSHINE (PERCENT) MM
AVERAGE SKY COVER 0.44
NUMBER OF DAYS FAIR 15
NUMBER OF DAYS PC 6
NUMBER OF DAYS CLOUDY 10
WEATHER CONDITIONS. NUMBER OF DAYS WITH
THUNDERSTORM 2 MIXED PRECIP 0
HEAVY RAIN 6 RAIN 6
LIGHT RAIN 11 FREEZING RAIN 0
LT FREEZING RAIN 0 HAIL 0
HEAVY SNOW 0 SLEET 0
FOG 14 FOG W/VIS <= 1/4 MILE 3
HAZE 2
- INDICATES NEGATIVE NUMBERS.
R INDICATES RECORD WAS SET OR TIED.
MM INDICATES DATA IS MISSING.
T INDICATES TRACE AMOUNT.
$$