000
CXUS54 KLZK 060319 AAB
CLSPBF
CLIMATE REPORT...UPDATED WITH SUPPLEMENTAL DATA
NATIONAL WEATHER SERVICE LITTLE ROCK AR
1020 PM CDT TUE SEP 05 2023
...................................
...THE PINE BLUFF CLIMATE SUMMARY FOR THE SEASON, FROM
6/1/2023 TO 8/31/2023...
CLIMATE NORMAL PERIOD 1991 TO 2020
CLIMATE RECORD PERIOD 1883 TO 2023
WEATHER OBSERVED NORMAL DEPART LAST YEAR`S
VALUE DATE(S) VALUE FROM VALUE DATE(S)
NORMAL
................................................................
TEMPERATURE (F)
RECORD
HIGH 112 08/15/1943
LOW 49 06/02/1984
06/03/1956
06/12/1903
HIGHEST 107 08/26 91 16 101 08/15
07/26
07/25
LOWEST 63 08/17 71 -8 62 06/04
AVG. MAXIMUM 93.8 90.6 3.2 92.9
AVG. MINIMUM 72.8 70.7 2.1 72.9
MEAN 83.3 80.6 2.7 82.9
DAYS MAX >= 90 70 59.6 10.4 67
DAYS MAX <= 32 0 0.0 0.0 0
DAYS MIN <= 32 0 0.0 0.0 0
DAYS MIN <= 0 0 0.0 0.0 0
PRECIPITATION (INCHES)
RECORD
MAXIMUM 20.33 1989
MINIMUM 0.66 1930
TOTALS 6.66 10.34 -3.68 6.05
DAILY AVG. 0.07 0.11 -0.04 0.07
DAYS >= .01 27 25.4 1.6 23
DAYS >= .10 15 17
DAYS >= .50 5 2
DAYS >= 1.00 1 2.9 -1.9 2
GREATEST
24 HR. TOTAL 1.23
STORM TOTAL 1.23
(MM/DD(HH))
SNOWFALL (INCHES)
RECORDS
TOTAL MM MM
24 HR TOTAL MM
SNOW DEPTH MM MM
TOTALS 0.0 MM MM 0.0
LIQUID EQUIV 0.00 0.00 0.00 0.00
SINCE 7/1 0.0 MM MM MM
LIQUID 7/1 0.00 0.00 0.00 MM
SNOWDEPTH AVG. 0 0
DAYS >= TRACE 0 MM MM 0
DAYS >= 1.0 0 MM MM 0
GREATEST
SNOW DEPTH 0 0 MM
24 HR TOTAL MM MM 0.0
STORM TOTAL 0.0 0.0
(MM/DD(HH)) MM
DEGREE DAYS
HEATING TOTAL 0 0 0 0
SINCE 7/1 0 0 0 MM
COOLING TOTAL 1709 1441 268 1674
SINCE 1/1 2111 1757 354 MM
FREEZE DATES
RECORD
EARLIEST 10/10/2000
LATEST 04/25/1910
EARLIEST MM
LATEST 03/20
................................................................
WIND (MPH)
AVERAGE WIND SPEED 5.1
HIGHEST WIND SPEED/DIRECTION 36/320 DATE 07/14
HIGHEST GUST SPEED/DIRECTION 51/330 DATE 07/14
SKY COVER
POSSIBLE SUNSHINE (PERCENT) MM
AVERAGE SKY COVER 0.14
NUMBER OF DAYS FAIR 77
NUMBER OF DAYS PC 15
NUMBER OF DAYS CLOUDY 0
WEATHER CONDITIONS. NUMBER OF DAYS WITH
THUNDERSTORM 35 MIXED PRECIP 0
HEAVY RAIN 10 RAIN 14
LIGHT RAIN 27 FREEZING RAIN 0
LT FREEZING RAIN 0 HAIL 0
HEAVY SNOW 0 SLEET 0
FOG 41 FOG W/VIS <= 1/4 MILE 2
HAZE 16
- INDICATES NEGATIVE NUMBERS.
R INDICATES RECORD WAS SET OR TIED.
MM INDICATES DATA IS MISSING.
T INDICATES TRACE AMOUNT.
&&
.SEASONAL TEMPERATURES...
THE AVERAGE HIGH TEMPERATURE OF 93.8 (+3.2) WAS TIED FOR THE 25TH
HOTTEST SEASON AND WARMEST SINCE 2011.
THE AVERAGE LOW TEMPERATURE OF 72.8 (+2.1) WAS TIED FOR 8TH HOTTEST
SEASON AND WARMEST SINCE 2022.
THE AVERAGE TEMPERATURE OF 83.3 (+2.7) WAS TIED FOR THE 13TH HOTTEST
SEASON AND WARMEST SINCE 2011.
THE HOTTEST TEMPERATURE OF 107 DEGREES OCCURRED ON AUG 26TH, WHICH
WAS THE HOTTEST READING SINCE 2011 AND TIED FOR 13TH HOTTEST
TEMPERATURE FOR THE SEASON.
THERE WERE 17 DAYS WITH HIGH TEMPERATURES OF 100-DEGREES OR GREATER.
THE COLDEST TEMPERATURE OF 63 DEGREES OCCURRED ON AUG 17TH, WHICH
WAS THE HOTTEST READING SINCE 2016 AND TIED FOR THE 9TH HOTTEST
TEMPERATURE FOR THE SEASON.
.SEASONAL RAINFALL...
THE SEASONAL RAINFALL TOTAL OF 6.66 (-3.68) WAS THE 26TH DRIEST ON
RECORD.
.SEASONAL SNOWFALL...
THERE WAS NO MEASURABLE SEASONAL SNOWFALL.
$$
70