000
CXUS51 KBTV 010800
CF6PBG
PRELIMINARY LOCAL CLIMATOLOGICAL DATA (WS FORM: F-6)
STATION: PLATTSBURGH NY
MONTH: FEBRUARY
YEAR: 2024
LATITUDE: 44 39 N
LONGITUDE: 73 28 W
TEMPERATURE IN F: :PCPN: SNOW: WIND :SUNSHINE: SKY :PK WND
================================================================================
1 2 3 4 5 6A 6B 7 8 9 10 11 12 13 14 15 16 17 18
12Z AVG MX 2MIN
DY MAX MIN AVG DEP HDD CDD WTR SNW DPTH SPD SPD DIR MIN PSBL S-S WX SPD DR
================================================================================
1 38 32 35 17 30 0 T M M 3.3 10 140 M M 10 12 140
2 35 25 30 12 35 0 0.01 M M 10.8 23 350 M M 10 1 27 10
3 27 17 22 3 43 0 0.00 M M 7.6 15 350 M M 7 19 350
4 32 13 23 4 42 0 0.00 M M 2.7 10 30 M M 0 14 30
5 32 15 24 5 41 0 0.00 M M 7.4 17 360 M M 1 20 10
6 34 19 27 8 38 0 0.00 M M 7.7 17 360 M M 1 21 360
7 33 15 24 5 41 0 0.00 M M 0.4 7 110 M M 4 8 120
8 45 22 34 15 31 0 0.00 M M 2.8 10 150 M M 2 14 150
9 49 30 40 20 25 0 0.00 M M 6.5 16 140 M M 5 M M
10 54 31 43 23 22 0 T M M 4.5 13 350 M M 8 3 18 260
11 44 35 40 20 25 0 0.00 M M 6.2 10 300 M M 9 20 300
12 37 29 33 13 32 0 0.00 M M 2.5 9 210 M M 10 M M
13 38 25 32 12 33 0 T M M 5.2 20 330 M M 6 24 340
14 29 16 23 2 42 0 T M M 11.5 23 330 M M 5 1 32 310
15 30 14 22 1 43 0 0.02 M M 6.9 15 140 M M 3 1 20 310
16 33 15 24 3 41 0 0.03 M M 5.3 22 330 M M 8 1 26 340
17 27 5 16 -5 49 0 0.03 M M 4.7 28 90 M M 7 1 30 80
18 31 3 17 -5 48 0 0.01 M M 5.7 18 160 M M 7 1 23 160
19 26 4 15 -7 50 0 T M M 6.8 20 330 M M 3 1 26 320
20 22 3 13 -9 52 0 T M M 2.6 8 360 M M 7 8 10 20
21 41 7 24 2 41 0 0.00 M M 9.3 24 150 M M 0 33 160
22 40 31 36 13 29 0 0.00 M M 10.2 17 150 M M 9 23 160
23 44 26 35 12 30 0 0.00 M M 8.6 25 350 M M 8 32 350
24 26 8 17 -6 48 0 T M M 12.8 25 350 M M 3 33 330
25 35 6 21 -3 44 0 0.00 M M 7.7 21 150 M M 1 29 170
26 46 23 35 11 30 0 T M M 6.1 14 140 M M 5 18 300
27 62 22 42 18 23 0 0.00 M M 8.2 20 150 M M 0 32 160
28 59 27 43 18 22 0 0.03 M M 13.4 25 270 M M 7 42 300
29 27 13 20 -5 45 0 T M M 11.7 18 300 M M 5 43 270
================================================================================
SM 1076 531 1075 0 0.13 M 199.2 M 151
================================================================================
AV 37.1 18.3 6.9 FASTST M M 5 MAX(MPH)
MISC ----> 28 90 43 270
================================================================================
NOTES:
# LAST OF SEVERAL OCCURRENCES
COLUMN 17 PEAK WIND IN M.P.H.
PRELIMINARY LOCAL CLIMATOLOGICAL DATA (WS FORM: F-6) , PAGE 2
STATION: PLATTSBURGH NY
MONTH: FEBRUARY
YEAR: 2024
LATITUDE: 44 39 N
LONGITUDE: 73 28 W
[TEMPERATURE DATA] [PRECIPITATION DATA] SYMBOLS USED IN COLUMN 16
AVERAGE MONTHLY: 27.7 TOTAL FOR MONTH: 0.13 1 = FOG OR MIST
DPTR FM NORMAL: 6.7 DPTR FM NORMAL: -1.09 2 = FOG REDUCING VISIBILITY
HIGHEST: 62 ON 27 GRTST 24HR 0.05 ON 15-16 TO 1/4 MILE OR LESS
LOWEST: 3 ON 20,18 3 = THUNDER
SNOW, ICE PELLETS, HAIL 4 = ICE PELLETS
TOTAL MONTH: M 5 = HAIL
GRTST 24HR M ON M 6 = FREEZING RAIN OR DRIZZLE
GRTST DEPTH: M ON M 7 = DUSTSTORM OR SANDSTORM:
VSBY 1/2 MILE OR LESS
8 = SMOKE OR HAZE
[NO. OF DAYS WITH] [WEATHER - DAYS WITH] 9 = BLOWING SNOW
X = TORNADO
MAX 32 OR BELOW: 11 0.01 INCH OR MORE: 6
MAX 90 OR ABOVE: 0 0.10 INCH OR MORE: 0
MIN 32 OR BELOW: 28 0.50 INCH OR MORE: 0
MIN 0 OR BELOW: 0 1.00 INCH OR MORE: 0
[HDD (BASE 65) ]
TOTAL THIS MO. 1075 CLEAR (SCALE 0-3) 10
DPTR FM NORMAL -157 PTCLDY (SCALE 4-7) 14
TOTAL FM JUL 1 4650 CLOUDY (SCALE 8-10) 5
DPTR FM NORMAL -877
[CDD (BASE 65) ]
TOTAL THIS MO. 0
DPTR FM NORMAL 0 [PRESSURE DATA]
TOTAL FM JAN 1 0 HIGHEST SLP 30.44 ON 29
DPTR FM NORMAL 0 LOWEST SLP 29.20 ON 28
[REMARKS]
#FINAL-02-24#