009
CXUS52 KMFL 011000
CF6PBI
PRELIMINARY LOCAL CLIMATOLOGICAL DATA (WS FORM: F-6)
STATION: WEST PALM BEACH
MONTH: AUGUST
YEAR: 2020
LATITUDE: 26 40 N
LONGITUDE: 80 7 W
TEMPERATURE IN F: :PCPN: SNOW: WIND :SUNSHINE: SKY :PK WND
================================================================================
1 2 3 4 5 6A 6B 7 8 9 10 11 12 13 14 15 16 17 18
12Z AVG MX 2MIN
DY MAX MIN AVG DEP HDD CDD WTR SNW DPTH SPD SPD DIR MIN PSBL S-S WX SPD DR
================================================================================
1 91 77 84 1 0 19 0.57 0.0 0 15.4 36 50 M M 6 1 52 30
2 85 78 82 -1 0 17 0.10 0.0 0 17.9 31 40 M M 8 1 43 40
3 91 77 84 1 0 19 0.35 0.0 0 4.4 24 150 M M 7 13 31 140
4 89 78 84 1 0 19 T 0.0 0 5.8 18 180 M M 7 3 22 180
5 91 75 83 0 0 18 0.15 0.0 0 5.9 17 140 M M 6 13 20 130
6 90 76 83 0 0 18 0.57 0.0 0 4.6 22 250 M M 5 13 31 250
7 91 77 84 1 0 19 0.05 0.0 0 5.0 14 100 M M 4 13 19 90
8 91 78 85 2 0 20 0.00 0.0 0 7.7 17 90 M M 5 20 100
9 91 83 87 4 0 22 0.00 0.0 0 8.3 15 90 M M 5 3 20 90
10 91 80 86 3 0 21 0.00 0.0 0 7.6 16 80 M M 4 20 70
11 90 78 84 1 0 19 T 0.0 0 5.2 17 130 M M 6 3 23 120
12 90 78 84 1 0 19 0.00 0.0 0 7.3 15 110 M M 6 3 22 130
13 91 82 87 4 0 22 0.00 0.0 0 9.9 16 130 M M 4 3 21 110
14 91 81 86 3 0 21 0.07 0.0 0 9.1 16 130 M M 3 3 24 140
15 90 78 84 1 0 19 0.79 0.0 0 4.1 23 180 M M 3 138 25 190
16 91 79 85 2 0 20 0.41 0.0 0 4.6 15 150 M M 4 3 19 290
17 92 74 83 0 0 18 0.07 0.0 0 7.3 37 300 M M 4 3 47 290
18 91 76 84 1 0 19 0.54 0.0 0 6.0 17 130 M M 6 13 25 130
19 90 74 82 -1 0 17 1.09 0.0 0 4.1 24 120 M M 5 13 28 120
20 92 75 84 1 0 19 0.71 0.0 0 6.2 25 140 M M 6 13 40 130
21 92 77 85 2 0 20 0.02 0.0 0 7.6 18 130 M M 6 3 23 130
22 92 81 87 4 0 22 T 0.0 0 12.7 24 130 M M 7 30 130
23 92 81 87 4 0 22 0.25 0.0 0 15.6 29 120 M M 5 13 34 110
24 93 83 88 5 0 23 0.00 0.0 0 22.4 30 120 M M 6 37 120
25 92 84 88 5 0 23 0.02 0.0 0 16.1 22 110 M M 6 28 110
26 90 79 85 2 0 20 0.09 0.0 0 12.0 18 150 M M 6 3 23 110
27 91 80 86 3 0 21 0.01 0.0 0 10.0 18 130 M M 7 24 150
28 93 80 87 4 0 22 0.00 0.0 0 7.7 16 140 M M 5 3 22 130
29 93 75 84 2 0 19 T 0.0 0 7.8 18 280 M M 5 3 22 220
30 95 74 85 3 0 20 1.13 0.0 0 6.3 14 260 M M 7 13 17 220
31 92 76 84 2 0 19 0.02 0.0 0 3.7 21 220 M M 7 3 27 220
================================================================================
SM 2824 2424 0 616 7.01 0.0 268.3 M 171
================================================================================
AV 91.1 78.2 8.7 FASTST M M 6 MAX(MPH)
MISC ----> # 37 300 # 52 30
================================================================================
NOTES:
# LAST OF SEVERAL OCCURRENCES
COLUMN 17 PEAK WIND IN M.P.H.
PRELIMINARY LOCAL CLIMATOLOGICAL DATA (WS FORM: F-6) , PAGE 2
STATION: WEST PALM BEACH
MONTH: AUGUST
YEAR: 2020
LATITUDE: 26 40 N
LONGITUDE: 80 7 W
[TEMPERATURE DATA] [PRECIPITATION DATA] SYMBOLS USED IN COLUMN 16
AVERAGE MONTHLY: 84.7 TOTAL FOR MONTH: 7.01 1 = FOG OR MIST
DPTR FM NORMAL: 1.6 DPTR FM NORMAL: -0.94 2 = FOG REDUCING VISIBILITY
HIGHEST: 95 ON 30 GRTST 24HR 1.13 ON 30-30 TO 1/4 MILE OR LESS
LOWEST: 74 ON 30,19 3 = THUNDER
SNOW, ICE PELLETS, HAIL 4 = ICE PELLETS
TOTAL MONTH: 0.0 INCH 5 = HAIL
GRTST 24HR 0.0 6 = FREEZING RAIN OR DRIZZLE
GRTST DEPTH: 0 7 = DUSTSTORM OR SANDSTORM:
VSBY 1/2 MILE OR LESS
8 = SMOKE OR HAZE
[NO. OF DAYS WITH] [WEATHER - DAYS WITH] 9 = BLOWING SNOW
X = TORNADO
MAX 32 OR BELOW: 0 0.01 INCH OR MORE: 20
MAX 90 OR ABOVE: 29 0.10 INCH OR MORE: 12
MIN 32 OR BELOW: 0 0.50 INCH OR MORE: 7
MIN 0 OR BELOW: 0 1.00 INCH OR MORE: 2
[HDD (BASE 65) ]
TOTAL THIS MO. 0 CLEAR (SCALE 0-3) 1
DPTR FM NORMAL 0 PTCLDY (SCALE 4-7) 29
TOTAL FM JUL 1 0 CLOUDY (SCALE 8-10) 1
DPTR FM NORMAL 0
[CDD (BASE 65) ]
TOTAL THIS MO. 616
DPTR FM NORMAL 58 [PRESSURE DATA]
TOTAL FM JAN 1 3444 HIGHEST SLP 30.16 ON 9
DPTR FM NORMAL 738 LOWEST SLP 29.67 ON 2
[REMARKS]
#FINAL-08-20#