000
CXUS52 KFFC 011110
CF6PDK
PRELIMINARY LOCAL CLIMATOLOGICAL DATA (WS FORM: F-6)
STATION: DEKALB PEACHTREE AIRPORT
MONTH: JANUARY
YEAR: 2024
LATITUDE: 33 52 N
LONGITUDE: 84 18 W
TEMPERATURE IN F: :PCPN: SNOW: WIND :SUNSHINE: SKY :PK WND
================================================================================
1 2 3 4 5 6A 6B 7 8 9 10 11 12 13 14 15 16 17 18
12Z AVG MX 2MIN
DY MAX MIN AVG DEP HDD CDD WTR SNW DPTH SPD SPD DIR MIN PSBL S-S WX SPD DR
================================================================================
1 47 33 40 -2 25 0 0.00 M M 8.9 20 320 M M 1 29 280
2 52 26 39 -3 26 0 0.00 M M 4.0 12 250 M M 0 16 320
3 44 25 35 -7 30 0 T M M 3.6 10 320 M M 4 14 290
4 52 28 40 -2 25 0 0.00 M M 6.9 15 320 M M 0 21 310
5 51 28 40 -2 25 0 0.12 M M 5.6 16 110 M M 2 1 22 70
6 48 37 43 1 22 0 0.76 M M 5.3 15 280 M M 10 1 23 260
7 48 29 39 -3 26 0 0.00 M M 9.2 20 270 M M 7 31 280
8 50 26 38 -4 27 0 0.42 M M 5.5 17 140 M M 3 1 27 110
9 53 39 46 4 19 0 2.39 M M 11.3 30 270 M M 10 13 45 260
10 49 35 42 0 23 0 0.00 M M 10.1 23 260 M M 5 36 260
11 61 28 45 3 20 0 0.00 M M 2.4 12 260 M M 0 16 300
12 50 40 45 3 20 0 0.05 M M 4.6 15 250 M M 7 12 24 120
13 48 28 38 -4 27 0 0.00 M M 9.6 22 270 M M 2 32 280
14 55 24 40 -2 25 0 0.00 M M 4.2 17 240 M M 1 25 240
15 59 37 48 6 17 0 0.00 M M 3.2 12 210 M M 2 15 220
16 45 16 31 -11 34 0 T M M 14.5 24 300 M M 5 1 36 310
17 36 12 24 -18 41 0 0.00 M M 6.7 15 310 M M 0 21 290
18 50 18 34 -8 31 0 0.00 M M 3.5 14 200 M M 3 20 200
19 47 25 36 -6 29 0 0.02 M M 14.9 29 320 M M 5 1 42 320
20 29 15 22 -20 43 0 0.00 M M 13.6 22 320 M M 0 30 320
21 41 11 26 -16 39 0 0.00 M M 2.3 9 320 M M 0 13 330
22 48 22 35 -7 30 0 0.00 M M 3.4 9 80 M M 4 15 80
23 49 39 44 2 21 0 0.05 M M 4.1 8 90 M M 10 18 14 80
24 60 47 54 12 11 0 0.51 M M 3.2 15 310 M M 10 12 19 310
25 72 59 66 24 0 1 1.13 M M 3.9 16 190 M M 9 138 28 190
26 66 55 61 18 4 0 0.00 M M 3.2 8 270 M M 7 12 11 220
27 64 54 59 16 6 0 0.53 M M 5.1 21 250 M M 9 123 28 260
28 57 43 50 7 15 0 0.00 M M 14.3 23 290 M M 10 35 280
29 51 37 44 1 21 0 0.00 M M 12.1 21 310 M M 3 31 310
30 59 29 44 1 21 0 0.01 M M 4.6 15 220 M M 2 21 220
31 54 37 46 3 19 0 0.01 M M 9.2 17 320 M M 1 25 320
================================================================================
SM 1595 982 722 1 6.00 M 213.0 M 132
================================================================================
AV 51.5 31.7 6.9 FASTST M M 4 MAX(MPH)
MISC ----> 30 270 45 260
================================================================================
NOTES:
# LAST OF SEVERAL OCCURRENCES
COLUMN 17 PEAK WIND IN M.P.H.
PRELIMINARY LOCAL CLIMATOLOGICAL DATA (WS FORM: F-6) , PAGE 2
STATION: DEKALB PEACHTREE AIRPORT
MONTH: JANUARY
YEAR: 2024
LATITUDE: 33 52 N
LONGITUDE: 84 18 W
[TEMPERATURE DATA] [PRECIPITATION DATA] SYMBOLS USED IN COLUMN 16
AVERAGE MONTHLY: 41.6 TOTAL FOR MONTH: 6.00 1 = FOG OR MIST
DPTR FM NORMAL: -0.7 DPTR FM NORMAL: 1.43 2 = FOG REDUCING VISIBILITY
HIGHEST: 72 ON 25 GRTST 24HR 3.68 ON 8- 9 TO 1/4 MILE OR LESS
LOWEST: 11 ON 21 3 = THUNDER
SNOW, ICE PELLETS, HAIL 4 = ICE PELLETS
TOTAL MONTH: M 5 = HAIL
GRTST 24HR M ON M 6 = FREEZING RAIN OR DRIZZLE
GRTST DEPTH: M ON M 7 = DUSTSTORM OR SANDSTORM:
VSBY 1/2 MILE OR LESS
8 = SMOKE OR HAZE
[NO. OF DAYS WITH] [WEATHER - DAYS WITH] 9 = BLOWING SNOW
X = TORNADO
MAX 32 OR BELOW: 1 0.01 INCH OR MORE: 12
MAX 90 OR ABOVE: 0 0.10 INCH OR MORE: 7
MIN 32 OR BELOW: 17 0.50 INCH OR MORE: 5
MIN 0 OR BELOW: 0 1.00 INCH OR MORE: 2
[HDD (BASE 65) ]
TOTAL THIS MO. 722 CLEAR (SCALE 0-3) 16
DPTR FM NORMAL 18 PTCLDY (SCALE 4-7) 8
TOTAL FM JUL 1 1743 CLOUDY (SCALE 8-10) 7
DPTR FM NORMAL -146
[CDD (BASE 65) ]
TOTAL THIS MO. 1
DPTR FM NORMAL 1 [PRESSURE DATA]
TOTAL FM JAN 1 1 HIGHEST SLP 30.68 ON 21
DPTR FM NORMAL 1 LOWEST SLP 29.38 ON 9
[REMARKS]
#FINAL-01-24#