000
CXUS56 KPQR 011200
CF6PDX
PRELIMINARY LOCAL CLIMATOLOGICAL DATA (WS FORM: F-6)
STATION: PORTLAND OR
MONTH: JULY
YEAR: 2020
LATITUDE: 45 35 N
LONGITUDE: 122 36 W
TEMPERATURE IN F: :PCPN: SNOW: WIND :SUNSHINE: SKY :PK WND
================================================================================
1 2 3 4 5 6A 6B 7 8 9 10 11 12 13 14 15 16 17 18
12Z AVG MX 2MIN
DY MAX MIN AVG DEP HDD CDD WTR SNW DPTH SPD SPD DIR MIN PSBL S-S WX SPD DR
================================================================================
1 66 57 62 -5 3 0 0.02 0.0 0 6.5 17 230 M M 8 1 20 230
2 72 56 64 -3 1 0 0.00 0.0 0 4.7 10 310 M M 6 16 320
3 71 55 63 -4 2 0 0.00 0.0 0 5.3 13 320 M M 7 15 320
4 74 57 66 -1 0 1 0.00 0.0 0 5.5 13 320 M M 6 17 360
5 75 57 66 -2 0 1 0.00 0.0 0 5.6 13 320 M M 4 17 320
6 69 57 63 -5 2 0 0.00 0.0 0 5.9 15 320 M M 8 18 320
7 68 56 62 -6 3 0 0.03 0.0 0 4.5 13 220 M M 9 18 18 210
8 74 59 67 -1 0 2 0.00 0.0 0 5.1 14 310 M M 6 19 290
9 78 58 68 0 0 3 0.00 0.0 0 4.4 13 320 M M 7 18 320
10 81 58 70 2 0 5 0.00 0.0 0 6.6 12 280 M M 4 16 310
11 78 57 68 -1 0 3 0.00 0.0 0 5.1 18 320 M M 5 24 320
12 77 59 68 -1 0 3 T 0.0 0 6.0 16 320 M M 6 20 320
13 80 54 67 -2 0 2 0.00 0.0 0 7.6 16 320 M M 1 22 340
14 85 57 71 2 0 6 0.00 0.0 0 7.1 17 320 M M 1 25 320
15 87 60 74 5 0 9 0.00 0.0 0 7.7 18 310 M M 1 24 320
16 84 61 73 3 0 8 0.00 0.0 0 6.5 15 330 M M 2 23 350
17 74 60 67 -3 0 2 0.00 0.0 0 9.1 18 300 M M 7 21 320
18 85 56 71 1 0 6 0.00 0.0 0 7.5 20 320 M M 1 28 320
19 90 61 76 6 0 11 0.00 0.0 0 6.2 18 320 M M 2 24 300
20 93 63 78 8 0 13 0.00 0.0 0 5.6 14 320 M M 1 19 340
21 88 62 75 5 0 10 0.00 0.0 0 7.3 14 330 M M 1 8 21 330
22 81 62 72 2 0 7 0.00 0.0 0 5.3 13 320 M M 6 18 310
23 76 59 68 -2 0 3 0.00 0.0 0 6.6 14 320 M M 6 19 320
24 71 58 65 -5 0 0 0.00 0.0 0 8.5 14 310 M M 7 18 270
25 82 55 69 -1 0 4 0.00 0.0 0 8.5 18 320 M M 2 23 320
26 100 61 81 11 0 16 0.00 0.0 0 7.8 18 80 M M 0 23 90
27 100 63 82 11 0 17 0.00 0.0 0 4.5 10 320 M M 2 14 270
28 89 61 75 4 0 10 0.00 0.0 0 6.0 12 330 M M 1 17 330
29 93 60 77 6 0 12 0.00 0.0 0 5.8 14 280 M M 2 16 280
30 95 65 80 9 0 15 0.00 0.0 0 5.2 13 300 M M 2 16 300
31 89 63 76 5 0 11 0.00 0.0 0 4.8 16 310 M M 5 20 320
================================================================================
SM 2525 1827 11 180 0.05 0.0 192.8 M 126
================================================================================
AV 81.5 58.9 6.2 FASTST M M 4 MAX(MPH)
MISC ----> # 20 320 # 28 320
================================================================================
NOTES:
# LAST OF SEVERAL OCCURRENCES
COLUMN 17 PEAK WIND IN M.P.H.
PRELIMINARY LOCAL CLIMATOLOGICAL DATA (WS FORM: F-6) , PAGE 2
STATION: PORTLAND OR
MONTH: JULY
YEAR: 2020
LATITUDE: 45 35 N
LONGITUDE: 122 36 W
[TEMPERATURE DATA] [PRECIPITATION DATA] SYMBOLS USED IN COLUMN 16
AVERAGE MONTHLY: 70.2 TOTAL FOR MONTH: 0.05 1 = FOG OR MIST
DPTR FM NORMAL: 1.0 DPTR FM NORMAL: -0.60 2 = FOG REDUCING VISIBILITY
HIGHEST: 100 ON 27,26 GRTST 24HR 0.03 ON 7- 7 TO 1/4 MILE OR LESS
LOWEST: 54 ON 13 3 = THUNDER
SNOW, ICE PELLETS, HAIL 4 = ICE PELLETS
TOTAL MONTH: 0.0 INCH 5 = HAIL
GRTST 24HR 0.0 6 = FREEZING RAIN OR DRIZZLE
GRTST DEPTH: 0 7 = DUSTSTORM OR SANDSTORM:
VSBY 1/2 MILE OR LESS
8 = SMOKE OR HAZE
[NO. OF DAYS WITH] [WEATHER - DAYS WITH] 9 = BLOWING SNOW
X = TORNADO
MAX 32 OR BELOW: 0 0.01 INCH OR MORE: 2
MAX 90 OR ABOVE: 6 0.10 INCH OR MORE: 0
MIN 32 OR BELOW: 0 0.50 INCH OR MORE: 0
MIN 0 OR BELOW: 0 1.00 INCH OR MORE: 0
[HDD (BASE 65) ]
TOTAL THIS MO. 11 CLEAR (SCALE 0-3) 14
DPTR FM NORMAL -6 PTCLDY (SCALE 4-7) 15
TOTAL FM JUL 1 11 CLOUDY (SCALE 8-10) 2
DPTR FM NORMAL -6
[CDD (BASE 65) ]
TOTAL THIS MO. 180
DPTR FM NORMAL 33 [PRESSURE DATA]
TOTAL FM JAN 1 279 HIGHEST SLP 30.21 ON 4
DPTR FM NORMAL 68 LOWEST SLP 29.77 ON 27
[REMARKS]
#FINAL-07-20#