000
CXUS54 KEWX 011010
CF6PEZ
PRELIMINARY LOCAL CLIMATOLOGICAL DATA (WS FORM: F-6)
STATION: PLEASANTON MUNICIPAL AIRPORT
MONTH: MAY
YEAR: 2023
LATITUDE: 28 57 N
LONGITUDE: 98 31 W
TEMPERATURE IN F: :PCPN: SNOW: WIND :SUNSHINE: SKY :PK WND
================================================================================
1 2 3 4 5 6A 6B 7 8 9 10 11 12 13 14 15 16 17 18
12Z AVG MX 2MIN
DY MAX MIN AVG DEP HDD CDD WTR SNW DPTH SPD SPD DIR MIN PSBL S-S WX SPD DR
================================================================================
1 91 51 71 M 0 6 0.00 M M 7.1 14 110 M M 0 30 110
2 85 67 76 M 0 11 0.00 M M 7.2 13 100 M M 5 8 25 130
3 86 65 76 M 0 11 0.00 M M 6.7 16 70 M M 3 20 150
4 88 69 79 M 0 14 0.00 M M 6.1 17 170 M M 6 1 24 170
5 95 70 83 M 0 18 0.00 M M 7.6 22 160 M M 3 1 31 160
6 93 76 85 M 0 20 0.00 M M 9.3 15 120 M M 7 31 140
7 81 73 77 M 0 12 0.01 M M 8.6 17 110 M M 5 1 29 120
8 92 71 82 M 0 17 0.00 M M 9.0 17 160 M M 3 24 160
9 79 65 72 M 0 7 1.00 M M 5.6 16 330 M M 7 3 36 340
10 85 68 77 M 0 12 0.00 M M 8.1 18 80 M M 8 23 80
11 91 75 83 M 0 18 0.00 M M 6.9 15 160 M M 7 18 23 160
12 89 76 83 M 0 18 0.63 M M 8.2 15 120 M M 8 18 21 130
13 79 66 73 M 0 8 2.01 M M 8.1 21 80 M M 6 3 38 80
14 87 65 76 M 0 11 0.00 M M 4.2 13 80 M M 2 1 16 150
15 82 68 75 M 0 10 1.16 M M 3.7 14 280 M M 4 3 17 80
16 86 68 77 M 0 12 0.55 M M 3.8 10 40 M M 3 40 40
17 89 67 78 M 0 13 0.00 M M 3.9 13 70 M M 1 20 70
18 90 65 78 M 0 13 0.00 M M 5.1 13 140 M M 0 1 21 120
19 92 70 81 M 0 16 0.00 M M 5.9 14 150 M M 3 20 140
20 81 68 75 M 0 10 2.12 M M 7.0 13 40 M M 5 3 22 60
21 76 67 72 M 0 7 0.03 M M 4.2 7 90 M M 8 M M
22 87 63 75 M 0 10 0.00 M M 2.9 8 170 M M 3 M M
23 91 71 81 M 0 16 0.00 M M 4.9 9 140 M M 3 1 17 140
24 91 68 80 M 0 15 0.00 M M 7.2 15 80 M M 3 31 40
25 88 70 79 M 0 14 0.00 M M 4.1 10 120 M M 4 M M
26 90 70 80 M 0 15 0.00 M M 4.9 9 110 M M 2 1 16 120
27 89 69 79 M 0 14 0.00 M M 5.0 13 110 M M 2 17 110
28 85 71 78 M 0 13 0.00 M M 4.1 12 160 M M 2 18 160
29 89 67 78 M 0 13 0.90 M M 3.5 15 340 M M 4 3 23 340
30 89 65 77 M 0 12 0.00 M M 3.0 8 110 M M 2 16 100
31 91 67 79 M 0 14 0.00 M M 5.5 13 120 M M 2 20 120
================================================================================
SM 2707 2111 0 400 8.41 M 181.1 M 121
================================================================================
AV 87.3 68.1 5.8 FASTST M M 4 MAX(MPH)
MISC ----> 22 160 40 40
================================================================================
NOTES:
# LAST OF SEVERAL OCCURRENCES
COLUMN 17 PEAK WIND IN M.P.H.
PRELIMINARY LOCAL CLIMATOLOGICAL DATA (WS FORM: F-6) , PAGE 2
STATION: PLEASANTON MUNICIPAL AIRPORT
MONTH: MAY
YEAR: 2023
LATITUDE: 28 57 N
LONGITUDE: 98 31 W
[TEMPERATURE DATA] [PRECIPITATION DATA] SYMBOLS USED IN COLUMN 16
AVERAGE MONTHLY: 77.7 TOTAL FOR MONTH: 8.41 1 = FOG OR MIST
DPTR FM NORMAL: 0.0 DPTR FM NORMAL: M 2 = FOG REDUCING VISIBILITY
HIGHEST: 95 ON 5 GRTST 24HR 2.12 ON 20-20 TO 1/4 MILE OR LESS
LOWEST: 51 ON 1 3 = THUNDER
SNOW, ICE PELLETS, HAIL 4 = ICE PELLETS
TOTAL MONTH: M 5 = HAIL
GRTST 24HR M ON M 6 = FREEZING RAIN OR DRIZZLE
GRTST DEPTH: M ON M 7 = DUSTSTORM OR SANDSTORM:
VSBY 1/2 MILE OR LESS
8 = SMOKE OR HAZE
[NO. OF DAYS WITH] [WEATHER - DAYS WITH] 9 = BLOWING SNOW
X = TORNADO
MAX 32 OR BELOW: 0 0.01 INCH OR MORE: 9
MAX 90 OR ABOVE: 11 0.10 INCH OR MORE: 7
MIN 32 OR BELOW: 0 0.50 INCH OR MORE: 7
MIN 0 OR BELOW: 0 1.00 INCH OR MORE: 4
[HDD (BASE 65) ]
TOTAL THIS MO. 0 CLEAR (SCALE 0-3) 15
DPTR FM NORMAL M PTCLDY (SCALE 4-7) 14
TOTAL FM JUL 1 1054 CLOUDY (SCALE 8-10) 2
DPTR FM NORMAL M
[CDD (BASE 65) ]
TOTAL THIS MO. 400
DPTR FM NORMAL M [PRESSURE DATA]
TOTAL FM JAN 1 938 HIGHEST SLP M ON M
DPTR FM NORMAL M LOWEST SLP M ON M
[REMARKS]
#FINAL-05-23#