000
CXUS52 KTBW 020049
CF6PGD
PRELIMINARY LOCAL CLIMATOLOGICAL DATA (WS FORM: F-6)
STATION: PUNTA GORDA
MONTH: MARCH
YEAR: 2022
LATITUDE: 26 55 N
LONGITUDE: 82 0 W
TEMPERATURE IN F: :PCPN: SNOW: WIND :SUNSHINE: SKY :PK WND
================================================================================
1 2 3 4 5 6A 6B 7 8 9 10 11 12 13 14 15 16 17 18
12Z AVG MX 2MIN
DY MAX MIN AVG DEP HDD CDD WTR SNW DPTH SPD SPD DIR MIN PSBL S-S WX SPD DR
================================================================================
1 75 57 66 -1 0 1 0.00 0.0 0 7.5 14 320 M M 6 19 50
2 82 52 67 0 0 2 0.00 0.0 0 5.6 17 20 M M 2 8 21 20
3 86 56 71 4 0 6 0.00 0.0 0 5.3 13 330 M M 4 12 19 300
4 87 58 73 6 0 8 0.00 0.0 0 8.5 21 50 M M 2 29 80
5 87 56 72 5 0 7 0.00 0.0 0 10.7 23 80 M M 2 32 80
6 88 60 74 7 0 9 0.00 0.0 0 10.5 22 110 M M 0 30 110
7 87 61 74 6 0 9 0.16 0.0 0 6.3 21 170 M M 4 1 29 160
8 87 65 76 8 0 11 0.06 0.0 0 7.7 18 210 M M 5 12 26 230
9 87 66 77 9 0 12 0.00 0.0 0 10.2 21 200 M M 2 1 29 180
10 88 71 80 12 0 15 0.00 0.0 0 8.8 17 230 M M 4 1 23 260
11 89 70 80 12 0 15 0.00 0.0 0 10.4 24 210 M M 2 1 31 200
12 81 51 66 -2 0 1 0.33 0.0 0 15.5 30 320 M M 3 138 42 230
13 74 42 58 -10 7 0 0.00 0.0 0 13.9 M M M M 1 M M
14 82 50 66 -2 0 1 0.00 0.0 0 8.9 18 70 M M 0 27 80
15 86 59 73 5 0 8 0.04 0.0 0 9.7 21 130 M M 4 13 28 120
16 84 64 74 6 0 9 0.02 0.0 0 9.0 22 230 M M 6 1 30 260
17 85 62 74 6 0 9 0.00 0.0 0 3.8 13 240 M M 2 12 19 250
18 89 59 74 5 0 9 0.00 0.0 0 6.8 21 250 M M 1 26 250
19 87 63 75 6 0 10 0.00 0.0 0 7.1 18 260 M M 2 1 26 260
20 88 63 76 7 0 11 0.00 0.0 0 6.9 16 70 M M 5 12 22 360
21 86 52 69 0 0 4 0.00 0.0 0 11.3 21 120 M M 0 28 100
22 89 53 71 2 0 6 0.00 0.0 0 10.8 22 130 M M 2 28 120
23 89 69 79 10 0 14 0.00 0.0 0 11.8 24 210 M M 1 31 210
24 87 66 77 8 0 12 0.00 0.0 0 12.2 26 230 M M 4 35 230
25 81 58 70 0 0 5 0.00 0.0 0 9.1 22 290 M M 4 33 300
26 81 53 67 -3 0 2 0.00 0.0 0 9.8 20 310 M M 0 28 10
27 85 59 72 2 0 7 0.00 0.0 0 9.8 18 10 M M 0 25 10
28 84 52 68 -2 0 3 0.00 0.0 0 6.1 15 260 M M 0 20 220
29 91 53 72 2 0 7 0.00 0.0 0 4.8 14 50 M M 2 12 19 60
30 90 56 73 3 0 8 0.00 0.0 0 11.9 28 160 M M 1 18 36 160
31 88 66 77 7 0 12 0.00 0.0 0 14.6 29 190 M M 3 39 190
================================================================================
SM 2650 1822 7 233 0.61 0.0 285.3 M 74
================================================================================
AV 85.5 58.8 9.2 FASTST M M 2 MAX(MPH)
MISC ----> 30 320 42 230
================================================================================
NOTES:
# LAST OF SEVERAL OCCURRENCES
COLUMN 17 PEAK WIND IN M.P.H.
PRELIMINARY LOCAL CLIMATOLOGICAL DATA (WS FORM: F-6) , PAGE 2
STATION: PUNTA GORDA
MONTH: MARCH
YEAR: 2022
LATITUDE: 26 55 N
LONGITUDE: 82 0 W
[TEMPERATURE DATA] [PRECIPITATION DATA] SYMBOLS USED IN COLUMN 16
AVERAGE MONTHLY: 72.1 TOTAL FOR MONTH: 0.61 1 = FOG OR MIST
DPTR FM NORMAL: 3.6 DPTR FM NORMAL: -1.67 2 = FOG REDUCING VISIBILITY
HIGHEST: 91 ON 29 GRTST 24HR 0.33 ON 12-12 TO 1/4 MILE OR LESS
LOWEST: 42 ON 13 3 = THUNDER
SNOW, ICE PELLETS, HAIL 4 = ICE PELLETS
TOTAL MONTH: 0.0 INCH 5 = HAIL
GRTST 24HR 0.0 6 = FREEZING RAIN OR DRIZZLE
GRTST DEPTH: 0 7 = DUSTSTORM OR SANDSTORM:
VSBY 1/2 MILE OR LESS
8 = SMOKE OR HAZE
[NO. OF DAYS WITH] [WEATHER - DAYS WITH] 9 = BLOWING SNOW
X = TORNADO
MAX 32 OR BELOW: 0 0.01 INCH OR MORE: 5
MAX 90 OR ABOVE: 2 0.10 INCH OR MORE: 2
MIN 32 OR BELOW: 0 0.50 INCH OR MORE: 0
MIN 0 OR BELOW: 0 1.00 INCH OR MORE: 0
[HDD (BASE 65) ]
TOTAL THIS MO. 7 CLEAR (SCALE 0-3) 20
DPTR FM NORMAL -29 PTCLDY (SCALE 4-7) 11
TOTAL FM JUL 1 208 CLOUDY (SCALE 8-10) 0
DPTR FM NORMAL -143
[CDD (BASE 65) ]
TOTAL THIS MO. 233
DPTR FM NORMAL 88 [PRESSURE DATA]
TOTAL FM JAN 1 388 HIGHEST SLP 30.37 ON 13
DPTR FM NORMAL 89 LOWEST SLP 29.85 ON 12
[REMARKS]
#FINAL-03-22#