000
CXUS51 KPHI 010915
CF6PHL
PRELIMINARY LOCAL CLIMATOLOGICAL DATA (WS FORM: F-6)
STATION: PHILADELPHIA PA
MONTH: FEBRUARY
YEAR: 2024
LATITUDE: 39 52 N
LONGITUDE: 75 15 W
TEMPERATURE IN F: :PCPN: SNOW: WIND :SUNSHINE: SKY :PK WND
================================================================================
1 2 3 4 5 6A 6B 7 8 9 10 11 12 13 14 15 16 17 18
12Z AVG MX 2MIN
DY MAX MIN AVG DEP HDD CDD WTR SNW DPTH SPD SPD DIR MIN PSBL S-S WX SPD DR
================================================================================
1 49 30 40 6 25 0 T 0.0 0 5.6 14 260 M M 6 1 17 220
2 46 40 43 9 22 0 0.10 0.0 0 8.5 21 350 M M 10 1 25 350
3 47 36 42 8 23 0 0.00 0.0 0 10.3 17 350 M M 5 22 350
4 50 31 41 7 24 0 0.00 0.0 0 5.3 10 350 M M 1 15 360
5 48 31 40 6 25 0 0.00 0.0 0 7.2 20 40 M M 1 26 40
6 44 27 36 2 29 0 0.00 0.0 0 7.7 17 30 M M 0 23 20
7 49 29 39 5 26 0 0.00 0.0 0 5.5 13 360 M M 3 20 350
8 53 32 43 9 22 0 0.00 0.0 0 5.6 14 190 M M 6 17 190
9 57 39 48 13 17 0 0.00 0.0 0 4.6 12 250 M M 7 14 250
10 55 40 48 13 17 0 0.00 0.0 0 4.3 13 360 M M 9 15 360
11 50 42 46 11 19 0 0.00 0.0 0 4.4 12 30 M M 10 23 10
12 50 40 45 10 20 0 0.10 0.0 0 3.8 12 80 M M 10 1 14 70
13 42 33 38 3 27 0 0.75 0.6 T 14.6 28 30 M M 8 14 42 40
14 40 31 36 0 29 0 T T 0 13.2 24 310 M M 4 32 320
15 41 26 34 -2 31 0 T T 0 7.4 17 180 M M 5 20 180
16 43 33 38 2 27 0 0.00 0.0 0 12.5 28 280 M M 5 40 270
17 38 26 32 -4 33 0 0.19 2.6 2 11.9 25 290 M M 7 1 36 290
18 45 25 35 -1 30 0 0.00 0.0 T 15.4 29 220 M M 3 35 230
19 46 28 37 0 28 0 0.00 0.0 0 7.0 17 320 M M 1 25 320
20 44 25 35 -2 30 0 0.00 0.0 0 6.2 15 40 M M 2 19 30
21 48 25 37 0 28 0 0.00 0.0 0 4.6 16 120 M M 5 21 110
22 48 27 38 1 27 0 0.08 0.0 0 4.8 14 190 M M 7 19 190
23 48 40 44 6 21 0 T 0.0 0 5.8 15 340 M M 10 1 21 350
24 44 28 36 -2 29 0 0.05 0.0 0 11.6 21 330 M M 6 1 26 330
25 44 22 33 -5 32 0 0.00 0.0 0 7.2 17 360 M M 1 23 10
26 58 31 45 7 20 0 0.00 0.0 0 3.9 9 220 M M 5 14 240
27 65 36 51 12 14 0 0.11 0.0 0 8.2 21 180 M M 7 1 26 180
28 63 42 53 14 12 0 0.11 0.0 0 15.5 38 300 M M 10 1 48 300
29 43 32 38 -1 27 0 0.00 0.0 0 14.2 33 300 M M 2 43 280
================================================================================
SM 1398 927 714 0 1.49 3.2 236.8 M 156
================================================================================
AV 48.2 32.0 8.2 FASTST M M 5 MAX(MPH)
MISC ----> 38 300 48 300
================================================================================
NOTES:
# LAST OF SEVERAL OCCURRENCES
COLUMN 17 PEAK WIND IN M.P.H.
PRELIMINARY LOCAL CLIMATOLOGICAL DATA (WS FORM: F-6) , PAGE 2
STATION: PHILADELPHIA PA
MONTH: FEBRUARY
YEAR: 2024
LATITUDE: 39 52 N
LONGITUDE: 75 15 W
[TEMPERATURE DATA] [PRECIPITATION DATA] SYMBOLS USED IN COLUMN 16
AVERAGE MONTHLY: 40.1 TOTAL FOR MONTH: 1.49 1 = FOG OR MIST
DPTR FM NORMAL: 4.2 DPTR FM NORMAL: -1.26 2 = FOG REDUCING VISIBILITY
HIGHEST: 65 ON 27 GRTST 24HR 0.85 ON 12-13 TO 1/4 MILE OR LESS
LOWEST: 22 ON 25 3 = THUNDER
SNOW, ICE PELLETS, HAIL 4 = ICE PELLETS
TOTAL MONTH: 3.2 INCHES 5 = HAIL
GRTST 24HR 2.6 ON 17-17 6 = FREEZING RAIN OR DRIZZLE
GRTST DEPTH: 2 ON 17 7 = DUSTSTORM OR SANDSTORM:
VSBY 1/2 MILE OR LESS
8 = SMOKE OR HAZE
[NO. OF DAYS WITH] [WEATHER - DAYS WITH] 9 = BLOWING SNOW
X = TORNADO
MAX 32 OR BELOW: 0 0.01 INCH OR MORE: 8
MAX 90 OR ABOVE: 0 0.10 INCH OR MORE: 6
MIN 32 OR BELOW: 18 0.50 INCH OR MORE: 1
MIN 0 OR BELOW: 0 1.00 INCH OR MORE: 0
[HDD (BASE 65) ]
TOTAL THIS MO. 714 CLEAR (SCALE 0-3) 9
DPTR FM NORMAL -101 PTCLDY (SCALE 4-7) 14
TOTAL FM JUL 1 2955 CLOUDY (SCALE 8-10) 6
DPTR FM NORMAL -495
[CDD (BASE 65) ]
TOTAL THIS MO. 0
DPTR FM NORMAL 0 [PRESSURE DATA]
TOTAL FM JAN 1 0 HIGHEST SLP 30.52 ON 20
DPTR FM NORMAL 0 LOWEST SLP 29.43 ON 13
[REMARKS]
#FINAL-02-24#