000
CXUS53 KILX 012300
CF6PIA
PRELIMINARY LOCAL CLIMATOLOGICAL DATA (WS FORM: F-6)
STATION: PEORIA IL
MONTH: MARCH
YEAR: 2020
LATITUDE: 40 40 N
LONGITUDE: 89 41 W
TEMPERATURE IN F: :PCPN: SNOW: WIND :SUNSHINE: SKY :PK WND
================================================================================
1 2 3 4 5 6A 6B 7 8 9 10 11 12 13 14 15 16 17 18
12Z AVG MX 2MIN
DY MAX MIN AVG DEP HDD CDD WTR SNW DPTH SPD SPD DIR MIN PSBL S-S WX SPD DR
================================================================================
1 64 34 49 15 16 0 0.02 0.0 0 11.5 21 200 M M 2 28 200
2 49 33 41 6 24 0 0.00 0.0 0 5.3 13 280 M M 2 22 330
3 53 29 41 6 24 0 0.00 0.0 0 8.1 29 290 M M 4 1 44 270
4 52 33 43 7 22 0 T 0.0 0 5.3 18 220 M M 2 26 220
5 56 32 44 8 21 0 T 0.0 0 15.2 26 300 M M 3 44 300
6 47 28 38 1 27 0 0.00 0.0 0 9.1 22 330 M M 2 35 310
7 56 26 41 4 24 0 0.00 0.0 0 13.1 23 180 M M 0 30 190
8 67 36 52 15 13 0 0.00 0.0 0 15.4 28 190 M M 0 37 200
9 56 44 50 12 15 0 0.99 0.0 0 14.7 24 200 M M 8 13 37 200
10 44 37 41 3 24 0 0.07 0.0 0 6.6 17 300 M M 10 1 26 300
11 46 38 42 3 23 0 T 0.0 0 5.4 16 210 M M 9 18 21 190
12 56 37 47 8 18 0 0.01 0.0 0 9.6 22 290 M M 8 12 34 350
13 51 32 42 2 23 0 0.00 0.0 0 8.5 17 290 M M 1 27 300
14 43 32 38 -2 27 0 0.21 0.7 0 7.6 17 70 M M 10 1 23 50
15 43 30 37 -3 28 0 0.00 0.0 0 8.1 16 80 M M 7 21 50
16 40 35 38 -3 27 0 0.03 0.0 0 4.6 12 210 M M 10 18 16 210
17 50 36 43 2 22 0 0.00 0.0 0 6.1 13 310 M M 3 1 20 360
18 49 42 46 4 19 0 0.46 0.0 0 6.0 13 130 M M 9 1 19 130
19 65 44 55 13 10 0 0.16 0.0 0 11.9 20 190 M M 9 12 26 210
20 61 34 48 6 17 0 T 0.0 0 9.5 17 340 M M 9 1 30 350
21 38 28 33 -10 32 0 0.00 0.0 0 8.4 18 70 M M 7 24 80
22 35 26 31 -12 34 0 0.18 1.2 0 7.8 15 110 M M 7 18 22 110
23 45 31 38 -6 27 0 T T 1 3.5 9 190 M M 9 1 14 30
24 47 35 41 -3 24 0 0.00 0.0 0 6.9 14 80 M M 9 18 19 70
25 57 34 46 2 19 0 0.00 0.0 0 9.6 18 170 M M 5 12 26 180
26 52 43 48 3 17 0 0.07 0.0 0 8.9 18 80 M M 7 13 25 50
27 58 41 50 5 15 0 0.06 0.0 0 10.5 21 70 M M 9 18 27 80
28 70 50 60 15 5 0 0.93 0.0 0 10.6 28 220 M M 8 13 36 230
29 61 44 53 7 12 0 T 0.0 0 20.2 33 240 M M 8 51 240
30 63 38 51 5 14 0 0.00 0.0 0 7.1 17 280 M M 0 24 310
31 46 37 42 -5 23 0 0.00 0.0 0 6.5 13 50 M M 7 21 10
================================================================================
SM 1620 1099 646 0 3.19 1.9 281.6 M 184
================================================================================
AV 52.3 35.5 9.1 FASTST M M 6 MAX(MPH)
MISC ----> # 33 240 # 51 240
================================================================================
NOTES:
# LAST OF SEVERAL OCCURRENCES
COLUMN 17 PEAK WIND IN M.P.H.
PRELIMINARY LOCAL CLIMATOLOGICAL DATA (WS FORM: F-6) , PAGE 2
STATION: PEORIA IL
MONTH: MARCH
YEAR: 2020
LATITUDE: 40 40 N
LONGITUDE: 89 41 W
[TEMPERATURE DATA] [PRECIPITATION DATA] SYMBOLS USED IN COLUMN 16
AVERAGE MONTHLY: 43.9 TOTAL FOR MONTH: 3.19 1 = FOG OR MIST
DPTR FM NORMAL: 3.3 DPTR FM NORMAL: 0.39 2 = FOG REDUCING VISIBILITY
HIGHEST: 70 ON 28 GRTST 24HR 0.99 ON 9- 9 TO 1/4 MILE OR LESS
LOWEST: 26 ON 22, 7 3 = THUNDER
SNOW, ICE PELLETS, HAIL 4 = ICE PELLETS
TOTAL MONTH: 1.9 INCHES 5 = HAIL
GRTST 24HR 1.2 ON 22-22 6 = FREEZING RAIN OR DRIZZLE
GRTST DEPTH: 1 ON 23 7 = DUSTSTORM OR SANDSTORM:
VSBY 1/2 MILE OR LESS
8 = SMOKE OR HAZE
[NO. OF DAYS WITH] [WEATHER - DAYS WITH] 9 = BLOWING SNOW
X = TORNADO
MAX 32 OR BELOW: 0 0.01 INCH OR MORE: 12
MAX 90 OR ABOVE: 0 0.10 INCH OR MORE: 6
MIN 32 OR BELOW: 10 0.50 INCH OR MORE: 2
MIN 0 OR BELOW: 0 1.00 INCH OR MORE: 0
[HDD (BASE 65) ]
TOTAL THIS MO. 646 CLEAR (SCALE 0-3) 10
DPTR FM NORMAL -110 PTCLDY (SCALE 4-7) 9
TOTAL FM JUL 1 4937 CLOUDY (SCALE 8-10) 12
DPTR FM NORMAL -335
[CDD (BASE 65) ]
TOTAL THIS MO. 0
DPTR FM NORMAL -1 [PRESSURE DATA]
TOTAL FM JAN 1 0 HIGHEST SLP 30.66 ON 15
DPTR FM NORMAL -1 LOWEST SLP 29.44 ON 28
[REMARKS]
#FINAL-03-20#