000
CXUS55 KPIH 011100
CF6PIH
PRELIMINARY LOCAL CLIMATOLOGICAL DATA (WS FORM: F-6)
STATION: POCATELLO
MONTH: JUNE
YEAR: 2022
LATITUDE: 42 55 N
LONGITUDE: 112 36 W
TEMPERATURE IN F: :PCPN: SNOW: WIND :SUNSHINE: SKY :PK WND
================================================================================
1 2 3 4 5 6A 6B 7 8 9 10 11 12 13 14 15 16 17 18
12Z AVG MX 2MIN
DY MAX MIN AVG DEP HDD CDD WTR SNW DPTH SPD SPD DIR MIN PSBL S-S WX SPD DR
================================================================================
1 70 35 53 -5 12 0 0.00 0.0 0 3.9 14 310 M M 2 18 300
2 79 42 61 2 4 0 0.00 0.0 0 5.0 13 300 M M 1 17 320
3 81 46 64 5 1 0 0.00 0.0 0 8.7 33 200 M M 1 8 48 210
4 70 49 60 1 5 0 0.00 0.0 0 9.7 23 240 M M 4 29 230
5 70 43 57 -2 8 0 0.10 0.0 0 8.1 23 310 M M 5 30 310
6 69 45 57 -3 8 0 T 0.0 0 15.4 25 250 M M 4 1 35 250
7 73 47 60 0 5 0 0.01 0.0 0 9.7 18 240 M M 2 27 250
8 81 37 59 -1 6 0 0.00 0.0 0 5.8 17 310 M M 2 23 10
9 83 49 66 6 0 1 0.00 0.0 0 7.6 16 250 M M 0 24 240
10 87 52 70 9 0 5 0.00 0.0 0 7.3 18 240 M M 0 25 250
11 86 55 71 10 0 6 0.00 0.0 0 13.3 25 240 M M 0 32 220
12 74 54 64 3 1 0 0.17 0.0 0 8.6 25 230 M M 6 1 33 240
13 59 43 51 -10 14 0 0.30 0.0 0 21.2 33 230 M M 4 43 240
14 61 40 51 -11 14 0 0.00 0.0 0 20.6 35 270 M M 3 48 270
15 70 39 55 -7 10 0 0.00 0.0 0 8.1 17 210 M M 0 27 260
16 91 38 65 3 0 0 0.00 0.0 0 9.6 29 170 M M 0 36 180
17 95 59 77 15 0 12 0.00 0.0 0 20.0 44 180 M M 1 8 57 180
18 79 46 63 0 2 0 0.00 0.0 0 10.1 30 250 M M 2 37 250
19 68 50 59 -4 6 0 0.00 0.0 0 17.1 31 240 M M 3 40 240
20 69 42 56 -7 9 0 0.00 0.0 0 15.2 26 250 M M 3 34 250
21 76 36 56 -8 9 0 0.00 0.0 0 5.3 13 320 M M 1 19 300
22 86 39 63 -1 2 0 0.00 0.0 0 4.6 12 310 M M 0 16 300
23 91 46 69 5 0 4 T 0.0 0 8.0 40 250 M M 1 8 51 260
24 81 55 68 3 0 3 0.00 0.0 0 17.6 29 230 M M 2 38 250
25 81 45 63 -2 2 0 0.00 0.0 0 10.5 23 30 M M 0 29 10
26 86 39 63 -2 2 0 0.00 0.0 0 5.3 14 310 M M 0 19 280
27 93 44 69 3 0 4 0.00 0.0 0 5.4 10 320 M M 0 17 20
28 94 51 73 7 0 8 0.00 0.0 0 8.9 23 310 M M 0 29 300
29 84 61 73 7 0 8 0.00 0.0 0 15.4 29 230 M M 1 37 230
30 87 43 65 -2 0 0 0.00 0.0 0 4.6 12 60 M M 1 17 20
================================================================================
SM 2374 1370 120 51 0.58 0.0 310.6 M 49
================================================================================
AV 79.1 45.7 10.4 FASTST M M 2 MAX(MPH)
MISC ----> 44 180 57 180
================================================================================
NOTES:
# LAST OF SEVERAL OCCURRENCES
COLUMN 17 PEAK WIND IN M.P.H.
PRELIMINARY LOCAL CLIMATOLOGICAL DATA (WS FORM: F-6) , PAGE 2
STATION: POCATELLO
MONTH: JUNE
YEAR: 2022
LATITUDE: 42 55 N
LONGITUDE: 112 36 W
[TEMPERATURE DATA] [PRECIPITATION DATA] SYMBOLS USED IN COLUMN 16
AVERAGE MONTHLY: 62.4 TOTAL FOR MONTH: 0.58 1 = FOG OR MIST
DPTR FM NORMAL: 0.2 DPTR FM NORMAL: -0.35 2 = FOG REDUCING VISIBILITY
HIGHEST: 95 ON 17 GRTST 24HR 0.47 ON 12-13 TO 1/4 MILE OR LESS
LOWEST: 35 ON 1 3 = THUNDER
SNOW, ICE PELLETS, HAIL 4 = ICE PELLETS
TOTAL MONTH: 0.0 INCH 5 = HAIL
GRTST 24HR 0.0 6 = FREEZING RAIN OR DRIZZLE
GRTST DEPTH: 0 7 = DUSTSTORM OR SANDSTORM:
VSBY 1/2 MILE OR LESS
8 = SMOKE OR HAZE
[NO. OF DAYS WITH] [WEATHER - DAYS WITH] 9 = BLOWING SNOW
X = TORNADO
MAX 32 OR BELOW: 0 0.01 INCH OR MORE: 4
MAX 90 OR ABOVE: 5 0.10 INCH OR MORE: 3
MIN 32 OR BELOW: 0 0.50 INCH OR MORE: 0
MIN 0 OR BELOW: 0 1.00 INCH OR MORE: 0
[HDD (BASE 65) ]
TOTAL THIS MO. 120 CLEAR (SCALE 0-3) 23
DPTR FM NORMAL -9 PTCLDY (SCALE 4-7) 7
TOTAL FM JUL 1 7093 CLOUDY (SCALE 8-10) 0
DPTR FM NORMAL 134
[CDD (BASE 65) ]
TOTAL THIS MO. 51
DPTR FM NORMAL 5 [PRESSURE DATA]
TOTAL FM JAN 1 55 HIGHEST SLP 30.34 ON 21
DPTR FM NORMAL 4 LOWEST SLP 29.40 ON 17
[REMARKS]
#FINAL-06-22#