000
CXUS55 KPIH 011609
CF6PIH
PRELIMINARY LOCAL CLIMATOLOGICAL DATA (WS FORM: F-6)
STATION: POCATELLO
MONTH: AUGUST
YEAR: 2021
LATITUDE: 42 55 N
LONGITUDE: 112 36 W
TEMPERATURE IN F: :PCPN: SNOW: WIND :SUNSHINE: SKY :PK WND
================================================================================
1 2 3 4 5 6A 6B 7 8 9 10 11 12 13 14 15 16 17 18
12Z AVG MX 2MIN
DY MAX MIN AVG DEP HDD CDD WTR SNW DPTH SPD SPD DIR MIN PSBL S-S WX SPD DR
================================================================================
1 82 61 72 0 0 7 0.42 0.0 0 5.0 18 210 M M 3 3 24 210
2 76 59 68 -4 0 3 0.10 0.0 0 7.3 36 330 M M 3 13 49 330
3 88 51 70 -2 0 5 0.00 0.0 0 3.7 10 30 M M 0 14 30
4 94 54 74 2 0 9 0.00 0.0 0 4.3 16 180 M M 0 22 190
5 96 63 80 8 0 15 0.03 0.0 0 8.2 43 250 M M 0 65 250
6 72 57 65 -7 0 0 T 0.0 0 13.3 24 250 M M 1 38 30 270
7 86 46 66 -6 0 1 0.00 0.0 0 6.9 21 260 M M 0 30 260
8 90 56 73 2 0 8 0.00 0.0 0 12.1 26 250 M M 0 8 35 210
9 80 53 67 -4 0 2 0.00 0.0 0 12.4 20 220 M M 0 8 34 240
10 87 47 67 -4 0 2 0.00 0.0 0 9.1 22 260 M M 0 27 240
11 90 48 69 -2 0 4 0.00 0.0 0 7.5 15 270 M M 0 20 270
12 96 52 74 4 0 9 0.00 0.0 0 5.1 13 330 M M 0 19 360
13 98 54 76 6 0 11 0.00 0.0 0 5.3 13 200 M M 0 20 290
14 95 64 80 10 0 15 0.00 0.0 0 12.5 23 210 M M 0 8 30 240
15 92 57 75 5 0 10 0.00 0.0 0 6.7 18 230 M M 6 8 24 240
16 94 50 72 2 0 7 0.00 0.0 0 6.9 38 260 M M 0 8 49 260
17 90 58 74 5 0 9 T 0.0 0 10.8 25 260 M M 2 8 31 250
18 67 50 59 -10 6 0 0.24 0.0 0 7.1 20 220 M M 6 13 26 260
19 56 48 52 -17 13 0 1.02 0.0 0 9.4 22 210 M M 8 1 29 220
20 74 49 62 -6 3 0 0.01 0.0 0 6.1 17 200 M M 3 19 220
21 75 46 61 -7 4 0 0.07 0.0 0 6.7 29 240 M M 3 3 43 240
22 78 46 62 -6 3 0 0.00 0.0 0 7.6 18 170 M M 1 18 26 160
23 82 49 66 -2 0 1 0.00 0.0 0 7.4 21 260 M M 2 18 28 280
24 80 54 67 0 0 2 0.00 0.0 0 8.4 22 240 M M 1 8 28 240
25 89 51 70 3 0 5 0.00 0.0 0 5.9 15 200 M M 0 20 240
26 82 48 65 -2 0 0 0.00 0.0 0 8.7 21 250 M M 1 8 27 230
27 80 46 63 -3 2 0 0.00 0.0 0 12.6 24 240 M M 0 8 31 240
28 78 45 62 -4 3 0 0.00 0.0 0 6.1 13 360 M M 0 17 20
29 86 39 63 -3 2 0 0.00 0.0 0 5.4 17 230 M M 0 20 220
30 88 45 67 1 0 2 0.00 0.0 0 6.1 20 230 M M 2 8 25 250
31 81 45 63 -2 2 0 0.00 0.0 0 10.2 24 230 M M 5 8 30 240
================================================================================
SM 2602 1591 38 127 1.89 0.0 244.8 M 47
================================================================================
AV 83.9 51.3 7.9 FASTST M M 2 MAX(MPH)
MISC ----> 43 250 65 250
================================================================================
NOTES:
# LAST OF SEVERAL OCCURRENCES
COLUMN 17 PEAK WIND IN M.P.H.
1ST-2ND: TEMPERATURES AND PRECIPITATION AUGMENTED BY POCATELLO WFO
DUE TO ASOS OUTAGE ON THE 1ST AND TEMPERATURES AUGMENTED BY
POCATELLO WFO ON THE 2ND. PIH ASOS(10-7211) BACKUP EQUIP IS
LOCATED AT THE WFO 1.4 MILES SW OF THE ASOS.
PRELIMINARY LOCAL CLIMATOLOGICAL DATA (WS FORM: F-6) , PAGE 2
STATION: POCATELLO
MONTH: AUGUST
YEAR: 2021
LATITUDE: 42 55 N
LONGITUDE: 112 36 W
[TEMPERATURE DATA] [PRECIPITATION DATA] SYMBOLS USED IN COLUMN 16
AVERAGE MONTHLY: 67.6 TOTAL FOR MONTH: 1.89 1 = FOG OR MIST
DPTR FM NORMAL: -1.7 DPTR FM NORMAL: 1.36 2 = FOG REDUCING VISIBILITY
HIGHEST: 98 ON 13 GRTST 24HR 1.03 ON 19-20 TO 1/4 MILE OR LESS
LOWEST: 39 ON 29 3 = THUNDER
SNOW, ICE PELLETS, HAIL 4 = ICE PELLETS
TOTAL MONTH: 0.0 INCH 5 = HAIL
GRTST 24HR 0.0 6 = FREEZING RAIN OR DRIZZLE
GRTST DEPTH: 0 7 = DUSTSTORM OR SANDSTORM:
VSBY 1/2 MILE OR LESS
8 = SMOKE OR HAZE
[NO. OF DAYS WITH] [WEATHER - DAYS WITH] 9 = BLOWING SNOW
X = TORNADO
MAX 32 OR BELOW: 0 0.01 INCH OR MORE: 7
MAX 90 OR ABOVE: 10 0.10 INCH OR MORE: 4
MIN 32 OR BELOW: 0 0.50 INCH OR MORE: 1
MIN 0 OR BELOW: 0 1.00 INCH OR MORE: 1
[HDD (BASE 65) ]
TOTAL THIS MO. 38 CLEAR (SCALE 0-3) 25
DPTR FM NORMAL 13 PTCLDY (SCALE 4-7) 6
TOTAL FM JUL 1 38 CLOUDY (SCALE 8-10) 0
DPTR FM NORMAL 1
[CDD (BASE 65) ]
TOTAL THIS MO. 127
DPTR FM NORMAL -31 [PRESSURE DATA]
TOTAL FM JAN 1 628 HIGHEST SLP 30.23 ON 3
DPTR FM NORMAL 224 LOWEST SLP 29.52 ON 17
[REMARKS]
1ST: RAINFALL OF 0.42 BREAKS OLD RECORD OF 0.36 SET IN 2011.
19TH: RAINFALL OF 1.02 BREAKS OLD RECORD OF 0.25 SET IN 1968.
#FINAL-08-21#