000
CXUS54 KOUN 010810
CF6PNC
PRELIMINARY LOCAL CLIMATOLOGICAL DATA (WS FORM: F-6)
STATION: PONCA CITY
MONTH: APRIL
YEAR: 2023
LATITUDE: 36 44 N
LONGITUDE: 97 6 W
TEMPERATURE IN F: :PCPN: SNOW: WIND :SUNSHINE: SKY :PK WND
================================================================================
1 2 3 4 5 6A 6B 7 8 9 10 11 12 13 14 15 16 17 18
12Z AVG MX 2MIN
DY MAX MIN AVG DEP HDD CDD WTR SNW DPTH SPD SPD DIR MIN PSBL S-S WX SPD DR
================================================================================
1 65 37 51 -4 14 0 0.00 M M 7.0 28 320 M M 0 38 330
2 83 48 66 11 0 1 0.00 M M 14.3 24 200 M M 0 34 220
3 89 58 74 19 0 9 0.00 M M 11.6 23 160 M M 1 31 170
4 89 48 69 14 0 4 T M M 15.5 31 330 M M 0 3 46 330
5 58 33 46 -10 19 0 0.00 M M 10.2 24 350 M M 1 32 320
6 64 28 46 -10 19 0 0.00 M M 8.3 17 80 M M 0 24 50
7 71 28 50 -6 15 0 0.00 M M 8.6 20 140 M M 0 8 27 130
8 74 33 54 -2 11 0 0.00 M M 6.8 16 130 M M 0 20 120
9 78 35 57 0 8 0 0.00 M M 7.3 16 150 M M 0 20 150
10 81 53 67 10 0 2 0.01 M M 9.7 24 140 M M 2 3 29 160
11 80 46 63 6 2 0 M M M 10.0 22 150 M M 0 1 28 160
12 82 54 68 10 0 3 0.00 M M 11.5 23 150 M M 0 29 150
13 83 56 70 12 0 5 0.00 M M 12.7 25 150 M M 0 30 140
14 87 63 75 17 0 10 0.00 M M 15.9 29 160 M M 0 36 160
15 70 43 57 -1 8 0 0.00 M M 14.3 28 350 M M 7 36 340
16 69 36 53 -6 12 0 0.00 M M 7.6 24 340 M M 0 36 330
17 84 30 57 -2 8 0 0.00 M M 9.4 22 160 M M 0 32 200
18 86 54 70 11 0 5 0.00 M M 16.3 35 160 M M 2 46 150
19 89 65 77 18 0 12 0.00 M M 18.3 35 160 M M 4 3 47 150
20 74 45 60 0 5 0 0.00 M M 13.3 32 160 M M 1 44 160
21 70 36 53 -7 12 0 0.00 M M 6.0 22 360 M M 1 27 10
22 54 40 47 -13 18 0 0.00 M M 10.5 25 30 M M 5 30 30
23 66 29 48 -12 17 0 0.00 M M 4.1 13 140 M M 0 20 80
24 69 39 54 -7 11 0 T M M 7.7 22 160 M M 5 26 160
25 52 49 51 -10 14 0 0.01 M M 11.5 20 100 M M 10 1 25 130
26 56 50 53 -8 12 0 0.75 M M 11.6 21 80 M M 10 1 26 80
27 60 50 55 -7 10 0 0.76 M M 4.6 15 80 M M 10 1 20 80
28 57 47 52 -10 13 0 0.58 M M 7.4 20 350 M M 9 1 26 350
29 74 44 59 -3 6 0 0.00 M M 8.4 16 350 M M 2 21 20
30 69 40 55 -8 10 0 0.00 M M 9.3 25 350 M M 1 35 360
================================================================================
SM 2183 1317 244 51 2.11 M 309.7 M 71
================================================================================
AV 72.8 43.9 10.3 FASTST M M 2 MAX(MPH)
MISC ----> # 35 160 47 150
================================================================================
NOTES:
# LAST OF SEVERAL OCCURRENCES
COLUMN 17 PEAK WIND IN M.P.H.
PRELIMINARY LOCAL CLIMATOLOGICAL DATA (WS FORM: F-6) , PAGE 2
STATION: PONCA CITY
MONTH: APRIL
YEAR: 2023
LATITUDE: 36 44 N
LONGITUDE: 97 6 W
[TEMPERATURE DATA] [PRECIPITATION DATA] SYMBOLS USED IN COLUMN 16
AVERAGE MONTHLY: 58.3 TOTAL FOR MONTH: 2.11 1 = FOG OR MIST
DPTR FM NORMAL: -0.2 DPTR FM NORMAL: -1.67 2 = FOG REDUCING VISIBILITY
HIGHEST: 89 ON 19, 4 GRTST 24HR 0.76 ON 27-27 TO 1/4 MILE OR LESS
LOWEST: 28 ON 7, 6 3 = THUNDER
SNOW, ICE PELLETS, HAIL 4 = ICE PELLETS
TOTAL MONTH: M 5 = HAIL
GRTST 24HR M ON M 6 = FREEZING RAIN OR DRIZZLE
GRTST DEPTH: M ON M 7 = DUSTSTORM OR SANDSTORM:
VSBY 1/2 MILE OR LESS
8 = SMOKE OR HAZE
[NO. OF DAYS WITH] [WEATHER - DAYS WITH] 9 = BLOWING SNOW
X = TORNADO
MAX 32 OR BELOW: 0 0.01 INCH OR MORE: 5
MAX 90 OR ABOVE: 0 0.10 INCH OR MORE: 3
MIN 32 OR BELOW: 4 0.50 INCH OR MORE: 3
MIN 0 OR BELOW: 0 1.00 INCH OR MORE: 0
[HDD (BASE 65) ]
TOTAL THIS MO. 244 CLEAR (SCALE 0-3) 22
DPTR FM NORMAL 10 PTCLDY (SCALE 4-7) 4
TOTAL FM JUL 1 3682 CLOUDY (SCALE 8-10) 4
DPTR FM NORMAL -211
[CDD (BASE 65) ]
TOTAL THIS MO. 51
DPTR FM NORMAL 12 [PRESSURE DATA]
TOTAL FM JAN 1 58 HIGHEST SLP M ON M
DPTR FM NORMAL 9 LOWEST SLP 29.30 ON 4
[REMARKS]
#FINAL-04-23#