000
CXUS54 KOUN 010910
CF6PNC
PRELIMINARY LOCAL CLIMATOLOGICAL DATA (WS FORM: F-6)
STATION: PONCA CITY
MONTH: DECEMBER
YEAR: 2022
LATITUDE: 36 44 N
LONGITUDE: 97 6 W
TEMPERATURE IN F: :PCPN: SNOW: WIND :SUNSHINE: SKY :PK WND
================================================================================
1 2 3 4 5 6A 6B 7 8 9 10 11 12 13 14 15 16 17 18
12Z AVG MX 2MIN
DY MAX MIN AVG DEP HDD CDD WTR SNW DPTH SPD SPD DIR MIN PSBL S-S WX SPD DR
================================================================================
1 54 30 42 0 23 0 0.00 M M 14.2 24 160 M M 6 33 160
2 68 37 53 11 12 0 0.00 M M 16.0 36 360 M M 7 45 360
3 43 23 33 -8 32 0 0.00 M M 7.0 23 360 M M 0 30 350
4 50 34 42 1 23 0 0.00 M M 6.5 13 160 M M 4 15 160
5 61 38 50 9 15 0 0.00 M M 8.2 15 40 M M 5 1 18 30
6 47 38 43 3 22 0 0.00 M M 5.3 15 350 M M 10 1 17 360
7 50 43 47 7 18 0 0.15 M M 4.2 10 100 M M 10 1 15 100
8 58 37 48 8 17 0 0.08 M M 3.8 12 210 M M 9 12 16 220
9 51 31 41 2 24 0 0.22 M M 3.0 10 120 M M 2 13 13 110
10 55 31 43 4 22 0 0.23 M M 5.2 16 20 M M 6 123 19 20
11 47 31 39 0 26 0 0.00 M M 6.1 13 130 M M 10 12 14 130
12 54 47 51 12 14 0 0.05 M M 14.6 23 140 M M 10 1 30 150
13 60 34 47 9 18 0 0.93 M M 9.6 26 140 M M 4 13 32 140
14 44 29 37 -1 28 0 0.00 M M 7.5 17 270 M M 1 24 270
15 43 27 35 -3 30 0 0.00 M M 9.0 22 330 M M 0 33 320
16 42 27 35 -3 30 0 0.00 M M 8.8 23 310 M M 1 32 310
17 44 21 33 -5 32 0 0.00 M M 5.2 14 310 M M 0 22 300
18 53 17 35 -2 30 0 0.00 M M 8.4 23 160 M M 0 30 160
19 54 40 47 10 18 0 T M M 12.2 23 160 M M 9 30 160
20 42 22 32 -5 33 0 0.00 M M 10.3 21 360 M M 6 26 360
21 42 25 34 -3 31 0 0.00 M M 6.9 17 160 M M 10 18 21 170
22 40 0 20 -17 45 0 0.01 M M 14.1 35 350 M M 7 189 41 120
23 18 2 10 -26 55 0 0.00 M M 9.1 18 330 M M 0 25 330
24 27 6 17 -19 48 0 0.00 M M 2.9 9 330 M M 1 12 330
25 39 16 28 -8 37 0 0.01 M M 6.5 13 160 M M 3 17 160
26 39 13 26 -10 39 0 T M M 8.5 31 350 M M 4 38 350
27 50 13 32 -4 33 0 0.00 M M 13.1 29 160 M M 0 37 160
28 65 40 53 17 12 0 0.00 M M 17.2 26 160 M M 0 37 170
29 67 37 52 16 13 0 0.00 M M 11.6 23 220 M M 0 32 210
30 55 25 40 4 25 0 0.00 M M 4.7 10 130 M M 1 1 13 130
31 64 33 49 13 16 0 0.00 M M 9.1 21 160 M M 2 26 150
================================================================================
SM 1526 847 821 0 1.68 M 268.8 M 128
================================================================================
AV 49.2 27.3 8.7 FASTST M M 4 MAX(MPH)
MISC ----> 36 360 45 360
================================================================================
NOTES:
# LAST OF SEVERAL OCCURRENCES
COLUMN 17 PEAK WIND IN M.P.H.
PRELIMINARY LOCAL CLIMATOLOGICAL DATA (WS FORM: F-6) , PAGE 2
STATION: PONCA CITY
MONTH: DECEMBER
YEAR: 2022
LATITUDE: 36 44 N
LONGITUDE: 97 6 W
[TEMPERATURE DATA] [PRECIPITATION DATA] SYMBOLS USED IN COLUMN 16
AVERAGE MONTHLY: 38.3 TOTAL FOR MONTH: 1.68 1 = FOG OR MIST
DPTR FM NORMAL: 0.2 DPTR FM NORMAL: 0.41 2 = FOG REDUCING VISIBILITY
HIGHEST: 68 ON 2 GRTST 24HR 0.98 ON 12-13 TO 1/4 MILE OR LESS
LOWEST: 0 ON 22 3 = THUNDER
SNOW, ICE PELLETS, HAIL 4 = ICE PELLETS
TOTAL MONTH: M 5 = HAIL
GRTST 24HR M ON M 6 = FREEZING RAIN OR DRIZZLE
GRTST DEPTH: M ON M 7 = DUSTSTORM OR SANDSTORM:
VSBY 1/2 MILE OR LESS
8 = SMOKE OR HAZE
[NO. OF DAYS WITH] [WEATHER - DAYS WITH] 9 = BLOWING SNOW
X = TORNADO
MAX 32 OR BELOW: 2 0.01 INCH OR MORE: 8
MAX 90 OR ABOVE: 0 0.10 INCH OR MORE: 4
MIN 32 OR BELOW: 19 0.50 INCH OR MORE: 1
MIN 0 OR BELOW: 1 1.00 INCH OR MORE: 0
[HDD (BASE 65) ]
TOTAL THIS MO. 821 CLEAR (SCALE 0-3) 15
DPTR FM NORMAL -11 PTCLDY (SCALE 4-7) 9
TOTAL FM JUL 1 1530 CLOUDY (SCALE 8-10) 7
DPTR FM NORMAL -40
[CDD (BASE 65) ]
TOTAL THIS MO. 0
DPTR FM NORMAL 0 [PRESSURE DATA]
TOTAL FM JAN 1 2381 HIGHEST SLP 30.77 ON 23
DPTR FM NORMAL 442 LOWEST SLP 29.47 ON 28
[REMARKS]
#FINAL-12-22#