000
CXUS54 KOUN 010810
CF6PNC
PRELIMINARY LOCAL CLIMATOLOGICAL DATA (WS FORM: F-6)
STATION: PONCA CITY
MONTH: MARCH
YEAR: 2021
LATITUDE: 36 44 N
LONGITUDE: 97 6 W
TEMPERATURE IN F: :PCPN: SNOW: WIND :SUNSHINE: SKY :PK WND
================================================================================
1 2 3 4 5 6A 6B 7 8 9 10 11 12 13 14 15 16 17 18
12Z AVG MX 2MIN
DY MAX MIN AVG DEP HDD CDD WTR SNW DPTH SPD SPD DIR MIN PSBL S-S WX SPD DR
================================================================================
1 57 25 41 -3 24 0 0.00 M M 2.4 13 360 M M 0 16 360
2 65 25 45 1 20 0 0.00 M M 6.5 17 210 M M 0 26 210
3 72 40 56 11 9 0 0.00 0.0 0 7.8 16 170 M M 0 8 21 210
4 75 42 59 14 6 0 0.00 M M 11.0 24 120 M M 1 32 130
5 61 40 51 6 14 0 0.40 M M 11.2 23 30 M M 6 1 28 30
6 65 30 48 2 17 0 0.00 M M 4.5 13 150 M M 0 12 20 200
7 69 42 56 10 9 0 0.00 M M 10.8 23 220 M M 0 34 220
8 72 45 59 13 6 0 0.00 M M 13.8 26 160 M M 0 35 160
9 76 54 65 18 0 0 0.00 M M 18.2 26 160 M M 0 35 170
10 82 63 73 26 0 8 T M M 17.0 26 160 M M 4 38 200
11 66 47 57 10 8 0 0.02 M M 12.7 23 30 M M 10 28 30
12 52 50 51 3 14 0 0.39 M M 11.5 25 80 M M 10 13 30 80
13 67 51 59 11 6 0 0.36 M M 14.2 26 130 M M 10 13 32 130
14 68 51 60 12 5 0 0.14 M M 14.3 32 120 M M 4 1 43 120
15 66 44 55 6 10 0 0.00 M M 11.9 23 260 M M 3 36 250
16 79 41 60 11 5 0 0.00 M M 11.6 20 130 M M 0 3 26 110
17 65 35 50 1 15 0 1.97 M M 19.3 33 360 M M 10 13 39 360
18 49 38 44 -6 21 0 T 0.0 0 15.1 29 350 M M 8 42 340
19 63 32 48 -2 17 0 0.00 M M 5.4 14 40 M M 1 18 40
20 67 31 49 -1 16 0 0.00 M M 9.9 21 140 M M 0 28 140
21 70 48 59 9 6 0 0.00 M M 18.0 30 160 M M 0 37 160
22 58 53 56 5 9 0 0.84 M M 15.4 32 140 M M 8 18 38 140
23 55 45 50 -1 15 0 0.13 0.0 M 12.4 24 210 M M 9 1 34 260
24 58 42 50 -1 15 0 0.00 0.0 M 6.0 18 330 M M 7 25 340
25 58 41 50 -2 15 0 0.00 M M 6.3 15 350 M M 7 19 350
26 77 41 59 7 6 0 0.00 M M 13.0 23 170 M M 1 28 160
27 70 45 58 6 7 0 0.00 M M 9.3 23 350 M M 1 27 360
28 66 35 51 -1 14 0 0.00 M M 4.7 16 160 M M 0 20 160
29 80 52 66 13 0 1 0.00 M M 17.3 30 210 M M 0 44 210
30 65 41 53 0 12 0 0.00 M M 15.4 29 360 M M 0 37 190
31 62 37 50 -3 15 0 0.00 M M 7.1 16 360 M M 0 21 10
================================================================================
SM 2055 1306 336 9 4.25 0.0 354.0 M 100
================================================================================
AV 66.3 42.1 11.4 FASTST M M 3 MAX(MPH)
MISC ----> 33 360 44 210
================================================================================
NOTES:
# LAST OF SEVERAL OCCURRENCES
COLUMN 17 PEAK WIND IN M.P.H.
PRELIMINARY LOCAL CLIMATOLOGICAL DATA (WS FORM: F-6) , PAGE 2
STATION: PONCA CITY
MONTH: MARCH
YEAR: 2021
LATITUDE: 36 44 N
LONGITUDE: 97 6 W
[TEMPERATURE DATA] [PRECIPITATION DATA] SYMBOLS USED IN COLUMN 16
AVERAGE MONTHLY: 54.2 TOTAL FOR MONTH: 4.25 1 = FOG OR MIST
DPTR FM NORMAL: 5.4 DPTR FM NORMAL: 1.54 2 = FOG REDUCING VISIBILITY
HIGHEST: 82 ON 10 GRTST 24HR 1.97 ON 17-17 TO 1/4 MILE OR LESS
LOWEST: 25 ON 2, 1 3 = THUNDER
SNOW, ICE PELLETS, HAIL 4 = ICE PELLETS
TOTAL MONTH: 0.0 INCH 5 = HAIL
GRTST 24HR 0.0 6 = FREEZING RAIN OR DRIZZLE
GRTST DEPTH: 0 7 = DUSTSTORM OR SANDSTORM:
VSBY 1/2 MILE OR LESS
8 = SMOKE OR HAZE
[NO. OF DAYS WITH] [WEATHER - DAYS WITH] 9 = BLOWING SNOW
X = TORNADO
MAX 32 OR BELOW: 0 0.01 INCH OR MORE: 8
MAX 90 OR ABOVE: 0 0.10 INCH OR MORE: 7
MIN 32 OR BELOW: 5 0.50 INCH OR MORE: 2
MIN 0 OR BELOW: 0 1.00 INCH OR MORE: 1
[HDD (BASE 65) ]
TOTAL THIS MO. 336 CLEAR (SCALE 0-3) 19
DPTR FM NORMAL -171 PTCLDY (SCALE 4-7) 7
TOTAL FM JUL 1 3637 CLOUDY (SCALE 8-10) 5
DPTR FM NORMAL -157
[CDD (BASE 65) ]
TOTAL THIS MO. 9
DPTR FM NORMAL 2 [PRESSURE DATA]
TOTAL FM JAN 1 9 HIGHEST SLP M ON M
DPTR FM NORMAL 2 LOWEST SLP 29.41 ON 23
[REMARKS]
#FINAL-03-21#