000
CXUS54 KOUN 010910
CF6PNC
PRELIMINARY LOCAL CLIMATOLOGICAL DATA (WS FORM: F-6)
STATION: PONCA CITY
MONTH: FEBRUARY
YEAR: 2021
LATITUDE: 36 44 N
LONGITUDE: 97 6 W
TEMPERATURE IN F: :PCPN: SNOW: WIND :SUNSHINE: SKY :PK WND
================================================================================
1 2 3 4 5 6A 6B 7 8 9 10 11 12 13 14 15 16 17 18
12Z AVG MX 2MIN
DY MAX MIN AVG DEP HDD CDD WTR SNW DPTH SPD SPD DIR MIN PSBL S-S WX SPD DR
================================================================================
1 53 24 39 3 26 0 0.00 M M 1.6 12 130 M M 0 18 14 120
2 61 36 49 13 16 0 0.00 M M 10.5 18 150 M M 0 23 140
3 64 35 50 13 15 0 0.00 M M 14.3 25 160 M M 0 33 150
4 56 29 43 6 22 0 0.00 M M 14.1 32 350 M M 2 44 350
5 57 22 40 3 25 0 0.00 M M 4.3 13 240 M M 1 20 250
6 42 23 33 -4 32 0 0.01 M M 11.5 25 10 M M 9 1 29 20
7 29 22 26 -12 39 0 0.00 M M 10.3 18 100 M M 10 18 22 100
8 24 16 20 -18 45 0 T M M 14.6 23 50 M M 10 16 27 40
9 20 14 17 -21 48 0 0.00 M M 13.2 18 20 M M 10 18 22 20
10 20 16 18 -20 47 0 T M M 13.3 20 20 M M 10 18 23 10
11 19 15 17 -21 48 0 T M M 14.1 18 10 M M 10 22 20
12 16 9 13 -26 52 0 T M M 16.1 22 30 M M 10 8 27 10
13 19 5 12 -27 53 0 0.00 M M 15.0 23 30 M M 10 28 20
14 8 -2 3 -36 62 0 M M M 18.7 26 30 M M 4 1 31 10
15 3 -11 -4 -44 69 0 T T M 12.2 23 10 M M 6 27 10
16 13 -18 -2 -42 67 0 0.03 M M 5.0 13 90 M M 4 8 15 130
17 22 6 14 -26 51 0 0.03 M M 4.5 9 340 M M 7 1 11 360
18 26 -1 13 -28 52 0 0.00 M M 4.6 14 360 M M 1 18 16 360
19 35 -2 17 -24 48 0 0.00 M M 4.4 15 200 M M 0 18 19 200
20 46 12 29 -12 36 0 0.00 M M 9.7 24 160 M M 0 31 150
21 54 30 42 0 23 0 0.00 M M 11.8 29 160 M M 1 39 150
22 64 24 44 2 21 0 0.00 M M 6.6 20 220 M M 0 27 220
23 74 26 50 8 15 0 0.00 M M 4.8 17 160 M M 0 25 210
24 57 34 46 4 19 0 0.00 M M 14.6 31 10 M M 0 39 10
25 55 26 41 -2 24 0 0.00 0.0 0 9.9 23 30 M M 3 8 28 20
26 54 29 42 -1 23 0 0.00 M M 5.9 14 130 M M 6 17 130
27 66 37 52 8 13 0 0.00 0.0 0 13.6 28 160 M M 8 12 32 160
28 59 37 48 4 17 0 0.04 M M 12.9 21 10 M M 5 1 26 350
================================================================================
SM 1116 493 1008 0 0.11 T 292.1 M 127
================================================================================
AV 39.9 17.6 10.4 FASTST M M 5 MAX(MPH)
MISC ----> 32 350 44 350
================================================================================
NOTES:
# LAST OF SEVERAL OCCURRENCES
COLUMN 17 PEAK WIND IN M.P.H.
PRELIMINARY LOCAL CLIMATOLOGICAL DATA (WS FORM: F-6) , PAGE 2
STATION: PONCA CITY
MONTH: FEBRUARY
YEAR: 2021
LATITUDE: 36 44 N
LONGITUDE: 97 6 W
[TEMPERATURE DATA] [PRECIPITATION DATA] SYMBOLS USED IN COLUMN 16
AVERAGE MONTHLY: 28.7 TOTAL FOR MONTH: 0.11 1 = FOG OR MIST
DPTR FM NORMAL: -11.0 DPTR FM NORMAL: -1.23 2 = FOG REDUCING VISIBILITY
HIGHEST: 74 ON 23 GRTST 24HR 0.06 ON 16-17 TO 1/4 MILE OR LESS
LOWEST: -18 ON 16 3 = THUNDER
SNOW, ICE PELLETS, HAIL 4 = ICE PELLETS
TOTAL MONTH: T 5 = HAIL
GRTST 24HR T ON 15-15 6 = FREEZING RAIN OR DRIZZLE
GRTST DEPTH: 0 7 = DUSTSTORM OR SANDSTORM:
VSBY 1/2 MILE OR LESS
8 = SMOKE OR HAZE
[NO. OF DAYS WITH] [WEATHER - DAYS WITH] 9 = BLOWING SNOW
X = TORNADO
MAX 32 OR BELOW: 12 0.01 INCH OR MORE: 4
MAX 90 OR ABOVE: 0 0.10 INCH OR MORE: 0
MIN 32 OR BELOW: 23 0.50 INCH OR MORE: 0
MIN 0 OR BELOW: 5 1.00 INCH OR MORE: 0
[HDD (BASE 65) ]
TOTAL THIS MO. 1008 CLEAR (SCALE 0-3) 12
DPTR FM NORMAL 299 PTCLDY (SCALE 4-7) 7
TOTAL FM JUL 1 3301 CLOUDY (SCALE 8-10) 9
DPTR FM NORMAL 14
[CDD (BASE 65) ]
TOTAL THIS MO. 0
DPTR FM NORMAL 0 [PRESSURE DATA]
TOTAL FM JAN 1 0 HIGHEST SLP 30.60 ON 15
DPTR FM NORMAL 0 LOWEST SLP 29.42 ON 4
[REMARKS]
#FINAL-02-21#