000
CXUS56 KLOX 011155
CF6PRB
PRELIMINARY LOCAL CLIMATOLOGICAL DATA (WS FORM: F-6)
STATION: PASO ROBLES AIRPORT CA
MONTH: MARCH
YEAR: 2023
LATITUDE: 35 40 N
LONGITUDE: 120 38 W
TEMPERATURE IN F: :PCPN: SNOW: WIND :SUNSHINE: SKY :PK WND
================================================================================
1 2 3 4 5 6A 6B 7 8 9 10 11 12 13 14 15 16 17 18
12Z AVG MX 2MIN
DY MAX MIN AVG DEP HDD CDD WTR SNW DPTH SPD SPD DIR MIN PSBL S-S WX SPD DR
================================================================================
1 51 36 44 -8 21 0 0.03 M M 12.3 26 320 M M 4 1 33 310
2 58 28 43 -9 22 0 0.00 M M 2.8 9 110 M M 0 14 30
3 60 35 48 -4 17 0 0.00 M M 3.3 8 100 M M 4 10 90
4 52 36 44 -8 21 0 0.14 M M 8.8 22 240 M M 8 12 27 240
5 55 40 48 -4 17 0 0.09 M M 8.7 20 270 M M 8 1 23 280
6 55 35 45 -7 20 0 0.01 M M 3.5 14 280 M M 5 12 17 270
7 57 31 44 -9 21 0 0.00 M M 3.3 14 290 M M 0 17 300
8 56 31 44 -9 21 0 0.00 M M 1.5 9 310 M M 2 11 310
9 63 36 50 -3 15 0 0.18 M M 5.7 22 230 M M 7 1 29 170
10 60 52 56 3 9 0 1.04 M M 8.4 30 180 M M 10 1 37 180
11 64 53 59 6 6 0 0.01 M M 8.3 21 230 M M 7 1 25 230
12 63 51 57 4 8 0 0.00 M M 6.6 18 240 M M 6 23 230
13 67 47 57 4 8 0 0.02 M M 4.4 15 210 M M 5 21 210
14 58 54 56 3 9 0 1.27 M M 10.1 26 180 M M 10 1 35 190
15 62 46 54 0 11 0 0.02 M M 8.1 21 320 M M 5 1 24 310
16 64 42 53 -1 12 0 0.00 M M 3.7 16 210 M M 5 12 19 220
17 65 45 55 1 10 0 0.00 M M 3.3 10 320 M M 5 1 13 310
18 69 40 55 1 10 0 0.00 M M 4.1 13 210 M M 3 12 17 220
19 59 50 55 1 10 0 0.10 M M 10.9 28 190 M M 10 35 190
20 61 48 55 1 10 0 T M M 5.7 16 210 M M 4 19 200
21 55 44 50 -4 15 0 0.94 M M 14.4 37 170 M M 9 1 47 190
22 55 44 50 -4 15 0 0.22 M M 8.9 20 210 M M 9 1 25 210
23 58 42 50 -4 15 0 0.01 M M 10.0 21 340 M M 6 26 310
24 58 39 49 -5 16 0 0.00 M M 11.6 22 330 M M 1 26 330
25 60 36 48 -6 17 0 0.00 M M 8.7 20 330 M M 1 24 330
26 59 36 48 -6 17 0 0.00 M M 5.6 13 340 M M 1 17 350
27 66 31 49 -6 16 0 0.00 M M 5.0 16 240 M M 0 21 240
28 62 34 48 -7 17 0 0.42 M M 9.0 24 190 M M 5 1 33 200
29 55 40 48 -7 17 0 0.29 M M 6.8 22 230 M M 7 1 29 200
30 58 37 48 -7 17 0 0.05 M M 5.4 16 310 M M 6 1 21 320
31 64 38 51 -4 14 0 0.00 M M 4.6 14 330 M M 3 12 18 330
================================================================================
SM 1849 1257 454 0 4.84 M 213.5 M 156
================================================================================
AV 59.6 40.5 6.9 FASTST M M 5 MAX(MPH)
MISC ----> 37 170 47 190
================================================================================
NOTES:
# LAST OF SEVERAL OCCURRENCES
COLUMN 17 PEAK WIND IN M.P.H.
PRELIMINARY LOCAL CLIMATOLOGICAL DATA (WS FORM: F-6) , PAGE 2
STATION: PASO ROBLES AIRPORT CA
MONTH: MARCH
YEAR: 2023
LATITUDE: 35 40 N
LONGITUDE: 120 38 W
[TEMPERATURE DATA] [PRECIPITATION DATA] SYMBOLS USED IN COLUMN 16
AVERAGE MONTHLY: 50.1 TOTAL FOR MONTH: 4.84 1 = FOG OR MIST
DPTR FM NORMAL: -3.4 DPTR FM NORMAL: 2.42 2 = FOG REDUCING VISIBILITY
HIGHEST: 69 ON 18 GRTST 24HR 1.28 ON 14-15 TO 1/4 MILE OR LESS
LOWEST: 28 ON 2 3 = THUNDER
SNOW, ICE PELLETS, HAIL 4 = ICE PELLETS
TOTAL MONTH: M 5 = HAIL
GRTST 24HR M ON M 6 = FREEZING RAIN OR DRIZZLE
GRTST DEPTH: M ON M 7 = DUSTSTORM OR SANDSTORM:
VSBY 1/2 MILE OR LESS
8 = SMOKE OR HAZE
[NO. OF DAYS WITH] [WEATHER - DAYS WITH] 9 = BLOWING SNOW
X = TORNADO
MAX 32 OR BELOW: 0 0.01 INCH OR MORE: 17
MAX 90 OR ABOVE: 0 0.10 INCH OR MORE: 9
MIN 32 OR BELOW: 4 0.50 INCH OR MORE: 3
MIN 0 OR BELOW: 0 1.00 INCH OR MORE: 2
[HDD (BASE 65) ]
TOTAL THIS MO. 454 CLEAR (SCALE 0-3) 9
DPTR FM NORMAL 97 PTCLDY (SCALE 4-7) 17
TOTAL FM JUL 1 2579 CLOUDY (SCALE 8-10) 5
DPTR FM NORMAL 194
[CDD (BASE 65) ]
TOTAL THIS MO. 0
DPTR FM NORMAL 0 [PRESSURE DATA]
TOTAL FM JAN 1 0 HIGHEST SLP 30.39 ON 24
DPTR FM NORMAL 0 LOWEST SLP 29.39 ON 21
[REMARKS]
#FINAL-03-23#