000
CXUS56 KLOX 011255
CF6PRB
PRELIMINARY LOCAL CLIMATOLOGICAL DATA (WS FORM: F-6)
STATION: PASO ROBLES AIRPORT CA
MONTH: JANUARY
YEAR: 2023
LATITUDE: 35 40 N
LONGITUDE: 120 38 W
TEMPERATURE IN F: :PCPN: SNOW: WIND :SUNSHINE: SKY :PK WND
================================================================================
1 2 3 4 5 6A 6B 7 8 9 10 11 12 13 14 15 16 17 18
12Z AVG MX 2MIN
DY MAX MIN AVG DEP HDD CDD WTR SNW DPTH SPD SPD DIR MIN PSBL S-S WX SPD DR
================================================================================
1 57 39 48 1 17 0 0.00 M M 7.5 21 310 M M 2 26 320
2 50 37 44 -3 21 0 0.07 M M 4.9 16 70 M M 6 20 80
3 59 41 50 3 15 0 0.00 M M 4.0 12 80 M M 3 13 80
4 61 45 53 6 12 0 0.79 M M 11.2 28 130 M M 8 1 36 180
5 57 41 49 2 16 0 0.35 M M 11.1 29 180 M M 7 1 40 170
6 58 36 47 0 18 0 0.00 M M 2.6 15 90 M M 4 12 17 90
7 61 40 51 3 14 0 0.14 M M 5.6 18 210 M M 3 23 220
8 60 51 56 8 9 0 0.15 M M 6.9 21 180 M M 9 1 27 170
9 61 57 59 11 6 0 2.80 M M 10.9 33 190 M M 10 1 44 200
10 57 47 52 4 13 0 0.48 M M 10.4 31 250 M M M 1 39 250
11 57 48 53 5 12 0 0.01 M M 6.8 17 170 M M 7 21 180
12 65 42 54 6 11 0 0.00 M M 3.5 13 120 M M 0 15 110
13 59 44 52 4 13 0 0.09 M M 6.7 21 200 M M 4 1 27 200
14 56 48 52 4 13 0 1.13 M M 9.0 24 200 M M 8 1 32 170
15 52 46 49 1 16 0 0.32 M M 6.9 23 180 M M 7 1 31 180
16 54 40 47 -1 18 0 0.11 M M 10.1 32 210 M M 6 1 41 210
17 54 38 46 -2 19 0 0.01 M M 3.7 15 330 M M 6 12 19 330
18 56 33 45 -3 20 0 0.00 M M 2.2 7 130 M M 1 12 8 130
19 53 36 45 -3 20 0 0.05 M M 6.1 21 320 M M 4 1 24 330
20 53 30 42 -6 23 0 0.00 M M 3.2 14 100 M M 0 1 17 120
21 59 30 45 -3 20 0 0.00 M M 3.9 13 100 M M 0 15 100
22 56 30 43 -5 22 0 0.00 M M 2.6 15 90 M M 1 128 18 110
23 56 30 43 -5 22 0 0.00 M M 3.5 15 100 M M 0 17 100
24 61 29 45 -3 20 0 0.00 M M 2.4 12 100 M M 0 13 100
25 62 30 46 -3 19 0 0.00 M M 5.1 18 90 M M 0 1 22 90
26 63 31 47 -2 18 0 0.00 M M 3.4 12 80 M M 0 18 13 80
27 64 42 53 4 12 0 0.00 M M 1.3 7 120 M M 1 128 8 310
28 60 39 50 1 15 0 0.00 M M 4.4 13 310 M M 5 12 15 310
29 53 40 47 -2 18 0 0.01 M M 6.7 20 240 M M 9 1 22 230
30 55 36 46 -3 19 0 0.06 M M 5.9 16 90 M M 4 1 21 120
31 58 28 43 -6 22 0 0.00 M M 3.8 13 90 M M 0 15 90
================================================================================
SM 1787 1204 513 0 6.57 M 176.3 M 115
================================================================================
AV 57.6 38.8 5.7 FASTST M M 4 MAX(MPH)
MISC ----> 33 190 44 200
================================================================================
NOTES:
# LAST OF SEVERAL OCCURRENCES
COLUMN 17 PEAK WIND IN M.P.H.
PRELIMINARY LOCAL CLIMATOLOGICAL DATA (WS FORM: F-6) , PAGE 2
STATION: PASO ROBLES AIRPORT CA
MONTH: JANUARY
YEAR: 2023
LATITUDE: 35 40 N
LONGITUDE: 120 38 W
[TEMPERATURE DATA] [PRECIPITATION DATA] SYMBOLS USED IN COLUMN 16
AVERAGE MONTHLY: 48.2 TOTAL FOR MONTH: 6.57 1 = FOG OR MIST
DPTR FM NORMAL: 0.1 DPTR FM NORMAL: 3.83 2 = FOG REDUCING VISIBILITY
HIGHEST: 65 ON 12 GRTST 24HR 2.80 ON 9- 9 TO 1/4 MILE OR LESS
LOWEST: 28 ON 31 3 = THUNDER
SNOW, ICE PELLETS, HAIL 4 = ICE PELLETS
TOTAL MONTH: M 5 = HAIL
GRTST 24HR M ON M 6 = FREEZING RAIN OR DRIZZLE
GRTST DEPTH: M ON M 7 = DUSTSTORM OR SANDSTORM:
VSBY 1/2 MILE OR LESS
8 = SMOKE OR HAZE
[NO. OF DAYS WITH] [WEATHER - DAYS WITH] 9 = BLOWING SNOW
X = TORNADO
MAX 32 OR BELOW: 0 0.01 INCH OR MORE: 16
MAX 90 OR ABOVE: 0 0.10 INCH OR MORE: 9
MIN 32 OR BELOW: 8 0.50 INCH OR MORE: 3
MIN 0 OR BELOW: 0 1.00 INCH OR MORE: 2
[HDD (BASE 65) ]
TOTAL THIS MO. 513 CLEAR (SCALE 0-3) 14
DPTR FM NORMAL -13 PTCLDY (SCALE 4-7) 12
TOTAL FM JUL 1 1601 CLOUDY (SCALE 8-10) 5
DPTR FM NORMAL -9
[CDD (BASE 65) ]
TOTAL THIS MO. 0
DPTR FM NORMAL 0 [PRESSURE DATA]
TOTAL FM JAN 1 0 HIGHEST SLP 30.47 ON 26
DPTR FM NORMAL 0 LOWEST SLP 29.41 ON 16
[REMARKS]
#FINAL-01-23#