000
CXUS56 KLOX 011655
CF6PRB
PRELIMINARY LOCAL CLIMATOLOGICAL DATA (WS FORM: F-6)
STATION: PASO ROBLES AIRPORT CA
MONTH: NOVEMBER
YEAR: 2020
LATITUDE: 35 40 N
LONGITUDE: 120 38 W
TEMPERATURE IN F: :PCPN: SNOW: WIND :SUNSHINE: SKY :PK WND
================================================================================
1 2 3 4 5 6A 6B 7 8 9 10 11 12 13 14 15 16 17 18
12Z AVG MX 2MIN
DY MAX MIN AVG DEP HDD CDD WTR SNW DPTH SPD SPD DIR MIN PSBL S-S WX SPD DR
================================================================================
1 92 41 67 10 0 2 0.00 0.0 0 3.4 14 130 M M 0 18 120
2 90 43 67 10 0 2 0.00 0.0 0 1.9 12 90 M M 0 13 100
3 88 40 64 8 1 0 0.00 0.0 0 4.6 16 320 M M 0 19 320
4 86 39 63 7 2 0 0.00 0.0 0 3.5 13 110 M M 0 15 110
5 83 39 61 5 4 0 0.00 0.0 0 4.4 13 80 M M 0 15 80
6 67 41 54 -1 11 0 0.00 0.0 0 10.9 26 330 M M 3 32 320
7 58 41 50 -5 15 0 0.20 M 0 5.8 18 340 M M 5 1 23 350
8 61 32 47 -8 18 0 0.06 M 0 8.1 24 330 M M 3 31 330
9 58 28 43 -11 22 0 0.00 0.0 0 1.6 9 100 M M 0 11 90
10 63 27 45 -9 20 0 0.00 0.0 0 5.3 16 100 M M 0 20 110
11 65 29 47 -7 18 0 0.00 0.0 0 3.3 14 80 M M 2 18 90
12 71 33 52 -1 13 0 0.00 0.0 0 2.3 12 200 M M 1 13 190
13 69 32 51 -2 14 0 0.00 0.0 0 3.6 12 170 M M 1 14 190
14 69 40 55 2 10 0 0.00 0.0 0 5.9 15 110 M M 3 19 130
15 75 34 55 3 10 0 0.00 0.0 0 4.5 17 90 M M 0 8 21 90
16 81 35 58 6 7 0 0.00 0.0 0 2.5 10 280 M M 0 13 280
17 67 39 53 1 12 0 0.00 0.0 0 7.4 21 240 M M 1 25 230
18 67 45 56 4 9 0 0.02 M 0 5.7 15 210 M M 6 1 17 210
19 69 43 56 5 9 0 0.00 0.0 0 6.9 17 90 M M 5 20 90
20 64 36 50 -1 15 0 0.00 0.0 0 6.0 16 110 M M 0 20 90
21 71 32 52 1 13 0 0.00 0.0 0 5.1 16 90 M M 0 20 90
22 70 32 51 1 14 0 0.00 0.0 0 2.7 14 320 M M 0 1 16 320
23 67 33 50 0 15 0 0.00 0.0 0 3.5 12 290 M M 0 13 290
24 70 31 51 1 14 0 0.00 0.0 0 3.6 12 100 M M 0 14 60
25 66 31 49 -1 16 0 T M 0 4.2 14 310 M M 3 12 17 300
26 65 27 46 -3 19 0 0.00 0.0 0 4.5 17 20 M M 0 21 10
27 70 24 47 -2 18 0 0.00 0.0 0 3.5 14 80 M M 0 18 70
28 70 25 48 -1 17 0 0.00 0.0 0 2.9 15 80 M M 0 19 80
29 71 25 48 0 17 0 0.00 0.0 0 3.2 13 90 M M 0 15 80
30 71 26 49 1 16 0 0.00 M 0 2.7 14 100 M M 0 16 100
================================================================================
SM 2134 1023 369 4 0.28 0.0 133.5 M 33
================================================================================
AV 71.1 34.1 4.4 FASTST M M 1 MAX(MPH)
MISC ----> # 26 330 # 32 320
================================================================================
NOTES:
# LAST OF SEVERAL OCCURRENCES
COLUMN 17 PEAK WIND IN M.P.H.
PRELIMINARY LOCAL CLIMATOLOGICAL DATA (WS FORM: F-6) , PAGE 2
STATION: PASO ROBLES AIRPORT CA
MONTH: NOVEMBER
YEAR: 2020
LATITUDE: 35 40 N
LONGITUDE: 120 38 W
[TEMPERATURE DATA] [PRECIPITATION DATA] SYMBOLS USED IN COLUMN 16
AVERAGE MONTHLY: 52.6 TOTAL FOR MONTH: 0.28 1 = FOG OR MIST
DPTR FM NORMAL: 0.2 DPTR FM NORMAL: -0.75 2 = FOG REDUCING VISIBILITY
HIGHEST: 92 ON 1 GRTST 24HR 0.20 ON 7- 7 TO 1/4 MILE OR LESS
LOWEST: 24 ON 27 3 = THUNDER
SNOW, ICE PELLETS, HAIL 4 = ICE PELLETS
TOTAL MONTH: 0.0 INCH 5 = HAIL
GRTST 24HR 0.0 6 = FREEZING RAIN OR DRIZZLE
GRTST DEPTH: 0 7 = DUSTSTORM OR SANDSTORM:
VSBY 1/2 MILE OR LESS
8 = SMOKE OR HAZE
[NO. OF DAYS WITH] [WEATHER - DAYS WITH] 9 = BLOWING SNOW
X = TORNADO
MAX 32 OR BELOW: 0 0.01 INCH OR MORE: 3
MAX 90 OR ABOVE: 2 0.10 INCH OR MORE: 1
MIN 32 OR BELOW: 14 0.50 INCH OR MORE: 0
MIN 0 OR BELOW: 0 1.00 INCH OR MORE: 0
[HDD (BASE 65) ]
TOTAL THIS MO. 369 CLEAR (SCALE 0-3) 27
DPTR FM NORMAL -10 PTCLDY (SCALE 4-7) 3
TOTAL FM JUL 1 425 CLOUDY (SCALE 8-10) 0
DPTR FM NORMAL -124
[CDD (BASE 65) ]
TOTAL THIS MO. 4
DPTR FM NORMAL 3 [PRESSURE DATA]
TOTAL FM JAN 1 1367 HIGHEST SLP 30.30 ON 30
DPTR FM NORMAL 440 LOWEST SLP 29.62 ON 7
[REMARKS]
#FINAL-11-20#