000
CXUS56 KLOX 011655
CF6PRB
PRELIMINARY LOCAL CLIMATOLOGICAL DATA (WS FORM: F-6)
STATION: PASO ROBLES AIRPORT CA
MONTH: JUNE
YEAR: 2020
LATITUDE: 35 40 N
LONGITUDE: 120 38 W
TEMPERATURE IN F: :PCPN: SNOW: WIND :SUNSHINE: SKY :PK WND
================================================================================
1 2 3 4 5 6A 6B 7 8 9 10 11 12 13 14 15 16 17 18
12Z AVG MX 2MIN
DY MAX MIN AVG DEP HDD CDD WTR SNW DPTH SPD SPD DIR MIN PSBL S-S WX SPD DR
================================================================================
1 84 52 68 2 0 3 0.00 0.0 0 7.2 17 200 M M 0 20 210
2 97 50 74 8 0 9 0.00 0.0 0 3.8 16 220 M M 0 22 220
3 105 56 81 15 0 16 0.00 0.0 0 5.4 25 30 M M 0 32 40
4 99 57 78 11 0 13 0.00 0.0 0 10.7 32 200 M M 0 39 200
5 72 54 63 -4 2 0 0.00 0.0 0 10.7 23 220 M M 5 29 210
6 80 51 66 -1 0 1 0.00 0.0 0 12.6 25 320 M M 2 31 320
7 77 49 63 -4 2 0 0.00 0.0 0 16.4 28 330 M M 0 34 330
8 85 48 67 0 0 2 0.00 0.0 0 9.6 20 330 M M 0 24 340
9 94 43 69 1 0 4 0.00 0.0 0 6.1 18 340 M M 0 22 330
10 100 48 74 6 0 9 0.00 0.0 0 5.8 20 330 M M 0 24 330
11 99 53 76 8 0 11 0.00 0.0 0 7.8 25 210 M M 0 31 210
12 82 50 66 -2 0 1 0.00 0.0 0 10.7 24 210 M M 0 30 200
13 81 50 66 -2 0 1 0.00 0.0 0 11.6 23 330 M M 0 28 330
14 89 47 68 0 0 3 0.00 0.0 0 7.7 21 330 M M 0 24 320
15 93 50 72 3 0 7 0.00 0.0 0 11.4 28 330 M M 0 33 330
16 87 52 70 1 0 5 0.00 0.0 0 13.3 24 310 M M 0 30 320
17 90 46 68 -1 0 3 0.00 0.0 0 5.0 17 230 M M 0 21 200
18 92 46 69 0 0 4 0.00 0.0 0 7.6 23 190 M M 0 30 200
19 91 49 70 0 0 5 0.00 0.0 0 8.1 26 200 M M 0 31 200
20 88 49 69 -1 0 4 0.00 0.0 0 6.7 20 300 M M 0 24 310
21 99 51 75 5 0 10 0.00 0.0 0 8.4 22 290 M M 2 1 28 300
22 88 53 71 1 0 6 0.00 0.0 0 8.1 26 200 M M 1 1 32 200
23 91 52 72 2 0 7 0.00 0.0 0 8.7 25 190 M M 1 1 32 200
24 97 56 77 7 0 12 0.00 0.0 0 8.6 25 200 M M 0 31 200
25 84 54 69 -2 0 4 0.00 0.0 0 9.6 28 200 M M 1 32 200
26 93 53 73 2 0 8 0.00 0.0 0 7.2 22 190 M M 0 26 200
27 94 57 76 5 0 11 0.00 0.0 0 7.8 26 210 M M 0 31 200
28 69 53 61 -10 4 0 0.00 0.0 0 14.1 24 190 M M 4 29 190
29 83 47 65 -7 0 0 0.00 0.0 0 7.7 20 210 M M 1 24 210
30 94 48 71 -1 0 6 0.00 0.0 0 5.4 18 200 M M 0 24 190
================================================================================
SM 2677 1524 8 165 0.00 0.0 263.8 M 17
================================================================================
AV 89.2 50.8 8.8 FASTST M M 1 MAX(MPH)
MISC ----> # 32 200 # 39 200
================================================================================
NOTES:
# LAST OF SEVERAL OCCURRENCES
COLUMN 17 PEAK WIND IN M.P.H.
PRELIMINARY LOCAL CLIMATOLOGICAL DATA (WS FORM: F-6) , PAGE 2
STATION: PASO ROBLES AIRPORT CA
MONTH: JUNE
YEAR: 2020
LATITUDE: 35 40 N
LONGITUDE: 120 38 W
[TEMPERATURE DATA] [PRECIPITATION DATA] SYMBOLS USED IN COLUMN 16
AVERAGE MONTHLY: 70.0 TOTAL FOR MONTH: 0.00 1 = FOG OR MIST
DPTR FM NORMAL: 1.1 DPTR FM NORMAL: -0.02 2 = FOG REDUCING VISIBILITY
HIGHEST: 105 ON 3 GRTST 24HR 0.00 ON 30-30 TO 1/4 MILE OR LESS
LOWEST: 43 ON 9 3 = THUNDER
SNOW, ICE PELLETS, HAIL 4 = ICE PELLETS
TOTAL MONTH: 0.0 INCH 5 = HAIL
GRTST 24HR 0.0 6 = FREEZING RAIN OR DRIZZLE
GRTST DEPTH: 0 7 = DUSTSTORM OR SANDSTORM:
VSBY 1/2 MILE OR LESS
8 = SMOKE OR HAZE
[NO. OF DAYS WITH] [WEATHER - DAYS WITH] 9 = BLOWING SNOW
X = TORNADO
MAX 32 OR BELOW: 0 0.01 INCH OR MORE: 0
MAX 90 OR ABOVE: 16 0.10 INCH OR MORE: 0
MIN 32 OR BELOW: 0 0.50 INCH OR MORE: 0
MIN 0 OR BELOW: 0 1.00 INCH OR MORE: 0
[HDD (BASE 65) ]
TOTAL THIS MO. 8 CLEAR (SCALE 0-3) 28
DPTR FM NORMAL -19 PTCLDY (SCALE 4-7) 2
TOTAL FM JUL 1 2483 CLOUDY (SCALE 8-10) 0
DPTR FM NORMAL -366
[CDD (BASE 65) ]
TOTAL THIS MO. 165
DPTR FM NORMAL 22 [PRESSURE DATA]
TOTAL FM JAN 1 267 HIGHEST SLP 30.14 ON 8
DPTR FM NORMAL 56 LOWEST SLP 29.79 ON 4
[REMARKS]
#FINAL-06-20#