000
CXUS56 KPDT 011851
CLMPSC
CLIMATE REPORT
NATIONAL WEATHER SERVICE PENDLETON, OR
1151 AM PDT FRI SEP 01 2023
...................................
...THE PASCO WA CLIMATE SUMMARY FOR THE MONTH OF AUGUST 2023...
CLIMATE NORMAL PERIOD 1991 TO 2020
CLIMATE RECORD PERIOD 1894 TO 2023
WEATHER OBSERVED NORMAL DEPART LAST YEAR`S
VALUE DATE(S) VALUE FROM VALUE DATE(S)
NORMAL
................................................................
TEMPERATURE (F)
RECORD
HIGH 115 08/10/1898
LOW 37 08/31/1924
HIGHEST 109 08/15 106 08/18
LOWEST 48 08/24 50 08/05
08/06
AVG. MAXIMUM 91.5 90.7 0.8 97.1
AVG. MINIMUM 59.3 55.7 3.6 60.2
MEAN 75.4 73.2 2.2 78.7
DAYS MAX >= 90 18 18.8 -0.8 26
DAYS MAX <= 32 0 0.0 0.0 0
DAYS MIN <= 32 0 0.0 0.0 0
DAYS MIN <= 0 0 0.0 0.0 0
PRECIPITATION (INCHES)
RECORD
MAXIMUM 1.67 1977
MINIMUM T 2022
TOTALS 0.32 0.27 0.05 T
DAILY AVG. 0.01 0.01 0.00 T
DAYS >= .01 5 2.1 2.9 0
DAYS >= .10 1 0.6 0.4 0
DAYS >= .50 0 0.0 0.0 0
DAYS >= 1.00 0 0.0 0.0 0
GREATEST
24 HR. TOTAL 0.16 08/07 TO 08/07 T 08/09 TO 08/09
08/22 TO 08/22
08/31 TO 08/31
DEGREE DAYS
HEATING TOTAL 0 5 -5 0
SINCE 7/1 0 6 -6
COOLING TOTAL 329 259 70 414
SINCE 1/1 1048 722 326
................................................................
WIND (MPH)
AVERAGE WIND SPEED 6.0
RESULTANT WIND SPEED/DIRECTION 1/270
HIGHEST WIND SPEED/DIRECTION 26/240 DATE 08/17
26/340 08/25
26/220 08/29
HIGHEST GUST SPEED/DIRECTION 35/220 DATE 08/29
AVERAGE RH (PERCENT) 53
WEATHER CONDITIONS. NUMBER OF DAYS WITH
THUNDERSTORM 3 MIXED PRECIP 0
HEAVY RAIN 0 RAIN 1
LIGHT RAIN 9 FREEZING RAIN 0
LT FREEZING RAIN 0 HAIL 0
HEAVY SNOW 0 SNOW 0
LIGHT SNOW 0 SLEET 0
FOG 5 FOG W/VIS <= 1/4 MILE 0
HAZE 10
- INDICATES NEGATIVE NUMBERS.
R INDICATES RECORD WAS SET OR TIED.
MM INDICATES DATA IS MISSING.
T INDICATES TRACE AMOUNT.
$$