000
CXUS51 KALY 010856
CLMPSF
CLIMATE REPORT
NATIONAL WEATHER SERVICE ALBANY NY
356 AM EST MON JAN 01 2024
...................................
...THE PITTSFIELD MA CLIMATE SUMMARY FOR THE MONTH OF DECEMBER 2023...
CLIMATE NORMAL PERIOD: 1991 TO 2020
CLIMATE RECORD PERIOD: 9999 TO 9999
WEATHER OBSERVED NORMAL DEPART LAST YEAR`S
VALUE DATE(S) VALUE FROM VALUE DATE(S)
NORMAL
................................................................
TEMPERATURE (F)
HIGHEST 60 12/18 55 12/07
LOWEST 12 12/22 -1 12/24
AVG. MAXIMUM 42.1 35.5 6.6 36.5
AVG. MINIMUM 28.6 20.9 7.7 19.9
MEAN 35.4 28.2 7.2 28.2
DAYS MAX >= 90 0 0.0 0.0 0
DAYS MAX <= 32 4 12.5 -8.5 11
DAYS MIN <= 32 21 27.3 -6.3 29
DAYS MIN <= 0 0 1.0 -1.0 1
PRECIPITATION (INCHES)
TOTALS 5.15 3.63 1.52 3.60
DAILY AVG. 0.17 0.12
DAYS >= .01 13 11
DAYS >= .10 7 8
DAYS >= .50 2 3
DAYS >= 1.00 2 0
GREATEST
24 HR. TOTAL 2.55 12/17 TO 12/18
DEGREE DAYS
HEATING TOTAL 911 1141 -230 1132
SINCE 7/1 2346 2721 -375 MM
COOLING TOTAL 0 0 0 0
SINCE 1/1 421 345 76 MM
................................................................
WIND (MPH)
AVERAGE WIND SPEED 5.7
HIGHEST WIND SPEED/DIRECTION 24/290 DATE 12/11
HIGHEST GUST SPEED/DIRECTION 40/290 DATE 12/11
40/120 12/18
SKY COVER
AVERAGE SKY COVER 0.70
AVERAGE RH (PERCENT) 77
WEATHER CONDITIONS. NUMBER OF DAYS WITH
THUNDERSTORM 0 MIXED PRECIP 0
HEAVY RAIN 2 RAIN 6
LIGHT RAIN 13 FREEZING RAIN 0
LT FREEZING RAIN 0 HAIL 0
HEAVY SNOW 0 SNOW 1
LIGHT SNOW 7 SLEET 0
FOG 19 FOG W/VIS <= 1/4 MILE 6
HAZE 3
- INDICATES NEGATIVE NUMBERS.
R INDICATES RECORD WAS SET OR TIED.
MM INDICATES DATA IS MISSING.
T INDICATES TRACE AMOUNT.
$$