000
CXUS56 KSGX 011045
CF6PSP
PRELIMINARY LOCAL CLIMATOLOGICAL DATA (WS FORM: F-6)
STATION: PALM SPRINGS INTL AIRPORT CA
MONTH: MAY
YEAR: 2022
LATITUDE: 33 49 N
LONGITUDE: 116 30 W
TEMPERATURE IN F: :PCPN: SNOW: WIND :SUNSHINE: SKY :PK WND
================================================================================
1 2 3 4 5 6A 6B 7 8 9 10 11 12 13 14 15 16 17 18
12Z AVG MX 2MIN
DY MAX MIN AVG DEP HDD CDD WTR SNW DPTH SPD SPD DIR MIN PSBL S-S WX SPD DR
================================================================================
1 93 67 80 4 0 15 0.00 M M 12.4 28 320 M M 0 35 330
2 95 68 82 5 0 17 0.00 M M 9.8 23 320 M M 0 29 320
3 96 63 80 3 0 15 0.00 M M 6.8 21 330 M M 0 24 320
4 97 64 81 4 0 16 0.00 M M 8.1 22 320 M M 0 27 320
5 102 69 86 8 0 21 0.00 M M 6.1 22 320 M M 0 28 320
6 101 67 84 6 0 19 0.00 M M 8.1 26 330 M M 0 34 320
7 99 70 85 7 0 20 0.00 M M 9.2 32 310 M M 0 43 310
8 85 66 76 -2 0 11 0.00 M M 17.7 40 330 M M 0 7 56 330
9 83 62 73 -5 0 8 0.00 M M 16.7 36 330 M M 0 44 310
10 84 58 71 -8 0 6 0.00 M M 9.4 29 300 M M 0 39 300
11 81 55 68 -11 0 3 0.00 M M 11.2 29 330 M M 0 33 330
12 88 55 72 -7 0 7 0.00 M M 5.8 13 340 M M 0 17 320
13 99 67 83 3 0 18 0.00 M M 4.9 13 320 M M 0 15 320
14 107 74 91 11 0 26 0.00 M M 4.8 13 350 M M 0 17 90
15 108 73 91 11 0 26 0.00 M M 8.3 26 330 M M 0 33 320
16 101 70 86 6 0 21 0.00 M M 8.4 28 320 M M 0 36 290
17 98 71 85 4 0 20 0.00 M M 11.2 24 320 M M 0 31 320
18 100 71 86 5 0 21 0.00 M M 5.9 15 120 M M 0 25 110
19 100 73 87 6 0 22 0.00 M M 7.8 25 320 M M 0 32 320
20 86 69 78 -3 0 13 0.00 M M 16.8 28 320 M M 0 43 310
21 92 65 79 -3 0 14 0.00 M M 9.6 24 320 M M 0 30 320
22 96 65 81 -1 0 16 0.00 M M 8.6 23 320 M M 0 28 320
23 99 68 84 2 0 19 0.00 M M 4.8 16 320 M M 0 20 320
24 102 69 86 4 0 21 0.00 M M 6.0 16 80 M M 0 22 110
25 102 76 89 6 0 24 0.00 M M 6.3 14 330 M M 0 19 80
26 103 74 89 6 0 24 0.00 M M 7.7 23 320 M M 0 28 330
27 100 72 86 3 0 21 0.00 M M 8.4 25 330 M M 0 34 340
28 91 69 80 -3 0 15 0.00 M M 11.9 33 320 M M 0 8 43 320
29 92 67 80 -4 0 15 0.00 M M 18.7 36 340 M M 0 78 45 310
30 96 64 80 -4 0 15 0.00 M M 10.2 25 320 M M 0 7 34 320
31 98 67 83 -1 0 18 0.00 M M 7.2 20 320 M M 0 25 300
================================================================================
SM 2974 2088 0 527 0.00 M 288.8 M 0
================================================================================
AV 95.9 67.4 9.3 FASTST M M 0 MAX(MPH)
MISC ----> 40 330 56 330
================================================================================
NOTES:
# LAST OF SEVERAL OCCURRENCES
COLUMN 17 PEAK WIND IN M.P.H.
PRELIMINARY LOCAL CLIMATOLOGICAL DATA (WS FORM: F-6) , PAGE 2
STATION: PALM SPRINGS INTL AIRPORT CA
MONTH: MAY
YEAR: 2022
LATITUDE: 33 49 N
LONGITUDE: 116 30 W
[TEMPERATURE DATA] [PRECIPITATION DATA] SYMBOLS USED IN COLUMN 16
AVERAGE MONTHLY: 81.6 TOTAL FOR MONTH: 0.00 1 = FOG OR MIST
DPTR FM NORMAL: 1.3 DPTR FM NORMAL: -0.02 2 = FOG REDUCING VISIBILITY
HIGHEST: 108 ON 15 GRTST 24HR 0.00 ON 1- 1 TO 1/4 MILE OR LESS
LOWEST: 55 ON 12,11 3 = THUNDER
SNOW, ICE PELLETS, HAIL 4 = ICE PELLETS
TOTAL MONTH: M 5 = HAIL
GRTST 24HR M ON M 6 = FREEZING RAIN OR DRIZZLE
GRTST DEPTH: M ON M 7 = DUSTSTORM OR SANDSTORM:
VSBY 1/2 MILE OR LESS
8 = SMOKE OR HAZE
[NO. OF DAYS WITH] [WEATHER - DAYS WITH] 9 = BLOWING SNOW
X = TORNADO
MAX 32 OR BELOW: 0 0.01 INCH OR MORE: 0
MAX 90 OR ABOVE: 25 0.10 INCH OR MORE: 0
MIN 32 OR BELOW: 0 0.50 INCH OR MORE: 0
MIN 0 OR BELOW: 0 1.00 INCH OR MORE: 0
[HDD (BASE 65) ]
TOTAL THIS MO. 0 CLEAR (SCALE 0-3) 31
DPTR FM NORMAL -1 PTCLDY (SCALE 4-7) 0
TOTAL FM JUL 1 468 CLOUDY (SCALE 8-10) 0
DPTR FM NORMAL -232
[CDD (BASE 65) ]
TOTAL THIS MO. 527
DPTR FM NORMAL 51 [PRESSURE DATA]
TOTAL FM JAN 1 1131 HIGHEST SLP 30.21 ON 12
DPTR FM NORMAL 221 LOWEST SLP 29.53 ON 29
[REMARKS]
#FINAL-05-22#