000
CXUS56 KSGX 011045
CF6PSP
PRELIMINARY LOCAL CLIMATOLOGICAL DATA (WS FORM: F-6)
STATION: PALM SPRINGS INTL AIRPORT CA
MONTH: SEPTEMBER
YEAR: 2021
LATITUDE: 33 49 N
LONGITUDE: 116 30 W
TEMPERATURE IN F: :PCPN: SNOW: WIND :SUNSHINE: SKY :PK WND
================================================================================
1 2 3 4 5 6A 6B 7 8 9 10 11 12 13 14 15 16 17 18
12Z AVG MX 2MIN
DY MAX MIN AVG DEP HDD CDD WTR SNW DPTH SPD SPD DIR MIN PSBL S-S WX SPD DR
================================================================================
1 96 77 87 -5 0 22 0.00 M M 10.5 23 320 M M 0 28 320
2 102 73 88 -4 0 23 0.00 M M 4.5 14 330 M M 0 21 120
3 109 75 92 0 0 27 0.00 M M 7.6 23 310 M M 0 28 330
4 111 77 94 2 0 29 0.00 M M 6.4 18 330 M M 0 24 320
5 113 83 98 7 0 33 0.00 M M 4.5 15 320 M M 0 17 320
6 104 85 95 4 0 30 0.00 M M 6.2 14 320 M M 0 18 130
7 110 81 96 5 0 31 0.00 M M 3.7 15 330 M M 0 18 330
8 105 83 94 4 0 29 0.00 M M 4.8 14 100 M M 0 18 350
9 112 85 99 9 0 34 0.00 M M 6.6 23 340 M M 0 3 26 340
10 106 84 95 5 0 30 0.00 M M 3.5 17 230 M M 0 3 22 230
11 108 83 96 6 0 31 0.00 M M 4.3 14 320 M M 0 17 80
12 113 82 98 9 0 33 0.00 M M 5.5 22 320 M M 0 27 330
13 112 79 96 7 0 31 0.00 M M 4.8 22 330 M M 0 28 220
14 109 76 93 4 0 28 0.00 M M 6.2 23 320 M M 0 27 320
15 108 73 91 3 0 26 0.00 M M 5.1 21 320 M M 0 26 330
16 106 71 89 1 0 24 0.00 M M 5.7 20 320 M M 0 25 320
17 103 75 89 1 0 24 0.00 M M 5.5 20 320 M M 0 24 320
18 103 78 91 3 0 26 0.00 M M 8.2 25 330 M M 1 33 320
19 102 69 86 -1 0 21 0.00 M M 5.3 22 320 M M 0 29 310
20 102 71 87 0 0 22 0.00 M M 5.3 13 160 M M 0 16 140
21 105 76 91 5 0 26 0.00 M M 5.7 13 150 M M 0 17 140
22 108 79 94 8 0 29 0.00 M M 5.8 14 110 M M 0 18 120
23 103 78 91 5 0 26 0.00 M M 5.1 18 120 M M 0 23 90
24 97 77 87 2 0 22 0.04 M M 5.4 21 100 M M 1 3 25 90
25 94 73 84 -1 0 19 0.00 M M 3.3 15 320 M M 0 18 330
26 96 73 85 0 0 20 0.00 M M 5.2 18 320 M M 0 22 320
27 93 70 82 -2 0 17 0.00 M M 6.7 18 320 M M 0 23 320
28 94 68 81 -3 0 16 0.00 M M 10.2 30 330 M M 0 39 330
29 94 68 81 -3 0 16 0.00 M M 8.0 20 310 M M 0 25 320
30 95 68 82 -1 0 17 0.00 M M 6.5 17 340 M M 0 22 340
================================================================================
SM 3113 2290 0 762 0.04 M 176.1 M 2
================================================================================
AV103.8 76.3 5.9 FASTST M M 0 MAX(MPH)
MISC ----> 30 330 39 330
================================================================================
NOTES:
# LAST OF SEVERAL OCCURRENCES
COLUMN 17 PEAK WIND IN M.P.H.
PRELIMINARY LOCAL CLIMATOLOGICAL DATA (WS FORM: F-6) , PAGE 2
STATION: PALM SPRINGS INTL AIRPORT CA
MONTH: SEPTEMBER
YEAR: 2021
LATITUDE: 33 49 N
LONGITUDE: 116 30 W
[TEMPERATURE DATA] [PRECIPITATION DATA] SYMBOLS USED IN COLUMN 16
AVERAGE MONTHLY: 90.1 TOTAL FOR MONTH: 0.04 1 = FOG OR MIST
DPTR FM NORMAL: 2.0 DPTR FM NORMAL: -0.20 2 = FOG REDUCING VISIBILITY
HIGHEST: 113 ON 12, 5 GRTST 24HR 0.04 ON 24-24 TO 1/4 MILE OR LESS
LOWEST: 68 ON 30,29 3 = THUNDER
SNOW, ICE PELLETS, HAIL 4 = ICE PELLETS
TOTAL MONTH: M 5 = HAIL
GRTST 24HR M ON M 6 = FREEZING RAIN OR DRIZZLE
GRTST DEPTH: M ON M 7 = DUSTSTORM OR SANDSTORM:
VSBY 1/2 MILE OR LESS
8 = SMOKE OR HAZE
[NO. OF DAYS WITH] [WEATHER - DAYS WITH] 9 = BLOWING SNOW
X = TORNADO
MAX 32 OR BELOW: 0 0.01 INCH OR MORE: 1
MAX 90 OR ABOVE: 30 0.10 INCH OR MORE: 0
MIN 32 OR BELOW: 0 0.50 INCH OR MORE: 0
MIN 0 OR BELOW: 0 1.00 INCH OR MORE: 0
[HDD (BASE 65) ]
TOTAL THIS MO. 0 CLEAR (SCALE 0-3) 30
DPTR FM NORMAL 0 PTCLDY (SCALE 4-7) 0
TOTAL FM JUL 1 0 CLOUDY (SCALE 8-10) 0
DPTR FM NORMAL 0
[CDD (BASE 65) ]
TOTAL THIS MO. 762
DPTR FM NORMAL 69 [PRESSURE DATA]
TOTAL FM JAN 1 4514 HIGHEST SLP 30.09 ON 21
DPTR FM NORMAL 421 LOWEST SLP 29.66 ON 28
[REMARKS]
#FINAL-09-21#