000
CXUS56 KSGX 011145
CF6PSP
PRELIMINARY LOCAL CLIMATOLOGICAL DATA (WS FORM: F-6)
STATION: PALM SPRINGS INTL AIRPORT CA
MONTH: DECEMBER
YEAR: 2023
LATITUDE: 33 49 N
LONGITUDE: 116 30 W
TEMPERATURE IN F: :PCPN: SNOW: WIND :SUNSHINE: SKY :PK WND
================================================================================
1 2 3 4 5 6A 6B 7 8 9 10 11 12 13 14 15 16 17 18
12Z AVG MX 2MIN
DY MAX MIN AVG DEP HDD CDD WTR SNW DPTH SPD SPD DIR MIN PSBL S-S WX SPD DR
================================================================================
1 71 48 60 0 5 0 0.00 M M 3.7 12 340 M M 0 13 290
2 71 46 59 -1 6 0 0.00 M M 2.8 9 350 M M 0 14 290
3 72 45 59 0 6 0 0.00 M M 4.2 10 340 M M 0 12 340
4 74 49 62 3 3 0 0.00 M M 4.6 9 320 M M 0 15 310
5 84 55 70 11 0 5 0.00 M M 5.4 10 330 M M 0 13 290
6 82 54 68 10 0 3 0.00 M M 3.9 10 330 M M 0 13 130
7 78 50 64 6 1 0 0.00 M M 7.0 22 320 M M 0 28 320
8 76 49 63 5 2 0 0.00 M M 4.6 14 330 M M 0 18 330
9 69 52 61 3 4 0 0.00 M M 5.2 12 320 M M 0 15 310
10 72 45 59 1 6 0 0.00 M M 4.6 10 330 M M 0 14 310
11 72 45 59 1 6 0 0.00 M M 3.9 9 330 M M 0 12 300
12 72 44 58 1 7 0 0.00 M M 3.8 10 330 M M 0 12 330
13 75 45 60 3 5 0 0.00 M M 5.6 13 230 M M 0 17 230
14 76 48 62 5 3 0 0.00 M M 4.9 12 340 M M 0 13 340
15 76 49 63 6 2 0 0.00 M M 5.1 9 330 M M 0 11 80
16 80 51 66 9 0 1 0.00 M M 5.8 12 330 M M 0 8 14 330
17 79 52 66 9 0 1 0.00 M M 4.0 9 330 M M 0 11 330
18 76 53 65 8 0 0 T M M 4.4 12 110 M M 1 14 320
19 73 53 63 6 2 0 0.00 M M 3.2 9 90 M M 2 12 120
20 74 52 63 6 2 0 T M M 3.0 8 130 M M 4 10 120
21 72 55 64 7 1 0 0.00 M M 3.5 9 110 M M 6 12 110
22 63 52 58 1 7 0 0.17 M M 4.5 16 350 M M 8 13 19 340
23 70 49 60 3 5 0 0.00 M M 2.2 7 140 M M 0 10 300
24 69 47 58 1 7 0 0.00 M M 3.3 9 110 M M 0 12 110
25 70 47 59 2 6 0 0.00 M M 3.5 12 340 M M 0 17 260
26 71 48 60 3 5 0 0.00 M M 3.1 10 330 M M 0 12 300
27 68 50 59 2 6 0 0.00 M M 4.0 9 310 M M 0 13 290
28 72 49 61 3 4 0 0.00 M M 3.5 9 340 M M 0 10 330
29 71 50 61 3 4 0 0.00 M M 4.2 10 330 M M 0 12 310
30 71 46 59 1 6 0 T 0.0 0 4.4 20 340 M M 1 22 320
31 67 46 57 -1 8 0 0.00 0.0 0 1.4 8 110 M M 1 11 290
================================================================================
SM 2266 1524 119 10 0.17 0.0 127.3 M 23
================================================================================
AV 73.1 49.2 4.1 FASTST M M 1 MAX(MPH)
MISC ----> 22 320 28 320
================================================================================
NOTES:
# LAST OF SEVERAL OCCURRENCES
COLUMN 17 PEAK WIND IN M.P.H.
PRELIMINARY LOCAL CLIMATOLOGICAL DATA (WS FORM: F-6) , PAGE 2
STATION: PALM SPRINGS INTL AIRPORT CA
MONTH: DECEMBER
YEAR: 2023
LATITUDE: 33 49 N
LONGITUDE: 116 30 W
[TEMPERATURE DATA] [PRECIPITATION DATA] SYMBOLS USED IN COLUMN 16
AVERAGE MONTHLY: 61.1 TOTAL FOR MONTH: 0.17 1 = FOG OR MIST
DPTR FM NORMAL: 3.4 DPTR FM NORMAL: -0.51 2 = FOG REDUCING VISIBILITY
HIGHEST: 84 ON 5 GRTST 24HR 0.17 ON 22-22 TO 1/4 MILE OR LESS
LOWEST: 44 ON 12 3 = THUNDER
SNOW, ICE PELLETS, HAIL 4 = ICE PELLETS
TOTAL MONTH: 0.0 INCH 5 = HAIL
GRTST 24HR 0.0 6 = FREEZING RAIN OR DRIZZLE
GRTST DEPTH: 0 7 = DUSTSTORM OR SANDSTORM:
VSBY 1/2 MILE OR LESS
8 = SMOKE OR HAZE
[NO. OF DAYS WITH] [WEATHER - DAYS WITH] 9 = BLOWING SNOW
X = TORNADO
MAX 32 OR BELOW: 0 0.01 INCH OR MORE: 1
MAX 90 OR ABOVE: 0 0.10 INCH OR MORE: 1
MIN 32 OR BELOW: 0 0.50 INCH OR MORE: 0
MIN 0 OR BELOW: 0 1.00 INCH OR MORE: 0
[HDD (BASE 65) ]
TOTAL THIS MO. 119 CLEAR (SCALE 0-3) 28
DPTR FM NORMAL -114 PTCLDY (SCALE 4-7) 3
TOTAL FM JUL 1 141 CLOUDY (SCALE 8-10) 0
DPTR FM NORMAL -166
[CDD (BASE 65) ]
TOTAL THIS MO. 10
DPTR FM NORMAL 3 [PRESSURE DATA]
TOTAL FM JAN 1 4497 HIGHEST SLP 30.41 ON 9
DPTR FM NORMAL -104 LOWEST SLP 29.84 ON 20
[REMARKS]
#FINAL-12-23#