000
CXUS56 KSGX 281045
CF6PSP
PRELIMINARY LOCAL CLIMATOLOGICAL DATA (WS FORM: F-6)
STATION: PALM SPRINGS INTL AIRPORT CA
MONTH: MARCH
YEAR: 2024
LATITUDE: 33 49 N
LONGITUDE: 116 30 W
TEMPERATURE IN F: :PCPN: SNOW: WIND :SUNSHINE: SKY :PK WND
================================================================================
1 2 3 4 5 6A 6B 7 8 9 10 11 12 13 14 15 16 17 18
12Z AVG MX 2MIN
DY MAX MIN AVG DEP HDD CDD WTR SNW DPTH SPD SPD DIR MIN PSBL S-S WX SPD DR
================================================================================
1 77 51 64 0 1 0 T M M 5.2 21 330 M M 0 32 330
2 78 53 66 1 0 1 M M M 10.0 33 60 M M 4 8 48 140
3 73 51 62 -3 3 0 0.00 M M 7.1 25 330 M M 0 8 37 320
4 75 48 62 -3 3 0 0.00 M M 6.5 22 330 M M 0 28 340
5 77 50 64 -1 1 0 0.00 M M 5.4 17 330 M M 0 21 330
6 77 50 64 -2 1 0 0.00 M M 5.3 25 320 M M 2 33 330
7 73 52 63 -3 2 0 T M M 10.5 29 330 M M 4 36 330
8 81 51 66 0 0 1 0.00 M M 5.7 21 20 M M 1 25 360
9 80 49 65 -1 0 0 0.00 M M 5.1 13 340 M M 0 15 320
10 80 50 65 -1 0 0 0.00 M M 5.6 17 320 M M 0 22 320
11 80 52 66 -1 0 1 0.00 M M 7.5 21 320 M M 0 25 320
12 75 53 64 -3 1 0 0.00 M M 9.1 26 320 M M 0 37 320
13 80 52 66 -1 0 1 0.00 M M 7.3 18 320 M M 0 24 330
14 71 56 64 -3 1 0 0.00 M M 15.0 36 350 M M 6 78 45 350
15 62 50 56 -12 9 0 0.14 M M 4.6 15 80 M M 9 20 80
16 66 48 57 -11 8 0 T M M 4.1 15 10 M M 4 17 20
17 78 49 64 -4 1 0 0.00 M M 3.3 12 340 M M 1 15 330
18 76 55 66 -2 0 1 0.09 M M 5.8 22 140 M M 3 3 29 110
19 84 54 69 1 0 4 0.00 M M 5.4 14 340 M M 2 20 140
20 86 56 71 3 0 6 0.00 M M 4.5 13 90 M M 0 16 90
21 89 58 74 6 0 9 0.00 M M 5.3 18 320 M M 0 23 320
22 89 57 73 4 0 8 T M M 6.3 21 320 M M 0 28 310
23 78 57 68 -1 0 3 0.00 M M 10.2 23 90 M M 3 8 30 90
24 73 51 62 -7 3 0 0.02 M M 6.4 28 320 M M 2 38 37 300
25 78 48 63 -6 2 0 0.00 M M 6.6 25 340 M M 0 33 300
26 79 51 65 -4 0 0 0.00 M M 7.9 22 330 M M 0 28 330
27 80 52 66 -4 0 1 0.00 M M 3.5 13 110 M M 0 19 120
================================================================================
SM 2095 1404 36 36 0.25 M 179.2 M 41
================================================================================
AV 77.6 52.0 6.6 FASTST M M 2 MAX(MPH)
MISC ----> 36 350 48 140
================================================================================
NOTES:
# LAST OF SEVERAL OCCURRENCES
COLUMN 17 PEAK WIND IN M.P.H.
PRELIMINARY LOCAL CLIMATOLOGICAL DATA (WS FORM: F-6) , PAGE 2
STATION: PALM SPRINGS INTL AIRPORT CA
MONTH: MARCH
YEAR: 2024
LATITUDE: 33 49 N
LONGITUDE: 116 30 W
[TEMPERATURE DATA] [PRECIPITATION DATA] SYMBOLS USED IN COLUMN 16
AVERAGE MONTHLY: 64.8 TOTAL FOR MONTH: 0.25 1 = FOG OR MIST
DPTR FM NORMAL: -2.4 DPTR FM NORMAL: -0.24 2 = FOG REDUCING VISIBILITY
HIGHEST: 89 ON 22,21 GRTST 24HR 0.14 ON 15-15 TO 1/4 MILE OR LESS
LOWEST: 48 ON 25,16 3 = THUNDER
SNOW, ICE PELLETS, HAIL 4 = ICE PELLETS
TOTAL MONTH: M 5 = HAIL
GRTST 24HR M ON M 6 = FREEZING RAIN OR DRIZZLE
GRTST DEPTH: M ON M 7 = DUSTSTORM OR SANDSTORM:
VSBY 1/2 MILE OR LESS
8 = SMOKE OR HAZE
[NO. OF DAYS WITH] [WEATHER - DAYS WITH] 9 = BLOWING SNOW
X = TORNADO
MAX 32 OR BELOW: 0 0.01 INCH OR MORE: 3
MAX 90 OR ABOVE: 0 0.10 INCH OR MORE: 1
MIN 32 OR BELOW: 0 0.50 INCH OR MORE: 0
MIN 0 OR BELOW: 0 1.00 INCH OR MORE: 0
[HDD (BASE 65) ]
TOTAL THIS MO. 36 CLEAR (SCALE 0-3) 21
DPTR FM NORMAL -14 PTCLDY (SCALE 4-7) 5
TOTAL FM JUL 1 538 CLOUDY (SCALE 8-10) 1
DPTR FM NORMAL -144
[CDD (BASE 65) ]
TOTAL THIS MO. 36
DPTR FM NORMAL -72 [PRESSURE DATA]
TOTAL FM JAN 1 59 HIGHEST SLP M ON M
DPTR FM NORMAL -100 LOWEST SLP 29.61 ON 24
[REMARKS]