000
CXUS54 KHGX 030046
CF6PSX
PRELIMINARY LOCAL CLIMATOLOGICAL DATA (WS FORM: F-6)
STATION: PALACIOS
MONTH: MARCH
YEAR: 2024
LATITUDE: 28 43 N
LONGITUDE: 96 15 W
TEMPERATURE IN F: :PCPN: SNOW: WIND :SUNSHINE: SKY :PK WND
================================================================================
1 2 3 4 5 6A 6B 7 8 9 10 11 12 13 14 15 16 17 18
12Z AVG MX 2MIN
DY MAX MIN AVG DEP HDD CDD WTR SNW DPTH SPD SPD DIR MIN PSBL S-S WX SPD DR
================================================================================
1 65 50 58 -4 7 0 T 0.0 0 8.3 18 10 M M 8 1 22 360
2 70 58 64 2 1 0 0.00 0.0 0 5.2 14 120 M M 10 12 17 130
3 73 62 68 6 0 3 0.00 0.0 0 8.4 16 130 M M 10 12 20 130
4 77 67 72 9 0 7 0.00 0.0 0 9.2 16 160 M M 9 12 20 160
5 89 66 78 15 0 13 0.00 0.0 0 7.3 17 130 M M 5 128 22 130
6 75 64 70 7 0 5 0.00 0.0 0 8.4 14 140 M M 7 12 19 140
7 77 64 71 8 0 6 0.00 0.0 0 13.2 22 120 M M 8 1 29 130
8 82 67 75 12 0 10 T 0.0 0 11.4 32 360 M M 6 18 40 10
9 67 47 57 -7 8 0 0.00 0.0 0 18.1 33 350 M M 2 41 350
10 68 43 56 -8 9 0 0.00 0.0 0 7.1 15 70 M M 0 19 70
11 70 56 63 -1 2 0 0.00 0.0 0 7.3 15 110 M M 3 M M
12 75 62 69 5 0 4 0.00 0.0 0 M M M M M M M M
13 76 69 73 9 0 8 0.00 0.0 0 M M M M M M M M
14 79 72 76 11 0 11 T 0.0 0 16.4 25 140 M M 8 1 37 130
15 82 69 76 11 0 11 T 0.0 0 11.5 22 60 M M 7 13 29 50
16 83 68 76 11 0 11 0.04 0.0 0 11.7 21 110 M M 5 13 27 110
17 75 65 70 5 0 5 0.37 0.0 0 12.7 23 10 M M 9 13 29 360
18 72 50 61 -4 4 0 T 0.0 0 15.6 29 50 M M 6 37 40
19 63 47 55 -11 10 0 T 0.0 0 5.2 13 50 M M 6 17 30
20 69 55 62 -4 3 0 T 0.0 0 10.0 17 110 M M 10 21 110
21 70 66 68 2 0 3 1.50 0.0 0 12.5 24 100 M M 10 13 32 100
22 80 61 71 5 0 6 0.00 0.0 0 10.8 25 10 M M 5 123 33 10
23 75 53 64 -2 1 0 0.00 0.0 0 9.1 16 180 M M 0 20 150
24 75 62 69 2 0 4 0.00 0.0 0 16.8 29 140 M M 4 38 140
25 78 58 68 1 0 3 T 0.0 0 11.9 22 170 M M 7 30 170
26 72 53 63 -4 2 0 0.00 0.0 0 10.7 26 350 M M 0 33 340
27 73 48 61 -6 4 0 0.00 0.0 0 8.8 25 340 M M 2 33 350
28 73 49 61 -7 4 0 0.00 0.0 0 8.6 17 150 M M 0 1 21 140
29 76 65 71 3 0 6 0.00 0.0 0 14.9 25 150 M M 1 32 150
30 78 64 71 3 0 6 0.00 0.0 0 12.0 21 140 M M 5 27 160
31 79 70 75 7 0 10 T 0.0 0 13.9 23 140 M M 9 1 30 150
================================================================================
SM 2316 1850 55 132 1.91 0.0 317.0 M 162
================================================================================
AV 74.7 59.7 10.9 FASTST M M 6 MAX(MPH)
MISC ----> 33 350 41 350
================================================================================
NOTES:
# LAST OF SEVERAL OCCURRENCES
COLUMN 17 PEAK WIND IN M.P.H.
PRELIMINARY LOCAL CLIMATOLOGICAL DATA (WS FORM: F-6) , PAGE 2
STATION: PALACIOS
MONTH: MARCH
YEAR: 2024
LATITUDE: 28 43 N
LONGITUDE: 96 15 W
[TEMPERATURE DATA] [PRECIPITATION DATA] SYMBOLS USED IN COLUMN 16
AVERAGE MONTHLY: 67.2 TOTAL FOR MONTH: 1.91 1 = FOG OR MIST
DPTR FM NORMAL: 2.2 DPTR FM NORMAL: -0.80 2 = FOG REDUCING VISIBILITY
HIGHEST: 89 ON 5 GRTST 24HR 1.50 ON 20-21 TO 1/4 MILE OR LESS
LOWEST: 43 ON 10 3 = THUNDER
SNOW, ICE PELLETS, HAIL 4 = ICE PELLETS
TOTAL MONTH: 0.0 INCH 5 = HAIL
GRTST 24HR 0.0 6 = FREEZING RAIN OR DRIZZLE
GRTST DEPTH: 0 7 = DUSTSTORM OR SANDSTORM:
VSBY 1/2 MILE OR LESS
8 = SMOKE OR HAZE
[NO. OF DAYS WITH] [WEATHER - DAYS WITH] 9 = BLOWING SNOW
X = TORNADO
MAX 32 OR BELOW: 0 0.01 INCH OR MORE: 3
MAX 90 OR ABOVE: 0 0.10 INCH OR MORE: 2
MIN 32 OR BELOW: 0 0.50 INCH OR MORE: 1
MIN 0 OR BELOW: 0 1.00 INCH OR MORE: 1
[HDD (BASE 65) ]
TOTAL THIS MO. 55 CLEAR (SCALE 0-3) 8
DPTR FM NORMAL -39 PTCLDY (SCALE 4-7) 14
TOTAL FM JUL 1 949 CLOUDY (SCALE 8-10) 9
DPTR FM NORMAL -35
[CDD (BASE 65) ]
TOTAL THIS MO. 132
DPTR FM NORMAL 36 [PRESSURE DATA]
TOTAL FM JAN 1 162 HIGHEST SLP 30.30 ON 19
DPTR FM NORMAL 16 LOWEST SLP 29.46 ON 25
[REMARKS]
#FINAL-03-24#