564
CXUS54 KHGX 310709
CF6PSX
PRELIMINARY LOCAL CLIMATOLOGICAL DATA (WS FORM: F-6)
STATION: PALACIOS
MONTH: APRIL
YEAR: 2020
LATITUDE: 28 43 N
LONGITUDE: 96 15 W
TEMPERATURE IN F: :PCPN: SNOW: WIND :SUNSHINE: SKY :PK WND
================================================================================
1 2 3 4 5 6A 6B 7 8 9 10 11 12 13 14 15 16 17 18
12Z AVG MX 2MIN
DY MAX MIN AVG DEP HDD CDD WTR SNW DPTH SPD SPD DIR MIN PSBL S-S WX SPD DR
================================================================================
1 74 51 63 -3 2 0 0.00 0.0 0 10.8 20 130 M M 1 26 130
2 78 68 73 6 0 8 T 0.0 0 12.7 23 130 M M 5 28 140
3 82 71 77 10 0 12 0.01 0.0 0 11.8 22 110 M M 9 1 25 110
4 71 52 62 -5 3 0 0.51 0.0 0 14.1 25 10 M M 10 13 32 10
5 75 57 66 -1 0 1 0.00 0.0 0 12.2 20 100 M M 8 18 25 110
6 80 64 72 4 0 7 T 0.0 0 7.4 17 100 M M 10 12 20 110
7 82 72 77 9 0 12 0.00 0.0 0 6.9 15 170 M M 6 12 18 180
8 84 74 79 11 0 14 0.00 0.0 0 7.9 15 170 M M 6 1 18 180
9 82 69 76 8 0 11 0.04 0.0 0 8.4 22 340 M M 5 18 26 350
10 81 69 75 6 0 10 0.00 0.0 0 13.1 22 110 M M 4 18 29 110
11 83 69 76 7 0 11 0.00 0.0 0 15.6 25 130 M M 7 18 33 130
12 94 61 78 9 0 13 0.00 0.0 0 15.1 32 290 M M 5 18 43 280
13 74 53 64 -5 1 0 0.00 0.0 0 14.9 26 350 M M 0 33 10
14 74 52 63 -7 2 0 0.00 0.0 0 16.8 26 10 M M 3 32 20
15 72 48 60 -10 5 0 0.00 0.0 0 8.6 17 20 M M 0 22 40
16 77 48 63 -7 2 0 0.00 0.0 0 10.8 22 140 M M 1 26 120
17 81 69 75 5 0 10 0.23 0.0 0 8.4 16 150 M M 9 138 20 150
18 75 59 67 -3 0 2 0.11 0.0 0 11.6 16 360 M M 9 12 M M
19 80 68 74 3 0 9 0.02 0.0 0 7.9 16 180 M M 8 1238 23 180
20 88 62 75 4 0 10 0.00 0.0 0 8.6 18 140 M M 4 12 22 110
21 84 70 77 6 0 12 0.00 0.0 0 11.7 21 100 M M 4 18 26 110
22 83 74 79 7 0 14 0.00 0.0 0 14.4 26 160 M M 9 18 33 160
23 92 65 79 7 0 14 0.00 0.0 0 10.6 26 350 M M 3 18 32 340
24 84 62 73 1 0 8 0.00 0.0 0 9.6 21 350 M M 1 12 29 10
25 86 61 74 2 0 9 T 0.0 0 11.0 25 360 M M 2 1 30 20
26 84 62 73 1 0 8 0.00 0.0 0 10.2 20 130 M M 3 24 150
27 82 69 76 3 0 11 0.00 0.0 0 14.1 23 150 M M 6 29 70
28 85 76 81 8 0 16 0.00 0.0 0 14.9 23 150 M M 10 138 28 160
29 83 63 73 0 0 8 0.72 0.0 0 11.6 37 330 M M 5 138 47 330
30 84 55 70 -3 0 5 0.00 0.0 0 7.1 14 30 M M 0 8 20 30
================================================================================
SM 2434 1893 15 235 1.64 0.0 338.8 M 153
================================================================================
AV 81.1 63.1 11.3 FASTST M M 5 MAX(MPH)
MISC ----> # 37 330 # 47 330
================================================================================
NOTES:
# LAST OF SEVERAL OCCURRENCES
COLUMN 17 PEAK WIND IN M.P.H.
PRELIMINARY LOCAL CLIMATOLOGICAL DATA (WS FORM: F-6) , PAGE 2
STATION: PALACIOS
MONTH: APRIL
YEAR: 2020
LATITUDE: 28 43 N
LONGITUDE: 96 15 W
[TEMPERATURE DATA] [PRECIPITATION DATA] SYMBOLS USED IN COLUMN 16
AVERAGE MONTHLY: 72.1 TOTAL FOR MONTH: 1.64 1 = FOG OR MIST
DPTR FM NORMAL: 2.2 DPTR FM NORMAL: -0.96 2 = FOG REDUCING VISIBILITY
HIGHEST: 94 ON 12 GRTST 24HR 0.72 ON 29-29 TO 1/4 MILE OR LESS
LOWEST: 48 ON 16,15 3 = THUNDER
SNOW, ICE PELLETS, HAIL 4 = ICE PELLETS
TOTAL MONTH: 0.0 INCH 5 = HAIL
GRTST 24HR 0.0 6 = FREEZING RAIN OR DRIZZLE
GRTST DEPTH: 0 7 = DUSTSTORM OR SANDSTORM:
VSBY 1/2 MILE OR LESS
8 = SMOKE OR HAZE
[NO. OF DAYS WITH] [WEATHER - DAYS WITH] 9 = BLOWING SNOW
X = TORNADO
MAX 32 OR BELOW: 0 0.01 INCH OR MORE: 7
MAX 90 OR ABOVE: 2 0.10 INCH OR MORE: 4
MIN 32 OR BELOW: 0 0.50 INCH OR MORE: 2
MIN 0 OR BELOW: 0 1.00 INCH OR MORE: 0
[HDD (BASE 65) ]
TOTAL THIS MO. 15 CLEAR (SCALE 0-3) 9
DPTR FM NORMAL -15 PTCLDY (SCALE 4-7) 14
TOTAL FM JUL 1 848 CLOUDY (SCALE 8-10) 7
DPTR FM NORMAL -347
[CDD (BASE 65) ]
TOTAL THIS MO. 235
DPTR FM NORMAL 58 [PRESSURE DATA]
TOTAL FM JAN 1 504 HIGHEST SLP 30.22 ON 15
DPTR FM NORMAL 236 LOWEST SLP 29.50 ON 12
[REMARKS]
#FINAL-04-20#